{"id":618,"date":"2019-02-12T16:08:34","date_gmt":"2019-02-12T18:08:34","guid":{"rendered":"https:\/\/wp.ufpel.edu.br\/paliativomercosul\/?page_id=618"},"modified":"2019-06-16T08:40:50","modified_gmt":"2019-06-16T11:40:50","slug":"inscricao-2","status":"publish","type":"page","link":"https:\/\/wp.ufpel.edu.br\/paliativomercosul\/inscricao-2","title":{"rendered":"Inscri\u00e7\u00f5es no Congresso"},"content":{"rendered":"<p style=\"padding-left: 160px;text-align: center\">\n<table style=\"width: 559px;height: 637px\">\n<tbody>\n<tr style=\"height: 34px\">\n<td style=\"width: 240px;height: 34px;text-align: left\"><strong><span style=\"color: #ffffff\"><span style=\"font-size: 12pt;background-color: #ff0000\"><a style=\"background-color: #ff0000;color: #ffffff\" href=\"https:\/\/doity.com.br\/comunidades-cuidativas#registration\"><span style=\"font-size: 14pt;background-color: #ff0000\">INSCRI\u00c7\u00d5ES CONGRESSO<\/span><\/a><\/span><\/span><\/strong><\/td>\n<td style=\"width: 319px;height: 34px;text-align: center\">\n<p><strong><span style=\"color: #ffffff\"><a style=\"color: #ffffff\" href=\"https:\/\/doity.com.br\/comunidades-cuidativas#registration\"><span style=\"background-color: #ff0000\"><span style=\"font-size: 14pt\"><span style=\"background-color: #ff0000\">\u00a0VALORES ATUAIS AT\u00c9 02\/06\u00a0 <\/span><\/span><\/span><\/a><\/span><\/strong><span style=\"font-size: 14pt;background-color: #ff0000\"><strong><span style=\"color: #ffffff\"><a style=\"background-color: #ff0000;color: #ffffff\" href=\"https:\/\/doity.com.br\/comunidades-cuidativas#registration\">&#8211; ATIVADO<\/a><\/span><\/strong><\/span><\/p>\n<p>&nbsp;<\/td>\n<td style=\"width: 398px;height: 34px;text-align: center\" rowspan=\"5\">\n<p><span style=\"color: #ffffff;background-color: #ffffff\"><span style=\"color: #ffffff;background-color: #ffffff\"><strong>0,0<\/strong><\/span><\/span><a href=\"https:\/\/doity.com.br\/comunidades-cuidativas#registration\"><span style=\"color: #0000ff;font-size: 24pt\">INSCRI\u00c7\u00d5ES EM GRUPOS AFINS DE CINCO PESSOAS : <\/span><\/a><\/p>\n<p><span style=\"font-size: 24pt\"><a href=\"https:\/\/doity.com.br\/comunidades-cuidativas#registration\"><span style=\"color: #0000ff;background-color: #ccffcc\"><span style=\"background-color: #ccffcc\">Redu\u00e7\u00e3o de 30% para cada congressista<\/span>\u00a0<\/span><\/a><\/span><\/p>\n<p><a href=\"https:\/\/doity.com.br\/comunidades-cuidativas#registration\"><span style=\"background-color: #ccffcc;font-size: 24pt\"><strong><span style=\"color: #0000ff\">FORME O SEU GRUPO E INSREVA-SE J\u00c1!<\/span><\/strong><\/span><\/a><\/p>\n<p><span style=\"color: #ffffff;background-color: #ffffff\"><strong>0<\/strong><strong><br \/>\n<\/strong><\/span><\/td>\n<\/tr>\n<tr style=\"height: 134px\">\n<td style=\"width: 240px;height: 21px;text-align: center\">\n<p style=\"text-align: left\"><strong><span style=\"color: #ffffff\"><span style=\"background-color: #ff0000\"><a style=\"background-color: #ff0000;color: #ffffff\" href=\"https:\/\/doity.com.br\/comunidades-cuidativas#registration\">PROFISSIONAIS\u00a0 N\u00cdVEL SUPERIOR <\/a><\/span><\/span><\/strong><\/p>\n<p>&nbsp;<\/td>\n<td style=\"width: 319px;height: 21px\">\n<p style=\"text-align: center\"><span style=\"background-color: #ff6600\"><strong><span style=\"color: #ffffff\"><a style=\"background-color: #ff6600;color: #ffffff\" href=\"https:\/\/doity.com.br\/comunidades-cuidativas#registration\"><span style=\"font-size: 18pt;background-color: #ff6600\"><span style=\"color: #000000\"><span style=\"background-color: #ff9900\">R$ 360,00<\/span><\/span><\/span><\/a><\/span><\/strong><\/span><\/p>\n<p style=\"text-align: center\">\n<\/td>\n<\/tr>\n<tr style=\"height: 117px\">\n<td style=\"width: 240px;height: 64px;text-align: center\">\n<p style=\"text-align: left\"><strong><span style=\"color: #ffffff\"><span style=\"background-color: #ff0000\"><a style=\"background-color: #ff0000;color: #ffffff\" href=\"https:\/\/doity.com.br\/comunidades-cuidativas#registration\">PROFISSIONAIS \/ T\u00c9CNICOS N\u00cdVEL M\u00c9DIO<\/a><\/span><\/span><\/strong><\/p>\n<p>&nbsp;<\/td>\n<td style=\"width: 319px;height: 64px\">\n<p style=\"text-align: center\"><strong><span style=\"color: #ffffff\"><span style=\"background-color: #ff0000\"><a style=\"background-color: #ff0000;color: #ffffff\" href=\"https:\/\/doity.com.br\/comunidades-cuidativas#registration\"><span style=\"font-size: 18pt\"><span style=\"color: #000000\"><span style=\"background-color: #ff0000\"><span style=\"background-color: #ff9900\">R$ 250,00<\/span><\/span><\/span><\/span><\/a><\/span><\/span><\/strong><\/p>\n<p style=\"text-align: center\">\n<\/td>\n<\/tr>\n<tr style=\"height: 117px\">\n<td style=\"width: 240px;height: 71px;text-align: center\">\n<p style=\"text-align: left\"><strong><span style=\"color: #ffffff\"><span style=\"background-color: #ff0000\"><a style=\"background-color: #ff0000;color: #ffffff\" href=\"https:\/\/doity.com.br\/comunidades-cuidativas#registration\">ESTUDANTES P\u00d3S GRADUA\u00c7\u00c3O <\/a><\/span><\/span><\/strong><\/p>\n<p>&nbsp;<\/td>\n<td style=\"width: 319px;height: 71px\">\n<p style=\"text-align: center\"><strong><span style=\"color: #ffffff\"><span style=\"background-color: #ff0000\"><a style=\"background-color: #ff0000;color: #ffffff\" href=\"https:\/\/doity.com.br\/comunidades-cuidativas#registration\"><span style=\"font-size: 18pt\"><span style=\"color: #000000\"><span style=\"background-color: #ff0000\"><span style=\"background-color: #ff9900\">R$ 280,00<\/span><\/span><\/span><\/span><\/a><\/span><\/span><\/strong><\/p>\n<p style=\"text-align: center\">\n<\/td>\n<\/tr>\n<tr style=\"height: 67px\">\n<td style=\"width: 240px;height: 67px;text-align: center\">\n<p style=\"text-align: left\"><strong><span style=\"color: #ffffff\"><span style=\"background-color: #ff0000\"><a style=\"background-color: #ff0000;color: #ffffff\" href=\"https:\/\/doity.com.br\/comunidades-cuidativas#registration\">ESTUDANTES\u00a0 GRADUA\u00c7\u00c3O<\/a><\/span><\/span><\/strong><\/p>\n<p>&nbsp;<\/td>\n<td style=\"width: 319px;height: 67px\">\n<p style=\"text-align: center\"><strong><span style=\"color: #ffffff\"><span style=\"background-color: #ff0000\"><a style=\"background-color: #ff0000;color: #ffffff\" href=\"https:\/\/doity.com.br\/comunidades-cuidativas#registration\"><span style=\"font-size: 18pt\"><span style=\"color: #000000\"><span style=\"background-color: #ff0000\"><span style=\"background-color: #ff9900\">R$ 180,00<\/span><\/span><\/span><\/span><\/a><\/span><\/span><\/strong><\/p>\n<p style=\"text-align: center\">\n<\/td>\n<\/tr>\n<\/tbody>\n<\/table>\n<p>&nbsp;<\/p>\n","protected":false},"excerpt":{"rendered":"<p>INSCRI\u00c7\u00d5ES CONGRESSO \u00a0VALORES ATUAIS AT\u00c9 02\/06\u00a0 &#8211; ATIVADO &nbsp; 0,0INSCRI\u00c7\u00d5ES EM GRUPOS AFINS DE CINCO PESSOAS : Redu\u00e7\u00e3o de 30% para cada congressista\u00a0 FORME O SEU GRUPO E INSREVA-SE J\u00c1! 0 PROFISSIONAIS\u00a0 N\u00cdVEL SUPERIOR &nbsp; R$ 360,00 PROFISSIONAIS \/ T\u00c9CNICOS N\u00cdVEL M\u00c9DIO &nbsp; R$ 250,00 ESTUDANTES P\u00d3S GRADUA\u00c7\u00c3O &nbsp; R$ 280,00 ESTUDANTES\u00a0 GRADUA\u00c7\u00c3O &nbsp; R$ &hellip; <a href=\"https:\/\/wp.ufpel.edu.br\/paliativomercosul\/inscricao-2\" class=\"more-link\">Continue lendo <span class=\"screen-reader-text\">Inscri\u00e7\u00f5es no Congresso<\/span> <span class=\"meta-nav\">&rarr;<\/span><\/a><\/p>\n","protected":false},"author":902,"featured_media":0,"parent":0,"menu_order":0,"comment_status":"closed","ping_status":"closed","template":"","meta":{"footnotes":""},"class_list":["post-618","page","type-page","status-publish","hentry"],"yoast_head":"<!-- This site is optimized with the Yoast SEO plugin v26.7 - https:\/\/yoast.com\/wordpress\/plugins\/seo\/ -->\n<title>Inscri\u00e7\u00f5es COMUNIDADES CUIDATIVAS DO MERCOSUL: &quot;TODAS PARA OS CUIDADOS PALIATIVOS&quot; Congresso - de Cuidados Paliativos - do Mercosul Inscri\u00e7\u00f5es no Congresso Comunidades Cuidativas: - Todas para os Cuidados Paliativos Mesas Redondas Confer\u00eancias Minicursos Trabalhos Cient\u00edficos<\/title>\n<meta name=\"description\" content=\"COMUNIDADES CUIDATIVAS DO MERCOSUL: &quot;TODAS PARA OS CUIDADOS PALIATIVOS&quot; Congresso de Cuidados Paliativos do Mercosul Inscri\u00e7\u00f5es no Congresso Comunidades Cuidativas: - Todas para os Cuidados Paliativos Mesas Redondas Confer\u00eancias Minicursos Trabalhos Cient\u00edficos\" \/>\n<meta name=\"robots\" content=\"index, follow, max-snippet:-1, max-image-preview:large, max-video-preview:-1\" \/>\n<link rel=\"canonical\" href=\"https:\/\/wp.ufpel.edu.br\/paliativomercosul\/inscricao-2\" \/>\n<meta property=\"og:locale\" content=\"pt_BR\" \/>\n<meta property=\"og:type\" content=\"article\" \/>\n<meta property=\"og:title\" content=\"Inscreva-se no Congresso de Cuidados Paliativos do Mercosul\" \/>\n<meta property=\"og:description\" content=\"Doe R$ 100,00 para Elevador - Plataforma para PCDs na CuidATIVA e ganhe desconto na inscri\u00e7\u00e3o. Promo\u00e7\u00e3o v\u00e1lida at\u00e9 28\/05.\" \/>\n<meta property=\"og:url\" content=\"https:\/\/wp.ufpel.edu.br\/paliativomercosul\/inscricao-2\" \/>\n<meta property=\"og:site_name\" content=\"COMUNIDADES CUIDATIVAS DO MERCOSUL: &quot;TODAS PARA OS CUIDADOS PALIATIVOS&quot;\" \/>\n<meta property=\"article:modified_time\" content=\"2019-06-16T11:40:50+00:00\" \/>\n<meta property=\"og:image\" content=\"https:\/\/wp.ufpel.edu.br\/paliativomercosul\/files\/2019\/02\/PALIATIVO-MERCOSUL-3.png\" \/>\n\t<meta property=\"og:image:width\" content=\"2245\" \/>\n\t<meta property=\"og:image:height\" content=\"1587\" \/>\n\t<meta property=\"og:image:type\" content=\"image\/png\" \/>\n<meta name=\"twitter:card\" content=\"summary_large_image\" \/>\n<script type=\"application\/ld+json\" class=\"yoast-schema-graph\">{\"@context\":\"https:\/\/schema.org\",\"@graph\":[{\"@type\":\"WebPage\",\"@id\":\"https:\/\/wp.ufpel.edu.br\/paliativomercosul\/inscricao-2\",\"url\":\"https:\/\/wp.ufpel.edu.br\/paliativomercosul\/inscricao-2\",\"name\":\"Inscri\u00e7\u00f5es COMUNIDADES CUIDATIVAS DO MERCOSUL: &quot;TODAS PARA OS CUIDADOS PALIATIVOS&quot; Congresso - de Cuidados Paliativos - do Mercosul Inscri\u00e7\u00f5es no Congresso Comunidades Cuidativas: - Todas para os Cuidados Paliativos Mesas Redondas Confer\u00eancias Minicursos Trabalhos Cient\u00edficos\",\"isPartOf\":{\"@id\":\"https:\/\/wp.ufpel.edu.br\/paliativomercosul\/#website\"},\"datePublished\":\"2019-02-12T18:08:34+00:00\",\"dateModified\":\"2019-06-16T11:40:50+00:00\",\"description\":\"COMUNIDADES CUIDATIVAS DO MERCOSUL: &quot;TODAS PARA OS CUIDADOS PALIATIVOS&quot; Congresso de Cuidados Paliativos do Mercosul Inscri\u00e7\u00f5es no Congresso Comunidades Cuidativas: - Todas para os Cuidados Paliativos Mesas Redondas Confer\u00eancias Minicursos Trabalhos Cient\u00edficos\",\"breadcrumb\":{\"@id\":\"https:\/\/wp.ufpel.edu.br\/paliativomercosul\/inscricao-2#breadcrumb\"},\"inLanguage\":\"pt-BR\",\"potentialAction\":[{\"@type\":\"ReadAction\",\"target\":[\"https:\/\/wp.ufpel.edu.br\/paliativomercosul\/inscricao-2\"]}]},{\"@type\":\"BreadcrumbList\",\"@id\":\"https:\/\/wp.ufpel.edu.br\/paliativomercosul\/inscricao-2#breadcrumb\",\"itemListElement\":[{\"@type\":\"ListItem\",\"position\":1,\"name\":\"In\u00edcio\",\"item\":\"https:\/\/wp.ufpel.edu.br\/paliativomercosul\"},{\"@type\":\"ListItem\",\"position\":2,\"name\":\"Inscri\u00e7\u00f5es no Congresso\"}]},{\"@type\":\"WebSite\",\"@id\":\"https:\/\/wp.ufpel.edu.br\/paliativomercosul\/#website\",\"url\":\"https:\/\/wp.ufpel.edu.br\/paliativomercosul\/\",\"name\":\"CONGRESSO DE CUIDADOS PALIATIVOS DO MERCOSUL - COMUNIDADES CUIDATIVAS DO MERCOSUL: &quot;TODAS PARA OS CUIDADOS PALIATIVOS&quot;\",\"description\":\"Nos dias 13 a 15 de junho de 2019 venham participar dos debates sobre Cuidados Paliativos, com as COMUNIDADES CUIDATIVAS DO MERCOSUL, em Pelotas - RS - Brasil\",\"publisher\":{\"@id\":\"https:\/\/wp.ufpel.edu.br\/paliativomercosul\/#organization\"},\"potentialAction\":[{\"@type\":\"SearchAction\",\"target\":{\"@type\":\"EntryPoint\",\"urlTemplate\":\"https:\/\/wp.ufpel.edu.br\/paliativomercosul\/?s={search_term_string}\"},\"query-input\":{\"@type\":\"PropertyValueSpecification\",\"valueRequired\":true,\"valueName\":\"search_term_string\"}}],\"inLanguage\":\"pt-BR\"},{\"@type\":\"Organization\",\"@id\":\"https:\/\/wp.ufpel.edu.br\/paliativomercosul\/#organization\",\"name\":\"Instituto Cuidativo\",\"url\":\"https:\/\/wp.ufpel.edu.br\/paliativomercosul\/\",\"logo\":{\"@type\":\"ImageObject\",\"inLanguage\":\"pt-BR\",\"@id\":\"https:\/\/wp.ufpel.edu.br\/paliativomercosul\/#\/schema\/logo\/image\/\",\"url\":\"https:\/\/wp.ufpel.edu.br\/paliativomercosul\/files\/2019\/02\/Instituto-Cuidativo.jpg\",\"contentUrl\":\"https:\/\/wp.ufpel.edu.br\/paliativomercosul\/files\/2019\/02\/Instituto-Cuidativo.jpg\",\"width\":1024,\"height\":710,\"caption\":\"Instituto Cuidativo\"},\"image\":{\"@id\":\"https:\/\/wp.ufpel.edu.br\/paliativomercosul\/#\/schema\/logo\/image\/\"}}]}<\/script>\n<!-- \/ Yoast SEO plugin. -->","yoast_head_json":{"title":"Inscri\u00e7\u00f5es COMUNIDADES CUIDATIVAS DO MERCOSUL: &quot;TODAS PARA OS CUIDADOS PALIATIVOS&quot; Congresso - de Cuidados Paliativos - do Mercosul Inscri\u00e7\u00f5es no Congresso Comunidades Cuidativas: - Todas para os Cuidados Paliativos Mesas Redondas Confer\u00eancias Minicursos Trabalhos Cient\u00edficos","description":"COMUNIDADES CUIDATIVAS DO MERCOSUL: &quot;TODAS PARA OS CUIDADOS PALIATIVOS&quot; Congresso de Cuidados Paliativos do Mercosul Inscri\u00e7\u00f5es no Congresso Comunidades Cuidativas: - Todas para os Cuidados Paliativos Mesas Redondas Confer\u00eancias Minicursos Trabalhos Cient\u00edficos","robots":{"index":"index","follow":"follow","max-snippet":"max-snippet:-1","max-image-preview":"max-image-preview:large","max-video-preview":"max-video-preview:-1"},"canonical":"https:\/\/wp.ufpel.edu.br\/paliativomercosul\/inscricao-2","og_locale":"pt_BR","og_type":"article","og_title":"Inscreva-se no Congresso de Cuidados Paliativos do Mercosul","og_description":"Doe R$ 100,00 para Elevador - Plataforma para PCDs na CuidATIVA e ganhe desconto na inscri\u00e7\u00e3o. Promo\u00e7\u00e3o v\u00e1lida at\u00e9 28\/05.","og_url":"https:\/\/wp.ufpel.edu.br\/paliativomercosul\/inscricao-2","og_site_name":"COMUNIDADES CUIDATIVAS DO MERCOSUL: &quot;TODAS PARA OS CUIDADOS PALIATIVOS&quot;","article_modified_time":"2019-06-16T11:40:50+00:00","og_image":[{"width":2245,"height":1587,"url":"https:\/\/wp.ufpel.edu.br\/paliativomercosul\/files\/2019\/02\/PALIATIVO-MERCOSUL-3.png","type":"image\/png"}],"twitter_card":"summary_large_image","schema":{"@context":"https:\/\/schema.org","@graph":[{"@type":"WebPage","@id":"https:\/\/wp.ufpel.edu.br\/paliativomercosul\/inscricao-2","url":"https:\/\/wp.ufpel.edu.br\/paliativomercosul\/inscricao-2","name":"Inscri\u00e7\u00f5es COMUNIDADES CUIDATIVAS DO MERCOSUL: &quot;TODAS PARA OS CUIDADOS PALIATIVOS&quot; Congresso - de Cuidados Paliativos - do Mercosul Inscri\u00e7\u00f5es no Congresso Comunidades Cuidativas: - Todas para os Cuidados Paliativos Mesas Redondas Confer\u00eancias Minicursos Trabalhos Cient\u00edficos","isPartOf":{"@id":"https:\/\/wp.ufpel.edu.br\/paliativomercosul\/#website"},"datePublished":"2019-02-12T18:08:34+00:00","dateModified":"2019-06-16T11:40:50+00:00","description":"COMUNIDADES CUIDATIVAS DO MERCOSUL: &quot;TODAS PARA OS CUIDADOS PALIATIVOS&quot; Congresso de Cuidados Paliativos do Mercosul Inscri\u00e7\u00f5es no Congresso Comunidades Cuidativas: - Todas para os Cuidados Paliativos Mesas Redondas Confer\u00eancias Minicursos Trabalhos Cient\u00edficos","breadcrumb":{"@id":"https:\/\/wp.ufpel.edu.br\/paliativomercosul\/inscricao-2#breadcrumb"},"inLanguage":"pt-BR","potentialAction":[{"@type":"ReadAction","target":["https:\/\/wp.ufpel.edu.br\/paliativomercosul\/inscricao-2"]}]},{"@type":"BreadcrumbList","@id":"https:\/\/wp.ufpel.edu.br\/paliativomercosul\/inscricao-2#breadcrumb","itemListElement":[{"@type":"ListItem","position":1,"name":"In\u00edcio","item":"https:\/\/wp.ufpel.edu.br\/paliativomercosul"},{"@type":"ListItem","position":2,"name":"Inscri\u00e7\u00f5es no Congresso"}]},{"@type":"WebSite","@id":"https:\/\/wp.ufpel.edu.br\/paliativomercosul\/#website","url":"https:\/\/wp.ufpel.edu.br\/paliativomercosul\/","name":"CONGRESSO DE CUIDADOS PALIATIVOS DO MERCOSUL - COMUNIDADES CUIDATIVAS DO MERCOSUL: &quot;TODAS PARA OS CUIDADOS PALIATIVOS&quot;","description":"Nos dias 13 a 15 de junho de 2019 venham participar dos debates sobre Cuidados Paliativos, com as COMUNIDADES CUIDATIVAS DO MERCOSUL, em Pelotas - RS - Brasil","publisher":{"@id":"https:\/\/wp.ufpel.edu.br\/paliativomercosul\/#organization"},"potentialAction":[{"@type":"SearchAction","target":{"@type":"EntryPoint","urlTemplate":"https:\/\/wp.ufpel.edu.br\/paliativomercosul\/?s={search_term_string}"},"query-input":{"@type":"PropertyValueSpecification","valueRequired":true,"valueName":"search_term_string"}}],"inLanguage":"pt-BR"},{"@type":"Organization","@id":"https:\/\/wp.ufpel.edu.br\/paliativomercosul\/#organization","name":"Instituto Cuidativo","url":"https:\/\/wp.ufpel.edu.br\/paliativomercosul\/","logo":{"@type":"ImageObject","inLanguage":"pt-BR","@id":"https:\/\/wp.ufpel.edu.br\/paliativomercosul\/#\/schema\/logo\/image\/","url":"https:\/\/wp.ufpel.edu.br\/paliativomercosul\/files\/2019\/02\/Instituto-Cuidativo.jpg","contentUrl":"https:\/\/wp.ufpel.edu.br\/paliativomercosul\/files\/2019\/02\/Instituto-Cuidativo.jpg","width":1024,"height":710,"caption":"Instituto Cuidativo"},"image":{"@id":"https:\/\/wp.ufpel.edu.br\/paliativomercosul\/#\/schema\/logo\/image\/"}}]}},"jetpack_sharing_enabled":true,"_links":{"self":[{"href":"https:\/\/wp.ufpel.edu.br\/paliativomercosul\/wp-json\/wp\/v2\/pages\/618","targetHints":{"allow":["GET"]}}],"collection":[{"href":"https:\/\/wp.ufpel.edu.br\/paliativomercosul\/wp-json\/wp\/v2\/pages"}],"about":[{"href":"https:\/\/wp.ufpel.edu.br\/paliativomercosul\/wp-json\/wp\/v2\/types\/page"}],"author":[{"embeddable":true,"href":"https:\/\/wp.ufpel.edu.br\/paliativomercosul\/wp-json\/wp\/v2\/users\/902"}],"replies":[{"embeddable":true,"href":"https:\/\/wp.ufpel.edu.br\/paliativomercosul\/wp-json\/wp\/v2\/comments?post=618"}],"version-history":[{"count":114,"href":"https:\/\/wp.ufpel.edu.br\/paliativomercosul\/wp-json\/wp\/v2\/pages\/618\/revisions"}],"predecessor-version":[{"id":1413,"href":"https:\/\/wp.ufpel.edu.br\/paliativomercosul\/wp-json\/wp\/v2\/pages\/618\/revisions\/1413"}],"wp:attachment":[{"href":"https:\/\/wp.ufpel.edu.br\/paliativomercosul\/wp-json\/wp\/v2\/media?parent=618"}],"curies":[{"name":"wp","href":"https:\/\/api.w.org\/{rel}","templated":true}]}}