{"id":1098,"date":"2019-06-06T07:52:23","date_gmt":"2019-06-06T10:52:23","guid":{"rendered":"https:\/\/wp.ufpel.edu.br\/paliativomercosul\/?page_id=1098"},"modified":"2019-06-06T14:40:47","modified_gmt":"2019-06-06T17:40:47","slug":"14-06-13-hs-auditorio-do-colegio-m-pelotense-sala-2","status":"publish","type":"page","link":"https:\/\/wp.ufpel.edu.br\/paliativomercosul\/14-06-13-hs-auditorio-do-colegio-m-pelotense-sala-2","title":{"rendered":"14\/06 &#8211; 13 hs: Audit\u00f3rio do Col\u00e9gio M. Pelotense \/ Sala 2"},"content":{"rendered":"<table style=\"width: 989px;height: 522px\">\n<tbody>\n<tr style=\"height: 122px\">\n<td style=\"width: 83.0114px;height: 122px\"><span style=\"font-size: 14pt\">13:00<\/span><\/td>\n<td style=\"width: 119.375px;height: 122px\"><span style=\"font-size: 14pt\">92619<\/span><\/td>\n<td style=\"width: 673.011px;height: 122px\"><span style=\"font-size: 14pt\"><strong>RELA\u00c7\u00c3O DO N\u00daMERO DE ATENDIMENTOS E A DIST\u00c2NCIA PERCORRIDA POR UMA EQUIPE DO PROGRAMA DE INTERNA\u00c7\u00c3O DOMICILIAR INTERDISCIPLINAR EM PELOTAS<\/strong><\/span><br \/>\n<span style=\"font-size: 14pt\">(Vanessa Pellegrini Fernandes, Carla Maciel Marchand, M\u00e1rcio Maciel dos Santos, Vanessa Medeiros Almeida, Emeli Rodrigues dos santos)<\/span><\/td>\n<td style=\"width: 43.9205px;height: 122px\"><\/td>\n<\/tr>\n<tr style=\"height: 119px\">\n<td style=\"width: 83.0114px;height: 119px\"><span style=\"font-size: 14pt\">13:15<\/span><\/td>\n<td style=\"width: 119.375px;height: 119px\"><span style=\"font-size: 14pt\">92594<\/span><\/td>\n<td style=\"width: 673.011px;height: 119px\"><span style=\"font-size: 14pt\"><strong>USO DE PROCEDIMENTO INVASIVO NO PROGRAMA DE INTERNA\u00c7\u00c3O DOMICILIAR INTERDISCIPLINAR (PIDI) PARA PACIENTES ONCOL\u00d3GICOS EM FIM DE VIDA.<\/strong><\/span><br \/>\n<span style=\"font-size: 14pt\">(Vanessa Pellegrini Fernandes, D\u00e9bora Simone Kilpp, M\u00e1rcio Maciel dos Santos, Vanessa Medeiros Almeida, Emeli Rodrigues dos Santos)<\/span><\/td>\n<td style=\"width: 43.9205px;height: 119px\"><\/td>\n<\/tr>\n<tr style=\"height: 119px\">\n<td style=\"width: 83.0114px;height: 119px\"><span style=\"font-size: 14pt\">13:30<\/span><\/td>\n<td style=\"width: 119.375px;height: 119px\"><span style=\"font-size: 14pt\">92476<\/span><\/td>\n<td style=\"width: 673.011px;height: 119px\"><span style=\"font-size: 14pt\"><strong>PR\u00c1TICAS INTEGRATIVAS E COMPLEMENTARES NA FORMA\u00c7\u00c3O ACAD\u00caMICA: CONHECIMENTO DE DISCENTES DA \u00c1REA DA SA\u00daDE<\/strong><\/span><br \/>\n<span style=\"font-size: 14pt\">(Ana Gracieli de Freitas Gomes, Patrine Paz Soares, Mateus Celio Da Silva, Francine Casarin, Rosiane Filipin Rangel)<\/span><\/td>\n<td style=\"width: 43.9205px;height: 119px\"><\/td>\n<\/tr>\n<tr style=\"height: 102px\">\n<td style=\"width: 83.0114px;height: 102px\"><span style=\"font-size: 14pt\">13:45<\/span><\/td>\n<td style=\"width: 119.375px;height: 102px\"><span style=\"font-size: 14pt\">92434<\/span><\/td>\n<td style=\"width: 673.011px;height: 102px\"><span style=\"font-size: 14pt\"><strong>PR\u00c1TICAS INTEGRATIVAS E COMPLEMENTARES NO TRATAMENTO QUIMIOTER\u00c1PICO: REVIS\u00c3O DA LITERATURA<\/strong><\/span><br \/>\n<span style=\"font-size: 14pt\">(Francine Casarin, Rosiane Filipin Rangel, Adriano Ataualpa Moreira Gon\u00e7alves, Ana Gracieli de Freitas Gomes)<\/span><\/td>\n<td style=\"width: 43.9205px;height: 102px\"><\/td>\n<\/tr>\n<\/tbody>\n<\/table>\n<p>&nbsp;<\/p>\n","protected":false},"excerpt":{"rendered":"<p>13:00 92619 RELA\u00c7\u00c3O DO N\u00daMERO DE ATENDIMENTOS E A DIST\u00c2NCIA PERCORRIDA POR UMA EQUIPE DO PROGRAMA DE INTERNA\u00c7\u00c3O DOMICILIAR INTERDISCIPLINAR EM PELOTAS (Vanessa Pellegrini Fernandes, Carla Maciel Marchand, M\u00e1rcio Maciel dos Santos, Vanessa Medeiros Almeida, Emeli Rodrigues dos santos) 13:15 92594 USO DE PROCEDIMENTO INVASIVO NO PROGRAMA DE INTERNA\u00c7\u00c3O DOMICILIAR INTERDISCIPLINAR (PIDI) PARA PACIENTES ONCOL\u00d3GICOS &hellip; <a href=\"https:\/\/wp.ufpel.edu.br\/paliativomercosul\/14-06-13-hs-auditorio-do-colegio-m-pelotense-sala-2\" class=\"more-link\">Continue lendo <span class=\"screen-reader-text\">14\/06 &#8211; 13 hs: Audit\u00f3rio do Col\u00e9gio M. Pelotense \/ Sala 2<\/span> <span class=\"meta-nav\">&rarr;<\/span><\/a><\/p>\n","protected":false},"author":902,"featured_media":0,"parent":0,"menu_order":0,"comment_status":"closed","ping_status":"closed","template":"page-templates\/full-width.php","meta":{"footnotes":""},"class_list":["post-1098","page","type-page","status-publish","hentry"],"yoast_head":"<!-- This site is optimized with the Yoast SEO plugin v26.7 - https:\/\/yoast.com\/wordpress\/plugins\/seo\/ -->\n<title>14\/06 - 13 hs: Audit\u00f3rio do Col\u00e9gio M. Pelotense \/ Sala 2 - COMUNIDADES CUIDATIVAS DO MERCOSUL: &quot;TODAS PARA OS CUIDADOS PALIATIVOS&quot;<\/title>\n<meta name=\"robots\" content=\"index, follow, max-snippet:-1, max-image-preview:large, max-video-preview:-1\" \/>\n<link rel=\"canonical\" href=\"https:\/\/wp.ufpel.edu.br\/paliativomercosul\/14-06-13-hs-auditorio-do-colegio-m-pelotense-sala-2\" \/>\n<meta property=\"og:locale\" content=\"pt_BR\" \/>\n<meta property=\"og:type\" content=\"article\" \/>\n<meta property=\"og:title\" content=\"14\/06 - 13 hs: Audit\u00f3rio do Col\u00e9gio M. Pelotense \/ Sala 2 - COMUNIDADES CUIDATIVAS DO MERCOSUL: &quot;TODAS PARA OS CUIDADOS PALIATIVOS&quot;\" \/>\n<meta property=\"og:description\" content=\"13:00 92619 RELA\u00c7\u00c3O DO N\u00daMERO DE ATENDIMENTOS E A DIST\u00c2NCIA PERCORRIDA POR UMA EQUIPE DO PROGRAMA DE INTERNA\u00c7\u00c3O DOMICILIAR INTERDISCIPLINAR EM PELOTAS (Vanessa Pellegrini Fernandes, Carla Maciel Marchand, M\u00e1rcio Maciel dos Santos, Vanessa Medeiros Almeida, Emeli Rodrigues dos santos) 13:15 92594 USO DE PROCEDIMENTO INVASIVO NO PROGRAMA DE INTERNA\u00c7\u00c3O DOMICILIAR INTERDISCIPLINAR (PIDI) PARA PACIENTES ONCOL\u00d3GICOS &hellip; Continue lendo 14\/06 &#8211; 13 hs: Audit\u00f3rio do Col\u00e9gio M. Pelotense \/ Sala 2 &rarr;\" \/>\n<meta property=\"og:url\" content=\"https:\/\/wp.ufpel.edu.br\/paliativomercosul\/14-06-13-hs-auditorio-do-colegio-m-pelotense-sala-2\" \/>\n<meta property=\"og:site_name\" content=\"COMUNIDADES CUIDATIVAS DO MERCOSUL: &quot;TODAS PARA OS CUIDADOS PALIATIVOS&quot;\" \/>\n<meta property=\"article:modified_time\" content=\"2019-06-06T17:40:47+00:00\" \/>\n<meta name=\"twitter:card\" content=\"summary_large_image\" \/>\n<meta name=\"twitter:label1\" content=\"Est. tempo de leitura\" \/>\n\t<meta name=\"twitter:data1\" content=\"1 minuto\" \/>\n<script type=\"application\/ld+json\" class=\"yoast-schema-graph\">{\"@context\":\"https:\/\/schema.org\",\"@graph\":[{\"@type\":\"WebPage\",\"@id\":\"https:\/\/wp.ufpel.edu.br\/paliativomercosul\/14-06-13-hs-auditorio-do-colegio-m-pelotense-sala-2\",\"url\":\"https:\/\/wp.ufpel.edu.br\/paliativomercosul\/14-06-13-hs-auditorio-do-colegio-m-pelotense-sala-2\",\"name\":\"14\/06 - 13 hs: Audit\u00f3rio do Col\u00e9gio M. Pelotense \/ Sala 2 - COMUNIDADES CUIDATIVAS DO MERCOSUL: &quot;TODAS PARA OS CUIDADOS PALIATIVOS&quot;\",\"isPartOf\":{\"@id\":\"https:\/\/wp.ufpel.edu.br\/paliativomercosul\/#website\"},\"datePublished\":\"2019-06-06T10:52:23+00:00\",\"dateModified\":\"2019-06-06T17:40:47+00:00\",\"breadcrumb\":{\"@id\":\"https:\/\/wp.ufpel.edu.br\/paliativomercosul\/14-06-13-hs-auditorio-do-colegio-m-pelotense-sala-2#breadcrumb\"},\"inLanguage\":\"pt-BR\",\"potentialAction\":[{\"@type\":\"ReadAction\",\"target\":[\"https:\/\/wp.ufpel.edu.br\/paliativomercosul\/14-06-13-hs-auditorio-do-colegio-m-pelotense-sala-2\"]}]},{\"@type\":\"BreadcrumbList\",\"@id\":\"https:\/\/wp.ufpel.edu.br\/paliativomercosul\/14-06-13-hs-auditorio-do-colegio-m-pelotense-sala-2#breadcrumb\",\"itemListElement\":[{\"@type\":\"ListItem\",\"position\":1,\"name\":\"In\u00edcio\",\"item\":\"https:\/\/wp.ufpel.edu.br\/paliativomercosul\"},{\"@type\":\"ListItem\",\"position\":2,\"name\":\"14\/06 &#8211; 13 hs: Audit\u00f3rio do Col\u00e9gio M. Pelotense \/ Sala 2\"}]},{\"@type\":\"WebSite\",\"@id\":\"https:\/\/wp.ufpel.edu.br\/paliativomercosul\/#website\",\"url\":\"https:\/\/wp.ufpel.edu.br\/paliativomercosul\/\",\"name\":\"CONGRESSO DE CUIDADOS PALIATIVOS DO MERCOSUL - COMUNIDADES CUIDATIVAS DO MERCOSUL: &quot;TODAS PARA OS CUIDADOS PALIATIVOS&quot;\",\"description\":\"Nos dias 13 a 15 de junho de 2019 venham participar dos debates sobre Cuidados Paliativos, com as COMUNIDADES CUIDATIVAS DO MERCOSUL, em Pelotas - RS - Brasil\",\"publisher\":{\"@id\":\"https:\/\/wp.ufpel.edu.br\/paliativomercosul\/#organization\"},\"potentialAction\":[{\"@type\":\"SearchAction\",\"target\":{\"@type\":\"EntryPoint\",\"urlTemplate\":\"https:\/\/wp.ufpel.edu.br\/paliativomercosul\/?s={search_term_string}\"},\"query-input\":{\"@type\":\"PropertyValueSpecification\",\"valueRequired\":true,\"valueName\":\"search_term_string\"}}],\"inLanguage\":\"pt-BR\"},{\"@type\":\"Organization\",\"@id\":\"https:\/\/wp.ufpel.edu.br\/paliativomercosul\/#organization\",\"name\":\"Instituto Cuidativo\",\"url\":\"https:\/\/wp.ufpel.edu.br\/paliativomercosul\/\",\"logo\":{\"@type\":\"ImageObject\",\"inLanguage\":\"pt-BR\",\"@id\":\"https:\/\/wp.ufpel.edu.br\/paliativomercosul\/#\/schema\/logo\/image\/\",\"url\":\"https:\/\/wp.ufpel.edu.br\/paliativomercosul\/files\/2019\/02\/Instituto-Cuidativo.jpg\",\"contentUrl\":\"https:\/\/wp.ufpel.edu.br\/paliativomercosul\/files\/2019\/02\/Instituto-Cuidativo.jpg\",\"width\":1024,\"height\":710,\"caption\":\"Instituto Cuidativo\"},\"image\":{\"@id\":\"https:\/\/wp.ufpel.edu.br\/paliativomercosul\/#\/schema\/logo\/image\/\"}}]}<\/script>\n<!-- \/ Yoast SEO plugin. -->","yoast_head_json":{"title":"14\/06 - 13 hs: Audit\u00f3rio do Col\u00e9gio M. Pelotense \/ Sala 2 - COMUNIDADES CUIDATIVAS DO MERCOSUL: &quot;TODAS PARA OS CUIDADOS PALIATIVOS&quot;","robots":{"index":"index","follow":"follow","max-snippet":"max-snippet:-1","max-image-preview":"max-image-preview:large","max-video-preview":"max-video-preview:-1"},"canonical":"https:\/\/wp.ufpel.edu.br\/paliativomercosul\/14-06-13-hs-auditorio-do-colegio-m-pelotense-sala-2","og_locale":"pt_BR","og_type":"article","og_title":"14\/06 - 13 hs: Audit\u00f3rio do Col\u00e9gio M. Pelotense \/ Sala 2 - COMUNIDADES CUIDATIVAS DO MERCOSUL: &quot;TODAS PARA OS CUIDADOS PALIATIVOS&quot;","og_description":"13:00 92619 RELA\u00c7\u00c3O DO N\u00daMERO DE ATENDIMENTOS E A DIST\u00c2NCIA PERCORRIDA POR UMA EQUIPE DO PROGRAMA DE INTERNA\u00c7\u00c3O DOMICILIAR INTERDISCIPLINAR EM PELOTAS (Vanessa Pellegrini Fernandes, Carla Maciel Marchand, M\u00e1rcio Maciel dos Santos, Vanessa Medeiros Almeida, Emeli Rodrigues dos santos) 13:15 92594 USO DE PROCEDIMENTO INVASIVO NO PROGRAMA DE INTERNA\u00c7\u00c3O DOMICILIAR INTERDISCIPLINAR (PIDI) PARA PACIENTES ONCOL\u00d3GICOS &hellip; Continue lendo 14\/06 &#8211; 13 hs: Audit\u00f3rio do Col\u00e9gio M. Pelotense \/ Sala 2 &rarr;","og_url":"https:\/\/wp.ufpel.edu.br\/paliativomercosul\/14-06-13-hs-auditorio-do-colegio-m-pelotense-sala-2","og_site_name":"COMUNIDADES CUIDATIVAS DO MERCOSUL: &quot;TODAS PARA OS CUIDADOS PALIATIVOS&quot;","article_modified_time":"2019-06-06T17:40:47+00:00","twitter_card":"summary_large_image","twitter_misc":{"Est. tempo de leitura":"1 minuto"},"schema":{"@context":"https:\/\/schema.org","@graph":[{"@type":"WebPage","@id":"https:\/\/wp.ufpel.edu.br\/paliativomercosul\/14-06-13-hs-auditorio-do-colegio-m-pelotense-sala-2","url":"https:\/\/wp.ufpel.edu.br\/paliativomercosul\/14-06-13-hs-auditorio-do-colegio-m-pelotense-sala-2","name":"14\/06 - 13 hs: Audit\u00f3rio do Col\u00e9gio M. Pelotense \/ Sala 2 - COMUNIDADES CUIDATIVAS DO MERCOSUL: &quot;TODAS PARA OS CUIDADOS PALIATIVOS&quot;","isPartOf":{"@id":"https:\/\/wp.ufpel.edu.br\/paliativomercosul\/#website"},"datePublished":"2019-06-06T10:52:23+00:00","dateModified":"2019-06-06T17:40:47+00:00","breadcrumb":{"@id":"https:\/\/wp.ufpel.edu.br\/paliativomercosul\/14-06-13-hs-auditorio-do-colegio-m-pelotense-sala-2#breadcrumb"},"inLanguage":"pt-BR","potentialAction":[{"@type":"ReadAction","target":["https:\/\/wp.ufpel.edu.br\/paliativomercosul\/14-06-13-hs-auditorio-do-colegio-m-pelotense-sala-2"]}]},{"@type":"BreadcrumbList","@id":"https:\/\/wp.ufpel.edu.br\/paliativomercosul\/14-06-13-hs-auditorio-do-colegio-m-pelotense-sala-2#breadcrumb","itemListElement":[{"@type":"ListItem","position":1,"name":"In\u00edcio","item":"https:\/\/wp.ufpel.edu.br\/paliativomercosul"},{"@type":"ListItem","position":2,"name":"14\/06 &#8211; 13 hs: Audit\u00f3rio do Col\u00e9gio M. Pelotense \/ Sala 2"}]},{"@type":"WebSite","@id":"https:\/\/wp.ufpel.edu.br\/paliativomercosul\/#website","url":"https:\/\/wp.ufpel.edu.br\/paliativomercosul\/","name":"CONGRESSO DE CUIDADOS PALIATIVOS DO MERCOSUL - COMUNIDADES CUIDATIVAS DO MERCOSUL: &quot;TODAS PARA OS CUIDADOS PALIATIVOS&quot;","description":"Nos dias 13 a 15 de junho de 2019 venham participar dos debates sobre Cuidados Paliativos, com as COMUNIDADES CUIDATIVAS DO MERCOSUL, em Pelotas - RS - Brasil","publisher":{"@id":"https:\/\/wp.ufpel.edu.br\/paliativomercosul\/#organization"},"potentialAction":[{"@type":"SearchAction","target":{"@type":"EntryPoint","urlTemplate":"https:\/\/wp.ufpel.edu.br\/paliativomercosul\/?s={search_term_string}"},"query-input":{"@type":"PropertyValueSpecification","valueRequired":true,"valueName":"search_term_string"}}],"inLanguage":"pt-BR"},{"@type":"Organization","@id":"https:\/\/wp.ufpel.edu.br\/paliativomercosul\/#organization","name":"Instituto Cuidativo","url":"https:\/\/wp.ufpel.edu.br\/paliativomercosul\/","logo":{"@type":"ImageObject","inLanguage":"pt-BR","@id":"https:\/\/wp.ufpel.edu.br\/paliativomercosul\/#\/schema\/logo\/image\/","url":"https:\/\/wp.ufpel.edu.br\/paliativomercosul\/files\/2019\/02\/Instituto-Cuidativo.jpg","contentUrl":"https:\/\/wp.ufpel.edu.br\/paliativomercosul\/files\/2019\/02\/Instituto-Cuidativo.jpg","width":1024,"height":710,"caption":"Instituto Cuidativo"},"image":{"@id":"https:\/\/wp.ufpel.edu.br\/paliativomercosul\/#\/schema\/logo\/image\/"}}]}},"jetpack_sharing_enabled":true,"_links":{"self":[{"href":"https:\/\/wp.ufpel.edu.br\/paliativomercosul\/wp-json\/wp\/v2\/pages\/1098","targetHints":{"allow":["GET"]}}],"collection":[{"href":"https:\/\/wp.ufpel.edu.br\/paliativomercosul\/wp-json\/wp\/v2\/pages"}],"about":[{"href":"https:\/\/wp.ufpel.edu.br\/paliativomercosul\/wp-json\/wp\/v2\/types\/page"}],"author":[{"embeddable":true,"href":"https:\/\/wp.ufpel.edu.br\/paliativomercosul\/wp-json\/wp\/v2\/users\/902"}],"replies":[{"embeddable":true,"href":"https:\/\/wp.ufpel.edu.br\/paliativomercosul\/wp-json\/wp\/v2\/comments?post=1098"}],"version-history":[{"count":7,"href":"https:\/\/wp.ufpel.edu.br\/paliativomercosul\/wp-json\/wp\/v2\/pages\/1098\/revisions"}],"predecessor-version":[{"id":1151,"href":"https:\/\/wp.ufpel.edu.br\/paliativomercosul\/wp-json\/wp\/v2\/pages\/1098\/revisions\/1151"}],"wp:attachment":[{"href":"https:\/\/wp.ufpel.edu.br\/paliativomercosul\/wp-json\/wp\/v2\/media?parent=1098"}],"curies":[{"name":"wp","href":"https:\/\/api.w.org\/{rel}","templated":true}]}}