{"id":49,"date":"2021-10-25T11:33:37","date_gmt":"2021-10-25T14:33:37","guid":{"rendered":"https:\/\/wp.ufpel.edu.br\/paineldoturismo\/?page_id=49"},"modified":"2021-12-27T15:55:26","modified_gmt":"2021-12-27T18:55:26","slug":"empregos-em-acts","status":"publish","type":"page","link":"https:\/\/wp.ufpel.edu.br\/paineldoturismo\/atlas_do_turismo_rs\/empregos-em-acts\/","title":{"rendered":"O que s\u00e3o ACTs?"},"content":{"rendered":"<h2>Atividades Caracter\u00edsticas do Turismo &#8211; ACTs<\/h2>\n<p style=\"text-align: justify\">Diferente de outras atividades, como a ind\u00fastria ou o com\u00e9rcio, o efeito do turismo para economia \u00e9 definido a partir da demanda. Da\u00ed a dificuldade em caracterizar e identificar o que faz, e o que n\u00e3o faz parte dessa contribui\u00e7\u00e3o. Por exemplo, quando um turista faz uma refei\u00e7\u00e3o em um restaurante, ou compra uma lembrancinha em um bazar, seu consumo gera um efeito econ\u00f4mico na localidade receptora. Se o mesmo consumo fosse realizado por um residente, n\u00e3o poder\u00edamos identific\u00e1-lo como tur\u00edstico.<\/p>\n<p style=\"text-align: justify\">Para possibilitar o c\u00e1lculo dos efeitos econ\u00f4micos do turismo criou-se a no\u00e7\u00e3o de &#8216;Atividades Caracter\u00edsticas do Turismo, ou ACTs.\u00a0 S\u00e3o aquelas atividades econ\u00f4micas geralmente consumida por visitantes e cuja demanda geral \u00e9 por eles influenciada. Embora, por vezes\u00a0 sejam atividades tamb\u00e9m consumidas por residentes. Exemplos de ACTs s\u00e3o: alojamento, servi\u00e7os de alimenta\u00e7\u00e3o, transporte de passageiros, intermedia\u00e7\u00e3o de servi\u00e7os tur\u00edsticos, atividades de entretenimento e cultura.<\/p>\n<p style=\"text-align: justify\">A Organiza\u00e7\u00e3o Mundial do Turismo (OMT) em sua miss\u00e3o de harmonizar as metodologias para coletas estat\u00edsticas desenvolveu a Classifica\u00e7\u00e3o Internacional Uniforme das Atividades Tur\u00edsticas (Clasificaci\u00f3n Internacional Uniforme de Actividades Tur\u00edsticas &#8211; Ciuat) compat\u00edvel com a terceira revis\u00e3o da International Standard Industrial Classification &#8211; ISIC, elaborada pela ONU. A estrutura da classifica\u00e7\u00e3o da OMT segue a ISIC para facilitar a compara\u00e7\u00e3o, entre pa\u00edses, das estat\u00edsticas de turismo. No Brasil,\u00a0 os c\u00f3digos podem ser conciliados com a classifica\u00e7\u00e3o proposta pelo IBGE, a Classifica\u00e7\u00e3o Nacional de Atividades Econ\u00f4micas (CNAE) em sua vers\u00e3o 2.0. O c\u00f3digo tem at\u00e9 sete (7) d\u00edgitos, com diferentes n\u00edveis desagrega\u00e7\u00e3o.\u00a0 Por exemplo, o c\u00f3digo 55.10-8 refere-se a Hot\u00e9is e Similares, que pode ser especificado em 55.10-8.01 Hot\u00e9is, 55.10-8.02 Apart-Hot\u00e9is ou 55.10-8.03 Mot\u00e9is.<\/p>\n<p>Apesar dessas recomenda\u00e7\u00f5es estat\u00edsticas \u00e9 poss\u00edvel que haja\u00a0 varia\u00e7\u00f5es em quais atividades s\u00e3o consideradas ACTs. Motivos para isso s\u00e3o : a disponibilidade e modo como os dados est\u00e3o agrupados na base de dados utilizada; os diferentes objetivos de cada estudo, e a op\u00e7\u00e3o por incluir, ou excluir, determinada atividade de acordo com uma caracter\u00edstica do turismo na regi\u00e3o. \u00c9 poss\u00edvel que exista uma atividade cujo consumo por visitantes \u00e9 importante em uma regi\u00e3o, enquanto em outra a mesma atividade tem uma demanda constitu\u00edda principalmente de residentes.<\/p>\n<p>No Rio Grande do Sul, a FEE prop\u00f4s uma lista de Atividades\u00a0 Caracter\u00edsticas do Turismo que pode ser vista a seguir:<\/p>\n<table width=\"1123\">\n<tbody>\n<tr>\n<td width=\"487\">Setor<\/td>\n<td width=\"131\">C\u00f3digo CNAE 2.0<\/td>\n<td colspan=\"5\" width=\"505\">Nome<\/td>\n<\/tr>\n<tr>\n<td>Alojamento<\/td>\n<td>5510-8<\/td>\n<td colspan=\"5\">Hot\u00e9is e similares<\/td>\n<\/tr>\n<tr>\n<td>Alojamento<\/td>\n<td>5590-6<\/td>\n<td colspan=\"5\">Outros tipos de alojamento n\u00e3o especificados anteriormente<\/td>\n<\/tr>\n<tr>\n<td>Alimenta\u00e7\u00e3o<\/td>\n<td>5611-2<\/td>\n<td colspan=\"5\">Restaurantes e outros estabelecimentos de servi\u00e7os de alimenta\u00e7\u00e3o e bebidas<\/td>\n<\/tr>\n<tr>\n<td>Alimenta\u00e7\u00e3o<\/td>\n<td>5612-1<\/td>\n<td colspan=\"5\">Servi\u00e7os ambulantes de alimenta\u00e7\u00e3o<\/td>\n<\/tr>\n<tr>\n<td>Transporte terrestre<\/td>\n<td>4950-7<\/td>\n<td colspan=\"5\">Trens tur\u00edsticos, telef\u00e9ricos e similares<\/td>\n<\/tr>\n<tr>\n<td>Transporte terrestre<\/td>\n<td>4922-1<\/td>\n<td colspan=\"5\">Transporte rodovi\u00e1rio coletivo de passageiros, com itiner\u00e1rio fixo, intermunicipal,<br \/>\ninterestadual e internacional<\/td>\n<\/tr>\n<tr>\n<td>Transporte terrestre<\/td>\n<td>4923-0<\/td>\n<td colspan=\"5\">Transporte rodovi\u00e1rio de t\u00e1xi<\/td>\n<\/tr>\n<tr>\n<td>Transporte terrestre<\/td>\n<td>4929-9<\/td>\n<td colspan=\"5\">Transporte rodovi\u00e1rio coletivo de passageiros, sob regime de fretamento, e outros<br \/>\ntransportes rodovi\u00e1rios n\u00e3o especificados anteriormente<\/td>\n<\/tr>\n<tr>\n<td>Transporte aquavi\u00e1rio<\/td>\n<td>5099-8<\/td>\n<td colspan=\"5\">Transportes aquavi\u00e1rios n\u00e3o especificados anteriormente<\/td>\n<\/tr>\n<tr>\n<td>Transporte aquavi\u00e1rio<\/td>\n<td>5012-2<\/td>\n<td colspan=\"5\">Transporte mar\u00edtimo de longo curso<\/td>\n<\/tr>\n<tr>\n<td>Transporte a\u00e9reo<\/td>\n<td>5111-1<\/td>\n<td colspan=\"5\">Transporte a\u00e9reo de passageiros regular<\/td>\n<\/tr>\n<tr>\n<td>Transporte a\u00e9reo<\/td>\n<td>5112-9<\/td>\n<td colspan=\"5\">Transporte a\u00e9reo de passageiros n\u00e3o regular<\/td>\n<\/tr>\n<tr>\n<td>Armazenamento, atividades auxiliares dos transportes e correio<\/td>\n<td>5221-4<\/td>\n<td colspan=\"5\">Concession\u00e1rias de rodovias, pontes, t\u00faneis e servi\u00e7os relacionados<\/td>\n<\/tr>\n<tr>\n<td>Armazenamento, atividades auxiliares dos transportes e correio<\/td>\n<td>5222-2<\/td>\n<td colspan=\"5\">Terminais rodovi\u00e1rios e ferrovi\u00e1rios<\/td>\n<\/tr>\n<tr>\n<td>Armazenamento, atividades auxiliares dos transportes e correio<\/td>\n<td>5229-0<\/td>\n<td colspan=\"5\">Atividades auxiliares dos transportes terrestres n\u00e3o especificadas anteriormente<\/td>\n<\/tr>\n<tr>\n<td>Armazenamento, atividades auxiliares dos transportes e correio<\/td>\n<td>5240-1<\/td>\n<td colspan=\"5\">Atividades auxiliares dos transportes a\u00e9reos<\/td>\n<\/tr>\n<tr>\n<td>Outras atividades administrativas e servi\u00e7os complementares<\/td>\n<td>7911-2<\/td>\n<td colspan=\"5\">Ag\u00eancias de viagens<\/td>\n<\/tr>\n<tr>\n<td>Outras atividades administrativas e servi\u00e7os complementares<\/td>\n<td>7912-1<\/td>\n<td colspan=\"5\">Operadores tur\u00edsticos<\/td>\n<\/tr>\n<tr>\n<td>Outras atividades administrativas e servi\u00e7os complementares<\/td>\n<td>7990-2<\/td>\n<td colspan=\"5\">Servi\u00e7os de reservas e outros servi\u00e7os de turismo n\u00e3o especificados anteriormente<\/td>\n<\/tr>\n<tr>\n<td>Alugu\u00e9is n\u00e3o imobili\u00e1rios e gest\u00e3o de ativos de propriedade intelectual<\/td>\n<td>7711-0<\/td>\n<td colspan=\"5\">Loca\u00e7\u00e3o de autom\u00f3veis sem condutor<\/td>\n<\/tr>\n<tr>\n<td>Atividades de televis\u00e3o, r\u00e1dio, cinema e grava\u00e7\u00e3o\/edi\u00e7\u00e3o de som e imagem<\/td>\n<td>5914-6<\/td>\n<td colspan=\"5\">Atividades de exibi\u00e7\u00e3o cinematogr\u00e1fica<\/td>\n<\/tr>\n<tr>\n<td>Atividades art\u00edsticas, criativas e de espet\u00e1culos<\/td>\n<td>9001-9<\/td>\n<td colspan=\"5\">Artes c\u00eanicas, espet\u00e1culos e atividades complementares<\/td>\n<\/tr>\n<tr>\n<td>Atividades art\u00edsticas, criativas e de espet\u00e1culos<\/td>\n<td>9002-7<\/td>\n<td colspan=\"5\">Cria\u00e7\u00e3o art\u00edstica<\/td>\n<\/tr>\n<tr>\n<td>Atividades art\u00edsticas, criativas e de espet\u00e1culos<\/td>\n<td>9003-5<\/td>\n<td colspan=\"5\">Gest\u00e3o de espa\u00e7os para artes c\u00eanicas, espet\u00e1culos e outras atividades art\u00edsticas<\/td>\n<\/tr>\n<tr>\n<td>Atividades art\u00edsticas, criativas e de espet\u00e1culos<\/td>\n<td>9102-3<\/td>\n<td colspan=\"5\">Atividades de museus e de explora\u00e7\u00e3o, restaura\u00e7\u00e3o art\u00edstica e conserva\u00e7\u00e3o de<br \/>\nlugares e pr\u00e9dios hist\u00f3ricos e atra\u00e7\u00f5es similares<\/td>\n<\/tr>\n<tr>\n<td>Atividades art\u00edsticas, criativas e de espet\u00e1culos<\/td>\n<td>9103-1<\/td>\n<td colspan=\"5\">Atividades de jardins bot\u00e2nicos, zool\u00f3gicos, parques nacionais, reservas<br \/>\necol\u00f3gicas e \u00e1reas de prote\u00e7\u00e3o ambiental<\/td>\n<\/tr>\n<tr>\n<td>Atividades art\u00edsticas, criativas e de espet\u00e1culos<\/td>\n<td>9311-5<\/td>\n<td colspan=\"5\">Gest\u00e3o de instala\u00e7\u00f5es de esportes<\/td>\n<\/tr>\n<tr>\n<td>Atividades art\u00edsticas, criativas e de espet\u00e1culos<\/td>\n<td>9312-3<\/td>\n<td colspan=\"5\">Clubes sociais, esportivos e similares<\/td>\n<\/tr>\n<tr>\n<td>Atividades art\u00edsticas, criativas e de espet\u00e1culos<\/td>\n<td>9319-1<\/td>\n<td colspan=\"5\">Atividades esportivas n\u00e3o especificadas anteriormente<\/td>\n<\/tr>\n<tr>\n<td>Atividades art\u00edsticas, criativas e de espet\u00e1culos<\/td>\n<td>9321-2<\/td>\n<td colspan=\"5\">Parques de divers\u00e3o e parques tem\u00e1ticos<\/td>\n<\/tr>\n<tr>\n<td>Atividades art\u00edsticas, criativas e de espet\u00e1culos<\/td>\n<td>9329-8<\/td>\n<td colspan=\"5\">Atividades de recrea\u00e7\u00e3o e lazer n\u00e3o especificadas anteriormente<\/td>\n<\/tr>\n<\/tbody>\n<\/table>\n<p>&nbsp;<\/p>\n","protected":false},"excerpt":{"rendered":"<p>Atividades Caracter\u00edsticas do Turismo &#8211; ACTs Diferente de outras atividades, como a ind\u00fastria ou o com\u00e9rcio, o efeito do turismo para economia \u00e9 definido a partir da demanda. Da\u00ed a dificuldade em caracterizar e identificar o que faz, e o que n\u00e3o faz parte dessa contribui\u00e7\u00e3o. Por exemplo, quando um turista faz uma refei\u00e7\u00e3o em&hellip;<\/p>\n","protected":false},"author":1169,"featured_media":0,"parent":6,"menu_order":2,"comment_status":"closed","ping_status":"closed","template":"","meta":{"footnotes":""},"class_list":["post-49","page","type-page","status-publish","hentry"],"yoast_head":"<!-- This site is optimized with the Yoast SEO plugin v26.7 - https:\/\/yoast.com\/wordpress\/plugins\/seo\/ -->\n<title>O que s\u00e3o ACTs? - Painel do Turismo<\/title>\n<meta name=\"robots\" content=\"index, follow, max-snippet:-1, max-image-preview:large, max-video-preview:-1\" \/>\n<link rel=\"canonical\" href=\"https:\/\/wp.ufpel.edu.br\/paineldoturismo\/atlas_do_turismo_rs\/empregos-em-acts\/\" \/>\n<meta property=\"og:locale\" content=\"pt_BR\" \/>\n<meta property=\"og:type\" content=\"article\" \/>\n<meta property=\"og:title\" content=\"O que s\u00e3o ACTs? - Painel do Turismo\" \/>\n<meta property=\"og:description\" content=\"Atividades Caracter\u00edsticas do Turismo &#8211; ACTs Diferente de outras atividades, como a ind\u00fastria ou o com\u00e9rcio, o efeito do turismo para economia \u00e9 definido a partir da demanda. Da\u00ed a dificuldade em caracterizar e identificar o que faz, e o que n\u00e3o faz parte dessa contribui\u00e7\u00e3o. Por exemplo, quando um turista faz uma refei\u00e7\u00e3o em&hellip;\" \/>\n<meta property=\"og:url\" content=\"https:\/\/wp.ufpel.edu.br\/paineldoturismo\/atlas_do_turismo_rs\/empregos-em-acts\/\" \/>\n<meta property=\"og:site_name\" content=\"Painel do Turismo\" \/>\n<meta property=\"article:modified_time\" content=\"2021-12-27T18:55:26+00:00\" \/>\n<meta name=\"twitter:card\" content=\"summary_large_image\" \/>\n<meta name=\"twitter:label1\" content=\"Est. tempo de leitura\" \/>\n\t<meta name=\"twitter:data1\" content=\"5 minutos\" \/>\n<script type=\"application\/ld+json\" class=\"yoast-schema-graph\">{\"@context\":\"https:\/\/schema.org\",\"@graph\":[{\"@type\":\"WebPage\",\"@id\":\"https:\/\/wp.ufpel.edu.br\/paineldoturismo\/atlas_do_turismo_rs\/empregos-em-acts\/\",\"url\":\"https:\/\/wp.ufpel.edu.br\/paineldoturismo\/atlas_do_turismo_rs\/empregos-em-acts\/\",\"name\":\"O que s\u00e3o ACTs? - Painel do Turismo\",\"isPartOf\":{\"@id\":\"https:\/\/wp.ufpel.edu.br\/paineldoturismo\/#website\"},\"datePublished\":\"2021-10-25T14:33:37+00:00\",\"dateModified\":\"2021-12-27T18:55:26+00:00\",\"breadcrumb\":{\"@id\":\"https:\/\/wp.ufpel.edu.br\/paineldoturismo\/atlas_do_turismo_rs\/empregos-em-acts\/#breadcrumb\"},\"inLanguage\":\"pt-BR\",\"potentialAction\":[{\"@type\":\"ReadAction\",\"target\":[\"https:\/\/wp.ufpel.edu.br\/paineldoturismo\/atlas_do_turismo_rs\/empregos-em-acts\/\"]}]},{\"@type\":\"BreadcrumbList\",\"@id\":\"https:\/\/wp.ufpel.edu.br\/paineldoturismo\/atlas_do_turismo_rs\/empregos-em-acts\/#breadcrumb\",\"itemListElement\":[{\"@type\":\"ListItem\",\"position\":1,\"name\":\"In\u00edcio\",\"item\":\"https:\/\/wp.ufpel.edu.br\/paineldoturismo\/\"},{\"@type\":\"ListItem\",\"position\":2,\"name\":\"Atlas do Turismo RS\",\"item\":\"https:\/\/wp.ufpel.edu.br\/paineldoturismo\/atlas_do_turismo_rs\/\"},{\"@type\":\"ListItem\",\"position\":3,\"name\":\"O que s\u00e3o ACTs?\"}]},{\"@type\":\"WebSite\",\"@id\":\"https:\/\/wp.ufpel.edu.br\/paineldoturismo\/#website\",\"url\":\"https:\/\/wp.ufpel.edu.br\/paineldoturismo\/\",\"name\":\"Painel do Turismo\",\"description\":\"um projeto dedicado a entender as din\u00e2micas do turismo a partir de dados abertos\",\"potentialAction\":[{\"@type\":\"SearchAction\",\"target\":{\"@type\":\"EntryPoint\",\"urlTemplate\":\"https:\/\/wp.ufpel.edu.br\/paineldoturismo\/?s={search_term_string}\"},\"query-input\":{\"@type\":\"PropertyValueSpecification\",\"valueRequired\":true,\"valueName\":\"search_term_string\"}}],\"inLanguage\":\"pt-BR\"}]}<\/script>\n<!-- \/ Yoast SEO plugin. -->","yoast_head_json":{"title":"O que s\u00e3o ACTs? - Painel do Turismo","robots":{"index":"index","follow":"follow","max-snippet":"max-snippet:-1","max-image-preview":"max-image-preview:large","max-video-preview":"max-video-preview:-1"},"canonical":"https:\/\/wp.ufpel.edu.br\/paineldoturismo\/atlas_do_turismo_rs\/empregos-em-acts\/","og_locale":"pt_BR","og_type":"article","og_title":"O que s\u00e3o ACTs? - Painel do Turismo","og_description":"Atividades Caracter\u00edsticas do Turismo &#8211; ACTs Diferente de outras atividades, como a ind\u00fastria ou o com\u00e9rcio, o efeito do turismo para economia \u00e9 definido a partir da demanda. Da\u00ed a dificuldade em caracterizar e identificar o que faz, e o que n\u00e3o faz parte dessa contribui\u00e7\u00e3o. Por exemplo, quando um turista faz uma refei\u00e7\u00e3o em&hellip;","og_url":"https:\/\/wp.ufpel.edu.br\/paineldoturismo\/atlas_do_turismo_rs\/empregos-em-acts\/","og_site_name":"Painel do Turismo","article_modified_time":"2021-12-27T18:55:26+00:00","twitter_card":"summary_large_image","twitter_misc":{"Est. tempo de leitura":"5 minutos"},"schema":{"@context":"https:\/\/schema.org","@graph":[{"@type":"WebPage","@id":"https:\/\/wp.ufpel.edu.br\/paineldoturismo\/atlas_do_turismo_rs\/empregos-em-acts\/","url":"https:\/\/wp.ufpel.edu.br\/paineldoturismo\/atlas_do_turismo_rs\/empregos-em-acts\/","name":"O que s\u00e3o ACTs? - Painel do Turismo","isPartOf":{"@id":"https:\/\/wp.ufpel.edu.br\/paineldoturismo\/#website"},"datePublished":"2021-10-25T14:33:37+00:00","dateModified":"2021-12-27T18:55:26+00:00","breadcrumb":{"@id":"https:\/\/wp.ufpel.edu.br\/paineldoturismo\/atlas_do_turismo_rs\/empregos-em-acts\/#breadcrumb"},"inLanguage":"pt-BR","potentialAction":[{"@type":"ReadAction","target":["https:\/\/wp.ufpel.edu.br\/paineldoturismo\/atlas_do_turismo_rs\/empregos-em-acts\/"]}]},{"@type":"BreadcrumbList","@id":"https:\/\/wp.ufpel.edu.br\/paineldoturismo\/atlas_do_turismo_rs\/empregos-em-acts\/#breadcrumb","itemListElement":[{"@type":"ListItem","position":1,"name":"In\u00edcio","item":"https:\/\/wp.ufpel.edu.br\/paineldoturismo\/"},{"@type":"ListItem","position":2,"name":"Atlas do Turismo RS","item":"https:\/\/wp.ufpel.edu.br\/paineldoturismo\/atlas_do_turismo_rs\/"},{"@type":"ListItem","position":3,"name":"O que s\u00e3o ACTs?"}]},{"@type":"WebSite","@id":"https:\/\/wp.ufpel.edu.br\/paineldoturismo\/#website","url":"https:\/\/wp.ufpel.edu.br\/paineldoturismo\/","name":"Painel do Turismo","description":"um projeto dedicado a entender as din\u00e2micas do turismo a partir de dados abertos","potentialAction":[{"@type":"SearchAction","target":{"@type":"EntryPoint","urlTemplate":"https:\/\/wp.ufpel.edu.br\/paineldoturismo\/?s={search_term_string}"},"query-input":{"@type":"PropertyValueSpecification","valueRequired":true,"valueName":"search_term_string"}}],"inLanguage":"pt-BR"}]}},"jetpack_sharing_enabled":true,"_links":{"self":[{"href":"https:\/\/wp.ufpel.edu.br\/paineldoturismo\/wp-json\/wp\/v2\/pages\/49","targetHints":{"allow":["GET"]}}],"collection":[{"href":"https:\/\/wp.ufpel.edu.br\/paineldoturismo\/wp-json\/wp\/v2\/pages"}],"about":[{"href":"https:\/\/wp.ufpel.edu.br\/paineldoturismo\/wp-json\/wp\/v2\/types\/page"}],"author":[{"embeddable":true,"href":"https:\/\/wp.ufpel.edu.br\/paineldoturismo\/wp-json\/wp\/v2\/users\/1169"}],"replies":[{"embeddable":true,"href":"https:\/\/wp.ufpel.edu.br\/paineldoturismo\/wp-json\/wp\/v2\/comments?post=49"}],"version-history":[{"count":20,"href":"https:\/\/wp.ufpel.edu.br\/paineldoturismo\/wp-json\/wp\/v2\/pages\/49\/revisions"}],"predecessor-version":[{"id":55,"href":"https:\/\/wp.ufpel.edu.br\/paineldoturismo\/wp-json\/wp\/v2\/pages\/49\/revisions\/55"}],"up":[{"embeddable":true,"href":"https:\/\/wp.ufpel.edu.br\/paineldoturismo\/wp-json\/wp\/v2\/pages\/6"}],"wp:attachment":[{"href":"https:\/\/wp.ufpel.edu.br\/paineldoturismo\/wp-json\/wp\/v2\/media?parent=49"}],"curies":[{"name":"wp","href":"https:\/\/api.w.org\/{rel}","templated":true}]}}