{"id":140,"date":"2021-11-29T13:40:42","date_gmt":"2021-11-29T16:40:42","guid":{"rendered":"https:\/\/wp.ufpel.edu.br\/paineldoturismo\/?page_id=140"},"modified":"2023-12-07T10:11:59","modified_gmt":"2023-12-07T13:11:59","slug":"intermediacao-turistica","status":"publish","type":"page","link":"https:\/\/wp.ufpel.edu.br\/paineldoturismo\/atlas_do_turismo_rs\/empregos-em-acts\/intermediacao-turistica\/","title":{"rendered":"Intermedia\u00e7\u00e3o Tur\u00edstica"},"content":{"rendered":"<h5>Intermedia\u00e7\u00e3o Tur\u00edstica<\/h5>\n<p>A intermedia\u00e7\u00e3o tur\u00edstica compreende as atividades de ag\u00eancias de viagem, operadoras e outras atividades de distribui\u00e7\u00e3o e venda de servi\u00e7os tur\u00edsticos. Uma particularidade dessas atividades \u00e9 que podem se localizar tanto nos destinos, em ag\u00eancias receptivas, como na origem, emitindo turistas para outras partes do mundo. Tais atividades est\u00e3o representadas nos c\u00f3digos CNAES:7911-2 Ag\u00eancias de viagens ; 7912-1 Operadores tur\u00edsticos;7990-2 Servi\u00e7os de reservas e outros servi\u00e7os de turismo n\u00e3o especificados anteriormente; 7711-0 Loca\u00e7\u00e3o de autom\u00f3veis sem condutor.<\/p>\n<ul>\n<li><a href=\"https:\/\/wp.ufpel.edu.br\/paineldoturismo\/2022\/08\/10\/agencias-de-turismo-no-rs-a-partir-do-cadastur\/\">As ag\u00eancias de viagens a partir do CADASTUR<\/a><\/li>\n<\/ul>\n<div hidden=\"\u00b4\">\n<p>Para acessar os resultados da pesquisa, <a href=\"https:\/\/drive.google.com\/file\/d\/1VGVLQXPxJgNnfZfTJK3EQ01gj2J14maL\/view?usp=sharing\"> clique aqui.<\/a><\/p>\n<\/div>\n","protected":false},"excerpt":{"rendered":"<p>Intermedia\u00e7\u00e3o Tur\u00edstica A intermedia\u00e7\u00e3o tur\u00edstica compreende as atividades de ag\u00eancias de viagem, operadoras e outras atividades de distribui\u00e7\u00e3o e venda de servi\u00e7os tur\u00edsticos. Uma particularidade dessas atividades \u00e9 que podem se localizar tanto nos destinos, em ag\u00eancias receptivas, como na origem, emitindo turistas para outras partes do mundo. Tais atividades est\u00e3o representadas nos c\u00f3digos CNAES:7911-2&hellip;<\/p>\n","protected":false},"author":1174,"featured_media":0,"parent":49,"menu_order":1,"comment_status":"closed","ping_status":"closed","template":"","meta":{"footnotes":""},"class_list":["post-140","page","type-page","status-publish","hentry"],"yoast_head":"<!-- This site is optimized with the Yoast SEO plugin v26.7 - https:\/\/yoast.com\/wordpress\/plugins\/seo\/ -->\n<title>Intermedia\u00e7\u00e3o Tur\u00edstica - Painel do Turismo<\/title>\n<meta name=\"description\" content=\"A intermedia\u00e7\u00e3o tur\u00edstica compreende as atividades representadas nos c\u00f3digos CNAES:7911-2 Ag\u00eancias de viagens ; 7912-1 Operadores tur\u00edsticos;7990-2 Servi\u00e7os de reservas e outros servi\u00e7os de turismo n\u00e3o especificados anteriormente; 7711-0 Loca\u00e7\u00e3o de autom\u00f3veis sem condutor.\" \/>\n<meta name=\"robots\" content=\"index, follow, max-snippet:-1, max-image-preview:large, max-video-preview:-1\" \/>\n<link rel=\"canonical\" href=\"https:\/\/wp.ufpel.edu.br\/paineldoturismo\/atlas_do_turismo_rs\/empregos-em-acts\/intermediacao-turistica\/\" \/>\n<meta property=\"og:locale\" content=\"pt_BR\" \/>\n<meta property=\"og:type\" content=\"article\" \/>\n<meta property=\"og:title\" content=\"Intermedia\u00e7\u00e3o Tur\u00edstica - Painel do Turismo\" \/>\n<meta property=\"og:description\" content=\"A intermedia\u00e7\u00e3o tur\u00edstica compreende as atividades representadas nos c\u00f3digos CNAES:7911-2 Ag\u00eancias de viagens ; 7912-1 Operadores tur\u00edsticos;7990-2 Servi\u00e7os de reservas e outros servi\u00e7os de turismo n\u00e3o especificados anteriormente; 7711-0 Loca\u00e7\u00e3o de autom\u00f3veis sem condutor.\" \/>\n<meta property=\"og:url\" content=\"https:\/\/wp.ufpel.edu.br\/paineldoturismo\/atlas_do_turismo_rs\/empregos-em-acts\/intermediacao-turistica\/\" \/>\n<meta property=\"og:site_name\" content=\"Painel do Turismo\" \/>\n<meta property=\"article:modified_time\" content=\"2023-12-07T13:11:59+00:00\" \/>\n<meta name=\"twitter:card\" content=\"summary_large_image\" \/>\n<meta name=\"twitter:label1\" content=\"Est. tempo de leitura\" \/>\n\t<meta name=\"twitter:data1\" content=\"1 minuto\" \/>\n<script type=\"application\/ld+json\" class=\"yoast-schema-graph\">{\"@context\":\"https:\/\/schema.org\",\"@graph\":[{\"@type\":\"WebPage\",\"@id\":\"https:\/\/wp.ufpel.edu.br\/paineldoturismo\/atlas_do_turismo_rs\/empregos-em-acts\/intermediacao-turistica\/\",\"url\":\"https:\/\/wp.ufpel.edu.br\/paineldoturismo\/atlas_do_turismo_rs\/empregos-em-acts\/intermediacao-turistica\/\",\"name\":\"Intermedia\u00e7\u00e3o Tur\u00edstica - Painel do Turismo\",\"isPartOf\":{\"@id\":\"https:\/\/wp.ufpel.edu.br\/paineldoturismo\/#website\"},\"datePublished\":\"2021-11-29T16:40:42+00:00\",\"dateModified\":\"2023-12-07T13:11:59+00:00\",\"description\":\"A intermedia\u00e7\u00e3o tur\u00edstica compreende as atividades representadas nos c\u00f3digos CNAES:7911-2 Ag\u00eancias de viagens ; 7912-1 Operadores tur\u00edsticos;7990-2 Servi\u00e7os de reservas e outros servi\u00e7os de turismo n\u00e3o especificados anteriormente; 7711-0 Loca\u00e7\u00e3o de autom\u00f3veis sem condutor.\",\"breadcrumb\":{\"@id\":\"https:\/\/wp.ufpel.edu.br\/paineldoturismo\/atlas_do_turismo_rs\/empregos-em-acts\/intermediacao-turistica\/#breadcrumb\"},\"inLanguage\":\"pt-BR\",\"potentialAction\":[{\"@type\":\"ReadAction\",\"target\":[\"https:\/\/wp.ufpel.edu.br\/paineldoturismo\/atlas_do_turismo_rs\/empregos-em-acts\/intermediacao-turistica\/\"]}]},{\"@type\":\"BreadcrumbList\",\"@id\":\"https:\/\/wp.ufpel.edu.br\/paineldoturismo\/atlas_do_turismo_rs\/empregos-em-acts\/intermediacao-turistica\/#breadcrumb\",\"itemListElement\":[{\"@type\":\"ListItem\",\"position\":1,\"name\":\"In\u00edcio\",\"item\":\"https:\/\/wp.ufpel.edu.br\/paineldoturismo\/\"},{\"@type\":\"ListItem\",\"position\":2,\"name\":\"Atlas do Turismo RS\",\"item\":\"https:\/\/wp.ufpel.edu.br\/paineldoturismo\/atlas_do_turismo_rs\/\"},{\"@type\":\"ListItem\",\"position\":3,\"name\":\"O que s\u00e3o ACTs?\",\"item\":\"https:\/\/wp.ufpel.edu.br\/paineldoturismo\/atlas_do_turismo_rs\/empregos-em-acts\/\"},{\"@type\":\"ListItem\",\"position\":4,\"name\":\"Intermedia\u00e7\u00e3o Tur\u00edstica\"}]},{\"@type\":\"WebSite\",\"@id\":\"https:\/\/wp.ufpel.edu.br\/paineldoturismo\/#website\",\"url\":\"https:\/\/wp.ufpel.edu.br\/paineldoturismo\/\",\"name\":\"Painel do Turismo\",\"description\":\"um projeto dedicado a entender as din\u00e2micas do turismo a partir de dados abertos\",\"potentialAction\":[{\"@type\":\"SearchAction\",\"target\":{\"@type\":\"EntryPoint\",\"urlTemplate\":\"https:\/\/wp.ufpel.edu.br\/paineldoturismo\/?s={search_term_string}\"},\"query-input\":{\"@type\":\"PropertyValueSpecification\",\"valueRequired\":true,\"valueName\":\"search_term_string\"}}],\"inLanguage\":\"pt-BR\"}]}<\/script>\n<!-- \/ Yoast SEO plugin. -->","yoast_head_json":{"title":"Intermedia\u00e7\u00e3o Tur\u00edstica - Painel do Turismo","description":"A intermedia\u00e7\u00e3o tur\u00edstica compreende as atividades representadas nos c\u00f3digos CNAES:7911-2 Ag\u00eancias de viagens ; 7912-1 Operadores tur\u00edsticos;7990-2 Servi\u00e7os de reservas e outros servi\u00e7os de turismo n\u00e3o especificados anteriormente; 7711-0 Loca\u00e7\u00e3o de autom\u00f3veis sem condutor.","robots":{"index":"index","follow":"follow","max-snippet":"max-snippet:-1","max-image-preview":"max-image-preview:large","max-video-preview":"max-video-preview:-1"},"canonical":"https:\/\/wp.ufpel.edu.br\/paineldoturismo\/atlas_do_turismo_rs\/empregos-em-acts\/intermediacao-turistica\/","og_locale":"pt_BR","og_type":"article","og_title":"Intermedia\u00e7\u00e3o Tur\u00edstica - Painel do Turismo","og_description":"A intermedia\u00e7\u00e3o tur\u00edstica compreende as atividades representadas nos c\u00f3digos CNAES:7911-2 Ag\u00eancias de viagens ; 7912-1 Operadores tur\u00edsticos;7990-2 Servi\u00e7os de reservas e outros servi\u00e7os de turismo n\u00e3o especificados anteriormente; 7711-0 Loca\u00e7\u00e3o de autom\u00f3veis sem condutor.","og_url":"https:\/\/wp.ufpel.edu.br\/paineldoturismo\/atlas_do_turismo_rs\/empregos-em-acts\/intermediacao-turistica\/","og_site_name":"Painel do Turismo","article_modified_time":"2023-12-07T13:11:59+00:00","twitter_card":"summary_large_image","twitter_misc":{"Est. tempo de leitura":"1 minuto"},"schema":{"@context":"https:\/\/schema.org","@graph":[{"@type":"WebPage","@id":"https:\/\/wp.ufpel.edu.br\/paineldoturismo\/atlas_do_turismo_rs\/empregos-em-acts\/intermediacao-turistica\/","url":"https:\/\/wp.ufpel.edu.br\/paineldoturismo\/atlas_do_turismo_rs\/empregos-em-acts\/intermediacao-turistica\/","name":"Intermedia\u00e7\u00e3o Tur\u00edstica - Painel do Turismo","isPartOf":{"@id":"https:\/\/wp.ufpel.edu.br\/paineldoturismo\/#website"},"datePublished":"2021-11-29T16:40:42+00:00","dateModified":"2023-12-07T13:11:59+00:00","description":"A intermedia\u00e7\u00e3o tur\u00edstica compreende as atividades representadas nos c\u00f3digos CNAES:7911-2 Ag\u00eancias de viagens ; 7912-1 Operadores tur\u00edsticos;7990-2 Servi\u00e7os de reservas e outros servi\u00e7os de turismo n\u00e3o especificados anteriormente; 7711-0 Loca\u00e7\u00e3o de autom\u00f3veis sem condutor.","breadcrumb":{"@id":"https:\/\/wp.ufpel.edu.br\/paineldoturismo\/atlas_do_turismo_rs\/empregos-em-acts\/intermediacao-turistica\/#breadcrumb"},"inLanguage":"pt-BR","potentialAction":[{"@type":"ReadAction","target":["https:\/\/wp.ufpel.edu.br\/paineldoturismo\/atlas_do_turismo_rs\/empregos-em-acts\/intermediacao-turistica\/"]}]},{"@type":"BreadcrumbList","@id":"https:\/\/wp.ufpel.edu.br\/paineldoturismo\/atlas_do_turismo_rs\/empregos-em-acts\/intermediacao-turistica\/#breadcrumb","itemListElement":[{"@type":"ListItem","position":1,"name":"In\u00edcio","item":"https:\/\/wp.ufpel.edu.br\/paineldoturismo\/"},{"@type":"ListItem","position":2,"name":"Atlas do Turismo RS","item":"https:\/\/wp.ufpel.edu.br\/paineldoturismo\/atlas_do_turismo_rs\/"},{"@type":"ListItem","position":3,"name":"O que s\u00e3o ACTs?","item":"https:\/\/wp.ufpel.edu.br\/paineldoturismo\/atlas_do_turismo_rs\/empregos-em-acts\/"},{"@type":"ListItem","position":4,"name":"Intermedia\u00e7\u00e3o Tur\u00edstica"}]},{"@type":"WebSite","@id":"https:\/\/wp.ufpel.edu.br\/paineldoturismo\/#website","url":"https:\/\/wp.ufpel.edu.br\/paineldoturismo\/","name":"Painel do Turismo","description":"um projeto dedicado a entender as din\u00e2micas do turismo a partir de dados abertos","potentialAction":[{"@type":"SearchAction","target":{"@type":"EntryPoint","urlTemplate":"https:\/\/wp.ufpel.edu.br\/paineldoturismo\/?s={search_term_string}"},"query-input":{"@type":"PropertyValueSpecification","valueRequired":true,"valueName":"search_term_string"}}],"inLanguage":"pt-BR"}]}},"jetpack_sharing_enabled":true,"_links":{"self":[{"href":"https:\/\/wp.ufpel.edu.br\/paineldoturismo\/wp-json\/wp\/v2\/pages\/140","targetHints":{"allow":["GET"]}}],"collection":[{"href":"https:\/\/wp.ufpel.edu.br\/paineldoturismo\/wp-json\/wp\/v2\/pages"}],"about":[{"href":"https:\/\/wp.ufpel.edu.br\/paineldoturismo\/wp-json\/wp\/v2\/types\/page"}],"author":[{"embeddable":true,"href":"https:\/\/wp.ufpel.edu.br\/paineldoturismo\/wp-json\/wp\/v2\/users\/1174"}],"replies":[{"embeddable":true,"href":"https:\/\/wp.ufpel.edu.br\/paineldoturismo\/wp-json\/wp\/v2\/comments?post=140"}],"version-history":[{"count":7,"href":"https:\/\/wp.ufpel.edu.br\/paineldoturismo\/wp-json\/wp\/v2\/pages\/140\/revisions"}],"predecessor-version":[{"id":666,"href":"https:\/\/wp.ufpel.edu.br\/paineldoturismo\/wp-json\/wp\/v2\/pages\/140\/revisions\/666"}],"up":[{"embeddable":true,"href":"https:\/\/wp.ufpel.edu.br\/paineldoturismo\/wp-json\/wp\/v2\/pages\/49"}],"wp:attachment":[{"href":"https:\/\/wp.ufpel.edu.br\/paineldoturismo\/wp-json\/wp\/v2\/media?parent=140"}],"curies":[{"name":"wp","href":"https:\/\/api.w.org\/{rel}","templated":true}]}}