{"id":26,"date":"2017-06-13T13:51:53","date_gmt":"2017-06-13T16:51:53","guid":{"rendered":"https:\/\/wp.ufpel.edu.br\/paame\/?page_id=26"},"modified":"2018-08-27T09:08:34","modified_gmt":"2018-08-27T12:08:34","slug":"processo-seletivo","status":"publish","type":"page","link":"https:\/\/wp.ufpel.edu.br\/paame\/processo-seletivo\/","title":{"rendered":"Processo seletivo"},"content":{"rendered":"<h2 style=\"text-align: left\"><\/h2>\n<h2 style=\"text-align: center\">\u00a0 \u00a0<a style=\"font-size: 16px\" href=\"https:\/\/wp.ufpel.edu.br\/paame\/files\/2018\/05\/Ata_de_sele\u00e7\u00e3o.pdf\"><img class=\"wp-image-208 size-thumbnail alignleft\" src=\"https:\/\/wp.ufpel.edu.br\/paame\/files\/2018\/08\/Aten\u00e7a\u00f5_2-200x200.jpg\" alt=\"\" width=\"200\" height=\"200\" \/><\/a><\/h2>\n<h2 style=\"text-align: center\">Segunda sele\u00e7\u00e3o de monitores 2018:<\/h2>\n<h2 style=\"text-align: center\"><a href=\"https:\/\/wp.ufpel.edu.br\/paame\/files\/2018\/08\/Edital_Monitorias_2_DME_2018.pdf\">Edital_Monitorias_2_DME_2018<\/a><\/h2>\n<h2 style=\"text-align: center\"><a href=\"https:\/\/wp.ufpel.edu.br\/paame\/files\/2018\/08\/Resultado-Sele\u00e7\u00e3o-Edital-002_2018.pdf\">Resultado Sele\u00e7\u00e3o Edital 002_2018<\/a><\/h2>\n<p>&nbsp;<\/p>\n<p>&nbsp;<\/p>\n<p>Em 2018: <a href=\"https:\/\/wp.ufpel.edu.br\/paame\/files\/2018\/04\/Edital_Monitorias_DME_2018_I.pdf\">edital <\/a> e\u00a0\u00a0<a href=\"https:\/\/wp.ufpel.edu.br\/paame\/files\/2018\/05\/Ata_de_sele\u00e7\u00e3o.pdf\">Ata_de_sele\u00e7\u00e3o<\/a><\/p>\n<p>Em\u00a02017:\u00a0 <a href=\"https:\/\/wp.ufpel.edu.br\/paame\/files\/2017\/06\/edital-sele\u00e7\u00e3o-de-bolsistas.pdf\">edital<\/a> \u00a0e \u00a0<a href=\"https:\/\/wp.ufpel.edu.br\/paame\/files\/2017\/06\/Ata_2017.pdf\">ata.<\/a><\/p>\n<p>Segunda sele\u00e7\u00e3o (\u00e1rea de Estat\u00edstica e C\u00e1lculo)\u00a0<a href=\"https:\/\/wp.ufpel.edu.br\/paame\/files\/2017\/09\/edital-sele\u00e7\u00e3o-de-bolsistas-cal2-e-estatistica.pdf\"> edital<\/a> e <a href=\"https:\/\/wp.ufpel.edu.br\/paame\/files\/2017\/09\/Ata_2017-segunda-selecao.pdf\">ata<\/a>.<\/p>\n","protected":false},"excerpt":{"rendered":"<p>\u00a0 \u00a0 Segunda sele\u00e7\u00e3o de monitores 2018: Edital_Monitorias_2_DME_2018 Resultado Sele\u00e7\u00e3o Edital 002_2018 &nbsp; &nbsp; Em 2018: edital e\u00a0\u00a0Ata_de_sele\u00e7\u00e3o Em\u00a02017:\u00a0 edital \u00a0e \u00a0ata. Segunda sele\u00e7\u00e3o (\u00e1rea de Estat\u00edstica e C\u00e1lculo)\u00a0 edital e ata.<\/p>\n","protected":false},"author":762,"featured_media":0,"parent":0,"menu_order":0,"comment_status":"closed","ping_status":"closed","template":"","meta":{"footnotes":""},"class_list":["post-26","page","type-page","status-publish","hentry"],"_links":{"self":[{"href":"https:\/\/wp.ufpel.edu.br\/paame\/wp-json\/wp\/v2\/pages\/26","targetHints":{"allow":["GET"]}}],"collection":[{"href":"https:\/\/wp.ufpel.edu.br\/paame\/wp-json\/wp\/v2\/pages"}],"about":[{"href":"https:\/\/wp.ufpel.edu.br\/paame\/wp-json\/wp\/v2\/types\/page"}],"author":[{"embeddable":true,"href":"https:\/\/wp.ufpel.edu.br\/paame\/wp-json\/wp\/v2\/users\/762"}],"replies":[{"embeddable":true,"href":"https:\/\/wp.ufpel.edu.br\/paame\/wp-json\/wp\/v2\/comments?post=26"}],"version-history":[{"count":14,"href":"https:\/\/wp.ufpel.edu.br\/paame\/wp-json\/wp\/v2\/pages\/26\/revisions"}],"predecessor-version":[{"id":213,"href":"https:\/\/wp.ufpel.edu.br\/paame\/wp-json\/wp\/v2\/pages\/26\/revisions\/213"}],"wp:attachment":[{"href":"https:\/\/wp.ufpel.edu.br\/paame\/wp-json\/wp\/v2\/media?parent=26"}],"curies":[{"name":"wp","href":"https:\/\/api.w.org\/{rel}","templated":true}]}}