{"id":116,"date":"2023-07-11T18:34:15","date_gmt":"2023-07-11T21:34:15","guid":{"rendered":"https:\/\/wp.ufpel.edu.br\/ovejanegra\/?page_id=116"},"modified":"2025-04-08T11:24:52","modified_gmt":"2025-04-08T14:24:52","slug":"ovelhas-universais","status":"publish","type":"page","link":"https:\/\/wp.ufpel.edu.br\/ovejanegra\/ovelhas-universais\/","title":{"rendered":"Ovelhas universais"},"content":{"rendered":"<p>As culturas locais tem o potencial de gerar sa\u00fade com os seus modos de vida, suas tradi\u00e7\u00f5es, sua produ\u00e7\u00e3o material e simb\u00f3lica. Nesta se\u00e7\u00e3o a palavra est\u00e1 com as comunidades:<\/p>\n<ol>\n<li><strong>Calendario 2023<\/strong> &#8211; Iniciativas de autonom\u00eda alimentaria del Barrio Los Patriotas &#8211; Tunja &#8211; Colombia: <a href=\"https:\/\/wp.ufpel.edu.br\/ovejanegra\/files\/2023\/07\/calendario.2023.pdf\">calendario.2023<\/a><\/li>\n<li><strong>Las huertas de nuestro barrio saludable<\/strong> &#8211; Los Patriotas &#8211; Tunja &#8211; Colombia: <a href=\"https:\/\/wp.ufpel.edu.br\/ovejanegra\/files\/2023\/07\/Las-huertas-de-nuestro-barrio-saludable.pdf\">Las huertas de nuestro barrio saludable<\/a><\/li>\n<li><strong>Canal de Judy Robbe<\/strong>, de Belo Horizonte &#8211; Brasil, com informa\u00e7\u00f5es sobre o cuidado de pessoas que sofrem dem\u00eancias: <a href=\"https:\/\/youtu.be\/oy9tWWoLIfA\">https:\/\/youtu.be\/oy9tWWoLIfA<\/a><\/li>\n<li><strong>Dia da Pachamama<\/strong>: veja mais na mat\u00e9ria publicada no site BdF: <a href=\"https:\/\/www.brasildefato.com.br\/2023\/08\/01\/dia-da-pachamama-saiba-mais-sobre-ritual-que-chama-as-pessoas-a-se-reconciliarem-com-a-mae-de-todos?s=03\">https:\/\/www.brasildefato.com.br\/2023\/08\/01\/dia-da-pachamama-saiba-mais-sobre-ritual-que-chama-as-pessoas-a-se-reconciliarem-com-a-mae-de-todos?s=03<\/a><\/li>\n<li><strong>Maternidade ind\u00edgena no c\u00e1rcere<\/strong>: Esta cartilha tem como objetivo informar e colaborar para o entendimento e a dissemina\u00e7\u00e3o dos direitos que s\u00e3o assegurados em rela\u00e7\u00e3o \u00e0s mulheres privadas de liberdade que s\u00e3o ind\u00edgenas e m\u00e3es. As informa\u00e7\u00f5es nela contidas partem da premissa de que o direito social de prote\u00e7\u00e3o \u00e0 maternidade e \u00e0 inf\u00e2ncia, ainda que encontre previs\u00e3o no sistema normativo, na pr\u00e1tica n\u00e3o \u00e9 garantido \u00e0s mulheres que s\u00e3o m\u00e3es e se encontram privadas de liberdade. Acesso em: <a href=\"https:\/\/wp.ufpel.edu.br\/ovejanegra\/files\/2024\/04\/Cartilha-Dissertac\u0327a\u0303o-Taina\u0301-Viana-1.pdf\">Cartilha Dissertac\u0327a\u0303o Taina\u0301 Viana (1)<\/a><\/li>\n<li><strong><span class=\"color_44 wixui-rich-text__text\"><span class=\"wixui-rich-text__text\">Morar em Liberdade: Retratos da Reforma Psiqui\u00e1trica Brasileira<\/span><\/span><\/strong><span class=\"wixui-rich-text__text\">\u00a0\u00e9 um ato de resist\u00eancia que\u00a0re\u00fane ci\u00eancia e arte em uma obra aberta que resgata narrativas de vida do cuidado humanizado da Sa\u00fade Mental. Veja mais no link:\u00a0<a href=\"https:\/\/www.moraremliberdade-educa.art.br\/\">https:\/\/www.moraremliberdade-educa.art.br\/<\/a><\/span><\/li>\n<\/ol>\n","protected":false},"excerpt":{"rendered":"<p>As culturas locais tem o potencial de gerar sa\u00fade com os seus modos de vida, suas tradi\u00e7\u00f5es, sua produ\u00e7\u00e3o material e simb\u00f3lica. Nesta se\u00e7\u00e3o a palavra est\u00e1 com as comunidades: Calendario 2023 &#8211; Iniciativas de autonom\u00eda alimentaria del Barrio Los&#8230; <a class=\"more-link\" href=\"https:\/\/wp.ufpel.edu.br\/ovejanegra\/ovelhas-universais\/\">Continue lendo &rarr;<\/a><\/p>\n","protected":false},"author":1240,"featured_media":0,"parent":0,"menu_order":2,"comment_status":"closed","ping_status":"closed","template":"","meta":{"footnotes":""},"class_list":["post-116","page","type-page","status-publish","hentry"],"jetpack-related-posts":[],"jetpack_sharing_enabled":true,"_links":{"self":[{"href":"https:\/\/wp.ufpel.edu.br\/ovejanegra\/wp-json\/wp\/v2\/pages\/116","targetHints":{"allow":["GET"]}}],"collection":[{"href":"https:\/\/wp.ufpel.edu.br\/ovejanegra\/wp-json\/wp\/v2\/pages"}],"about":[{"href":"https:\/\/wp.ufpel.edu.br\/ovejanegra\/wp-json\/wp\/v2\/types\/page"}],"author":[{"embeddable":true,"href":"https:\/\/wp.ufpel.edu.br\/ovejanegra\/wp-json\/wp\/v2\/users\/1240"}],"replies":[{"embeddable":true,"href":"https:\/\/wp.ufpel.edu.br\/ovejanegra\/wp-json\/wp\/v2\/comments?post=116"}],"version-history":[{"count":6,"href":"https:\/\/wp.ufpel.edu.br\/ovejanegra\/wp-json\/wp\/v2\/pages\/116\/revisions"}],"predecessor-version":[{"id":718,"href":"https:\/\/wp.ufpel.edu.br\/ovejanegra\/wp-json\/wp\/v2\/pages\/116\/revisions\/718"}],"wp:attachment":[{"href":"https:\/\/wp.ufpel.edu.br\/ovejanegra\/wp-json\/wp\/v2\/media?parent=116"}],"curies":[{"name":"wp","href":"https:\/\/api.w.org\/{rel}","templated":true}]}}