{"id":17,"date":"2018-04-03T09:29:20","date_gmt":"2018-04-03T12:29:20","guid":{"rendered":"https:\/\/wp.ufpel.edu.br\/otpef\/?page_id=17"},"modified":"2020-03-24T10:18:04","modified_gmt":"2020-03-24T13:18:04","slug":"participantes","status":"publish","type":"page","link":"https:\/\/wp.ufpel.edu.br\/otpef\/quem-somos\/participantes\/","title":{"rendered":"Participantes"},"content":{"rendered":"<p><a href=\"http:\/\/buscatextual.cnpq.br\/buscatextual\/visualizacv.do?id=K4362019T7\">Alessa Oliveira Jorge de Castro<\/a> &#8211; Professora de Educa\u00e7\u00e3o F\u00edsica da Rede Municipal de Ensino de Pelotas. Mestranda em Educa\u00e7\u00e3o F\u00edsica (UFPel)<\/p>\n<p><a href=\"http:\/\/buscatextual.cnpq.br\/buscatextual\/visualizacv.do?id=K8154690U7&amp;tokenCaptchar=03AHaCkAaLI38LvQiQMJsaQP1OK3DRuyWIM-VjusMyJKdJ4KOXyN6zWjH0C98zbwoP6BCnGT-xQUrofaTkKOAU6P-CgzDcGa2TCtDBIwsqO6lNT3LcP_r3H2UG7xTfrYlQVPKqgXUm5r0jPsa8JDnr3gnJFZXGmZdIRDxgcdnjkPoRhk01WFrBoql37nSz_MOnlNeL4FGD0CiPxRIVhWYiG-0N0T0MUTjvv3l59Gn3_3hq7kYh0fmBp9sNIVGQx_t7F0q6LUAmtUmHFbHNJzUY16PWFQyFxzNQomgKK3ZWTUpVpHCfWs0TGux1QD4Pf74rSFm_fcV4YDzMzPj6W2PwgogikRYJmtVRi8Q-pOkm8ikQQW-UL2Zq5iZ6adRYPAq49qg_3sz2xhLvqyRjY11ykl0vttFs9R5MiIMHq4K4H8Tcyg2mfeO4ycEMxPSVsbpKNuGVePZqkLC6Moh4kNd4RVDSfOZmwOsd-Q\">Alisane Karine Machado<\/a> &#8211; Professora de Educa\u00e7\u00e3o F\u00edsica (UFPel)<\/p>\n<p><a href=\"http:\/\/buscatextual.cnpq.br\/buscatextual\/visualizacv.do?id=K8984646P3&amp;tokenCaptchar=03AHaCkAZHrJMckvOtMCEsMNMFKvNny1OBNo6gQjkYKqx4HFdoaCJfMfYCvhJwhNewkmQ7DYBPFnSiHnbyPwj9D0luMgNXVxVzkcAkZutR60ETsy93rWwU_T8VdxwHPTSuIwh4WZcWZ5RBo6c2XTcEn1M2dnamT9gVQU42Ue6gNA4EA9I5bumKl8-flmRNQ-g4CJyYLjCnuv89pgk4XXHEylIFE5rVJo3W0hUs_6qBDEe2GbbFld7ntDQzQOqDDaeCVRTCFK22E5Y7VJTmM-9qUDMDyeCo0p1EYvD2imGfIslqVimt3CFaDDd1mXlxT4kfbJ1ld1Sa1hMH6wGjAxZp-XNIbTSkZuIdfotdv423dUTbam2ilCE61LX1EhOzNW0dFSXYwa4uynDZ09p1z1fujdWjufgWfkOaEIoG5t1nmM8LuPWn61bMetkecQJx9Ij9n3xEZwSVTVJ993JdBaMHa-F8LpYs-Wkvmw\">Antonio Vin\u00edcius Oliveira de Almeida<\/a> &#8211; Professor de Educa\u00e7\u00e3o F\u00edsica<\/p>\n<p><a href=\"http:\/\/buscatextual.cnpq.br\/buscatextual\/visualizacv.do?id=K2360498Y9&amp;tokenCaptchar=03AHaCkAbDKUR0AiONoS6BYKfLxJxKZpNY1BLTeZEeqj6yfZ4fa7jHqXRdUh1803_sP7DXnUIqFewar4cm4onighkimN7HmK79sRTn3reLRlfuG2qne67XjogOy6peaqrXUb8q9IuUL7Qf6-iVUvPhDtDcQhJbo_nMMe3DutbGmO7b9beNsXKD8CBeGjfsIYfpA13EnIEzNMLPPOKTQP77KAo8uCzWdLrfVurtPoPw7fh71ZR0e6MdepTkCwtoynaLMC_YPIwVFcGbtCTMHaCA6HTRGFgkvyFzjA6h7pXPtVIZXfJ9Qfp2RSPErX7QZbVgpvAKnNoaUCh6-PM4FoA1kB3JPZIfPo93R1PYITpGlcDbLNtX_gh8HNavTx6SwWjSTsPxW-PJRAfj8cej6EaJx8VggfS_pcFZyKw9vl8-ER2h6nHbr0bDJIaM2xP7-MVQLtEa69uVTiRiejBY3qXFwBRIYLb54a_guA\">Bruno Ferreira Freitas<\/a> &#8211; Estudante de Educa\u00e7\u00e3o F\u00edsica (UFPel)<\/p>\n<p><a href=\"http:\/\/buscatextual.cnpq.br\/buscatextual\/visualizacv.do?id=K8277513A3&amp;tokenCaptchar=03AHaCkAZk-fEl3rVRt6fx3oim9fv1114VftOYfEn1NMw4ZSqMzvCRCCMjvI-YQcEEN3jdwcBdJwRfOkhL_nFkZPZsHpolT1p6z85YPxkSsf0K3siq_TfYbY8PUBa_AasXPn-qnsLcaNPH7j7xCbEnkV1ii-ysgnZ6x3yU1YDJ13CuYl14s0vANWt5naOxNhQm7A4jTnKFp8nr10Uwcz7n8mSK6o7lfKeq5lIDvvGB7Nika4vPep8K0a8b83y3i9RevKh4ZZXwRLVSPrEtqviS0RKIXhv4zYDUp_xXLtYbdsAOH43OIONKyvKPbF7SDsHmiPZBPLeOlwGva_1d4Ut4xzCKUNxAzO1yAyK_0n3rj8FBe4eRtGMC-ydqRXTqZEMAeR_2UaPuk3k-lp3BU2qV9mJwY01n8rOCoh-v4qLX-oogRAB2OzwoQpbRJFqBYSDZahhkaYycf6vLaTF96AjkxhSjn-cVhKSVYQ\">Cati\u00facia Almeida de Souza<\/a> &#8211; Professora de Educa\u00e7\u00e3o F\u00edsica. Mestranda\u00a0em Educa\u00e7\u00e3o F\u00edsica (UFPel)<\/p>\n<p>Christian Peres da Costa &#8211; Estudante de Educa\u00e7\u00e3o F\u00edsica (UFPel)<\/p>\n<p><a href=\"http:\/\/buscatextual.cnpq.br\/buscatextual\/visualizacv.do?id=K4710275H9\">Giovanni Frizzo<\/a> &#8211; Professor da ESEF\/UFPel. Doutor em Ci\u00eancias do Movimento Humano (UFRGS)<\/p>\n<p><a href=\"http:\/\/buscatextual.cnpq.br\/buscatextual\/visualizacv.do?id=K4413412J2&amp;tokenCaptchar=03AHaCkAaI8EelRGFkgs9uMGMHA6qwX41vfaOKrbaS9yGuVys-uUfGFBtS8ButgdiWvYt8M05MzdtAaUPIBs6nn1pOsNjpk3HbuRug9bXtbuCpDT9GpLtmCZ4P0uUIYzklL1vibogSmUChhSO5sYkqHlwqOKvkpkjbEaIN0cgt80kcW_WrsWe0WZdCGHA4MEX9m8byH0SvKnULk1_3G9f_M8jz0HaBZYONE4m5zsm26ChjMdnvvQyqDr9BHTV2bkiGxEp4RpJ8uA0qb-nxzWA1B9wcmDu-Ud5nz3wFDNEqOrYt60NyKvct5O_BlxNJzo7l8Mw9q4jQ9M0DN8OVPBAf2pduPKVPTiEcwF4ebdRiagz-khNq60PE5s7WyEDOh59RvbaWUHItod9nqfbeAbpAouTLn27YHZoT12Ws4Uc1q2-Pu_34ecoZqV1MY648BtBSQjGIsFdZydXmS-hAUp-vMKlu7x-1wwsqIA\">Ivan Bremm de Oliveira<\/a> &#8211; Servidor P\u00fablico no IFSul. Doutorando em Educa\u00e7\u00e3o F\u00edsica (UFPel)<\/p>\n<p><a href=\"http:\/\/buscatextual.cnpq.br\/buscatextual\/visualizacv.do?id=K4467525Y5&amp;tokenCaptchar=03AHaCkAYPLtGUQ8wl_4W77utgWehccb2S-fm35qVSVYAJmImYEicbrtJZYI7uTu84uENfyEOfTzd0laH6q5gdM-dcigbKVpTYZYsa11ArkS0CvV5Y44GO6ZyzT6uH0_7i4mHVkTyzRItOqSg0fWa96XDtuQwXlV5eq4kU7Fxfeq3I6ESEYFnLT319HGjbf_LXYF2e_exCcTh7W2ah7uH04iXcC3D-SE4O_slzy19AWgQ1D8KKfIu_ezKIZLjcsUhG4x8xmnKaFVsah62Nel4PAFGLQA6IYjvn5NotJE_K9rVBfMobVTchVp8JTzvQXlFULn9U39vgoGj8veKeLWn-4xoxeUx0Bqg4AO4-PnPtaCc6ebprNx1O-MOxLwcbLWJlwOd9otPps-VD70h1NL6R20w1izxPYzEvakuxVflrnYrTEsWbrM0F2SzH4apcdylddH9Btnb_wsJgxWhVAzrbOpCf8hu66fTu1A\">Isabella Filippini<\/a> &#8211; Professora de Educa\u00e7\u00e3o F\u00edsica e Assistente Social. Mestra em Educa\u00e7\u00e3o F\u00edsica (UFPel)<\/p>\n<p><a href=\"http:\/\/buscatextual.cnpq.br\/buscatextual\/visualizacv.do?id=K8738251U1&amp;tokenCaptchar=03AHaCkAZ2cyH09IEEEdvBJzHi7hMS797QpBaLUJZ_9lVt1Z0rmYauDLj21ctmGL2_STSmH6xtTve8j83PTcBl3iDtxwLxz5fEiztwtbfMM2kMFzyurFA0bjzRPNlO6eHCz7MET87VEzNdsugjWp1bG4VgccQvSOEt9BMQ4_Mz2o33Lb6TwYXZb2YhgeqEUyCkvgK9jsJPOugw3mHjm9zMu4izmBlJv4kJb6GpjvwraEHW2lWhU_tBS6CwOULtES8_p2F5U-gySKrUaUEFB0Au6UogfHug4UwLbUKTq3ttYC4Tl_XGxs-u6Uz0EdwLarbFExH8d7Ocf2iqMif17RTKMbaYcP9E3mA7NAMTSBqA4p1mK-EqcbB5pLFCLPCFkwGmNf5UiSHutNx3DAJn2DBS5ZzDmYQi6ZXJkJDYodZ7xCNQP2mSroLtVqNIIwARctE_YtZCyc1wcQa5S00KJjy1ZaBR4s163XvQPA\">Jos\u00e9 Alberto Coutinho da Silva<\/a> &#8211; Professor de Educa\u00e7\u00e3o F\u00edsica. Mestrando em Educa\u00e7\u00e3o F\u00edsica (UFPel)<\/p>\n<p><a href=\"http:\/\/buscatextual.cnpq.br\/buscatextual\/visualizacv.do?id=K8133821U6&amp;tokenCaptchar=03AHaCkAam4T4pKaZhYsqi9_aVwamYpkiWRcx1VxXKeQsfkXrbgxLzHYyJOHHDPosqxYpnnTtEyGC2okztrCBDAr_z9-ExtOubYIC0JwNiWqbiAVC4QeO2uvtotI0S0wElQvWDwiJoVmgW4uxz9AbxGy3hTmhmIOGT_0x6LmA0HfZ2g83yFVZ8csVS6OMt3v28xzNt_tI7GiIPfG-IqMzrX_SqV7y4cSsgwrZurJvs6SArasnlbfcZtrjysjD92hzNQXt9xP4eSRHMfoaKTGvQJnPjyN75VBa9Oz6yNR9s0ecmQJs1mtg4ztcBUVBSuot5tPDyTxcsB7tZzgSZ3eAdLobQ8bDTd_GRUqKOR4wmKkL2tC8ZB9NcDe3zu4hoSTEdMeI9i5Eo1cp62Y4OZQv6TzyIDZd1_qRuzgMOWkIZjwU-HgpaLYysXk3aY5zmHGVxDS90zm8UcSrkW7FCZUHIouMG5r4C9zqnCA\">Katarina Cechin<\/a> &#8211; Professora de Educa\u00e7\u00e3o F\u00edsica (UFPel)<\/p>\n<p><a href=\"http:\/\/buscatextual.cnpq.br\/buscatextual\/visualizacv.do?id=K2360498Y9&amp;tokenCaptchar=03AHaCkAbDKUR0AiONoS6BYKfLxJxKZpNY1BLTeZEeqj6yfZ4fa7jHqXRdUh1803_sP7DXnUIqFewar4cm4onighkimN7HmK79sRTn3reLRlfuG2qne67XjogOy6peaqrXUb8q9IuUL7Qf6-iVUvPhDtDcQhJbo_nMMe3DutbGmO7b9beNsXKD8CBeGjfsIYfpA13EnIEzNMLPPOKTQP77KAo8uCzWdLrfVurtPoPw7fh71ZR0e6MdepTkCwtoynaLMC_YPIwVFcGbtCTMHaCA6HTRGFgkvyFzjA6h7pXPtVIZXfJ9Qfp2RSPErX7QZbVgpvAKnNoaUCh6-PM4FoA1kB3JPZIfPo93R1PYITpGlcDbLNtX_gh8HNavTx6SwWjSTsPxW-PJRAfj8cej6EaJx8VggfS_pcFZyKw9vl8-ER2h6nHbr0bDJIaM2xP7-MVQLtEa69uVTiRiejBY3qXFwBRIYLb54a_guA\">Larissa Telexa da Silva<\/a> &#8211; Estudante de Pedagogia (FURG)<\/p>\n<p><a href=\"http:\/\/buscatextual.cnpq.br\/buscatextual\/visualizacv.do?id=K4815661A0\">Leonardo Lemos Silveira<\/a> &#8211; Professor de Educa\u00e7\u00e3o F\u00edsica. Doutorando em Educa\u00e7\u00e3o F\u00edsica (UFPel)<\/p>\n<p>Lucas Salgado &#8211; Estudante de Educa\u00e7\u00e3o F\u00edsica (UFPel)<\/p>\n<p><a href=\"http:\/\/buscatextual.cnpq.br\/buscatextual\/visualizacv.do?id=K4276280T1&amp;tokenCaptchar=03AHaCkAazwabqEH6Y9z1RDATY77As0EwwNxZw8E0EoCXB1vNpc2KzBLW_oPqmCkUSESXGeNFfGwgEhUL8sxjI6hwtx0KQP7CJ_DmgtjTg0OV-kNcCQjmUYZYVYsCHN4mnOF0yyh_YjImKKJ-Zkt_dffmq2-tT6ompO_D0BALzZp93Lgn9OgpegCUDX96cGOT9884KtI_Ci904ysND4oYqwBK-zQHDFv69VRsoyjk0VDdbIea8K1RQhN2Qg78-Xj7-by_FVN8__Okfz-Sx2aqGD-hDfD_8enYPwRJKk5zTFn2AX1dUvu2QY9sU69Oa5Nrxd1HAabkrXZ79xIOKm_j2qNIcBpkWTMMdQMiWYyIJ3gOiqdh-bFWvkgdQ_eqcvchpTLqhRdd1Jw4YI9gxonWuHTNRQQ8URfxsazNg9c-DzFI9KdAOU4SAji_v0sJp_Fc9ZgQQ81GBXUQHi0jnfAI8-oZDJ-DuTXr4yg\">Marluce Raquel Decian Corr\u00eaa<\/a> &#8211; Professora substituta da ESEF\/UFPEL. Doutora em Educa\u00e7\u00e3o F\u00edsica (UFPel)<\/p>\n<p><a href=\"http:\/\/buscatextual.cnpq.br\/buscatextual\/visualizacv.do?id=K4892011J8&amp;tokenCaptchar=03AHaCkAZhjVSKYbySOX-13berewlihnRvi8qrOjWr5cAxVvsSKX2MJBGpv6cDPDN13QD2_x-auQ0MFyiVqwuMnktPf6FVdUBoN103oz803DPZt7RJe5ITgVzawalR3i_81aSTdRWIWmjmf70iQ2IavU6Gklj6NzSdpr0F7m2AfY1bwZjybCPwXyWsNypRApu66Yg1haB-_e7j6qE7sE_-yeblMgcBZuaL11QBoHcINneXktGxNR7cG0U-CtWC-CxOveGeAN7FF_ZYLgAWIG1xBwJp8oWeFmr00Wr5gjwqk7rqRyDVH83EVUkuKD7NJLOVJAkmThDNHdoGUQascB1Jrl3C0TvX6WrQ_mwvskc949EBEY2gAVnrHEXsUwonJc1YOxauhuL0VJSEfFCcPLumRrqpUeyY5Re_8b77RPuz8-ejdqJ-_U4yXoTU479bnsfKssMbFtgXhz-OYlcJ4tkalONxPgkoRphWWg\">Martina Gon\u00e7alves Burch Costa<\/a> &#8211; Professora de Educa\u00e7\u00e3o F\u00edsica. Mestra em Educa\u00e7\u00e3o F\u00edsica (UFPel)<\/p>\n<p>Patrick Borges &#8211; Estudante de Educa\u00e7\u00e3o F\u00edsica (UFPel)<\/p>\n<p>Priscila Borges &#8211; Professora de Educa\u00e7\u00e3o F\u00edsica da Rede Municipal de Ensino de Pelotas. Especialista em Sa\u00fade Mental Coletiva ESP-RS. Mestra em Ci\u00eancias PPGEnf-UFPel<\/p>\n<p><a href=\"http:\/\/buscatextual.cnpq.br\/buscatextual\/visualizacv.do?id=K4362236Y9&amp;tokenCaptchar=03AHaCkAab9QDyx9K57u_3B4NcG9MJWoE8YPOs4F6Eo08t0bbAK163HgM34tEzEeDMdhoTHufh9GVyYUgrg_-nQVun3WSGN6NCopvJyv2f2-j4PYxGqOqNgobhbBbm7RV-GE12-hWaR08u5xH4UK59f5nRTHQtHPC-Jsv3AmiLy8p40Q0Cgsf2Uck6S047JYqi7IVuEWehAUvr1IVdXQJOWhsgK7J4MK7bLmaGNWkOJoEozRVBgazz9pO4o9DvTQgWRBvKEyIQR0O8hrWGQuhGx9Nw6Gw2X0_lFH7ExAN_6unDBuV_EwNLndwd-wbagb6GHx9J2676apmtVAwPUTUOK6VDwkf1keKKPSXzB2-5sz7fgbZvHIGnIUjyJAullpiAld7T6lDRdI2NFjWAQJJ3n052aBVG_WcBQ-TPPoRYdORe4Lmyu0VLRiNup_y5Syn00nI7nOH2YIau2qQR1O7-eo9ksFFR2UF0Tg\">Thais Mortola Dias<\/a> &#8211; Professora de Educa\u00e7\u00e3o F\u00edsica. Mestranda\u00a0em Educa\u00e7\u00e3o F\u00edsica (UFPel)<\/p>\n","protected":false},"excerpt":{"rendered":"<p>Alessa Oliveira Jorge de Castro &#8211; Professora de Educa\u00e7\u00e3o F\u00edsica da Rede Municipal de Ensino de Pelotas. Mestranda em Educa\u00e7\u00e3o F\u00edsica (UFPel) Alisane Karine Machado &#8211; Professora de Educa\u00e7\u00e3o F\u00edsica (UFPel) Antonio Vin\u00edcius Oliveira de Almeida &#8211; Professor de Educa\u00e7\u00e3o F\u00edsica Bruno Ferreira Freitas &#8211; Estudante de Educa\u00e7\u00e3o F\u00edsica (UFPel) Cati\u00facia Almeida de Souza &#8211; &hellip; <\/p>\n<p><a class=\"more-link btn\" href=\"https:\/\/wp.ufpel.edu.br\/otpef\/quem-somos\/participantes\/\">Continue lendo<\/a><\/p>\n","protected":false},"author":837,"featured_media":0,"parent":13,"menu_order":0,"comment_status":"closed","ping_status":"closed","template":"","meta":{"footnotes":""},"class_list":["post-17","page","type-page","status-publish","hentry","nodate","item-wrap"],"_links":{"self":[{"href":"https:\/\/wp.ufpel.edu.br\/otpef\/wp-json\/wp\/v2\/pages\/17","targetHints":{"allow":["GET"]}}],"collection":[{"href":"https:\/\/wp.ufpel.edu.br\/otpef\/wp-json\/wp\/v2\/pages"}],"about":[{"href":"https:\/\/wp.ufpel.edu.br\/otpef\/wp-json\/wp\/v2\/types\/page"}],"author":[{"embeddable":true,"href":"https:\/\/wp.ufpel.edu.br\/otpef\/wp-json\/wp\/v2\/users\/837"}],"replies":[{"embeddable":true,"href":"https:\/\/wp.ufpel.edu.br\/otpef\/wp-json\/wp\/v2\/comments?post=17"}],"version-history":[{"count":11,"href":"https:\/\/wp.ufpel.edu.br\/otpef\/wp-json\/wp\/v2\/pages\/17\/revisions"}],"predecessor-version":[{"id":122,"href":"https:\/\/wp.ufpel.edu.br\/otpef\/wp-json\/wp\/v2\/pages\/17\/revisions\/122"}],"up":[{"embeddable":true,"href":"https:\/\/wp.ufpel.edu.br\/otpef\/wp-json\/wp\/v2\/pages\/13"}],"wp:attachment":[{"href":"https:\/\/wp.ufpel.edu.br\/otpef\/wp-json\/wp\/v2\/media?parent=17"}],"curies":[{"name":"wp","href":"https:\/\/api.w.org\/{rel}","templated":true}]}}