{"id":13,"date":"2018-04-03T09:24:58","date_gmt":"2018-04-03T12:24:58","guid":{"rendered":"https:\/\/wp.ufpel.edu.br\/otpef\/?page_id=13"},"modified":"2018-04-03T10:38:04","modified_gmt":"2018-04-03T13:38:04","slug":"quem-somos","status":"publish","type":"page","link":"https:\/\/wp.ufpel.edu.br\/otpef\/quem-somos\/","title":{"rendered":"Quem Somos"},"content":{"rendered":"<p>O Grupo de estudos e Pesquisa em organiza\u00e7\u00e3o do trabalho pedag\u00f3gico da Educa\u00e7\u00e3o F\u00edsica (OTPEF), da ESEF\/UFPel, tem por objetivo desenvolver investiga\u00e7\u00f5es sobre a organiza\u00e7\u00e3o do trabalho pedag\u00f3gico da Educa\u00e7\u00e3o F\u00edsica (EF) no contexto escolar e no ensino superior, buscando identificar as determina\u00e7\u00f5es existentes na forma\u00e7\u00e3o do professorado e na EF escolar. Os estudos realizados pelo OTPEF tem base no referencial marxista e o m\u00e9todo de an\u00e1lise da realidade \u00e9 o materialismo hist\u00f3rico dial\u00e9tico.\u00a0As tem\u00e1ticas principais que investigamos s\u00e3o referentes \u00e0 precariza\u00e7\u00e3o do trabalho docente, forma\u00e7\u00e3o e atua\u00e7\u00e3o profissional da EF, sa\u00fade e qualidade de vida do professorado de EF e os processos de consci\u00eancia dos professores e professoras de EF na cidade de Pelotas-RS e regi\u00e3o sul do Estado.<\/p>\n<p>O OTPEF \u00e9 aberto \u00e0 participa\u00e7\u00e3o de estudantes e docentes e atualmente \u00e9 composto por estudantes de gradua\u00e7\u00e3o, mestrado e doutorado da ESEF\/UFPel.<\/p>\n","protected":false},"excerpt":{"rendered":"<p>O Grupo de estudos e Pesquisa em organiza\u00e7\u00e3o do trabalho pedag\u00f3gico da Educa\u00e7\u00e3o F\u00edsica (OTPEF), da ESEF\/UFPel, tem por objetivo desenvolver investiga\u00e7\u00f5es sobre a organiza\u00e7\u00e3o do trabalho pedag\u00f3gico da Educa\u00e7\u00e3o F\u00edsica (EF) no contexto escolar e no ensino superior, buscando identificar as determina\u00e7\u00f5es existentes na forma\u00e7\u00e3o do professorado e na EF escolar. Os estudos realizados &hellip; <\/p>\n<p><a class=\"more-link btn\" href=\"https:\/\/wp.ufpel.edu.br\/otpef\/quem-somos\/\">Continue lendo<\/a><\/p>\n","protected":false},"author":837,"featured_media":0,"parent":0,"menu_order":0,"comment_status":"closed","ping_status":"closed","template":"","meta":{"footnotes":""},"class_list":["post-13","page","type-page","status-publish","hentry","nodate","item-wrap"],"_links":{"self":[{"href":"https:\/\/wp.ufpel.edu.br\/otpef\/wp-json\/wp\/v2\/pages\/13","targetHints":{"allow":["GET"]}}],"collection":[{"href":"https:\/\/wp.ufpel.edu.br\/otpef\/wp-json\/wp\/v2\/pages"}],"about":[{"href":"https:\/\/wp.ufpel.edu.br\/otpef\/wp-json\/wp\/v2\/types\/page"}],"author":[{"embeddable":true,"href":"https:\/\/wp.ufpel.edu.br\/otpef\/wp-json\/wp\/v2\/users\/837"}],"replies":[{"embeddable":true,"href":"https:\/\/wp.ufpel.edu.br\/otpef\/wp-json\/wp\/v2\/comments?post=13"}],"version-history":[{"count":1,"href":"https:\/\/wp.ufpel.edu.br\/otpef\/wp-json\/wp\/v2\/pages\/13\/revisions"}],"predecessor-version":[{"id":15,"href":"https:\/\/wp.ufpel.edu.br\/otpef\/wp-json\/wp\/v2\/pages\/13\/revisions\/15"}],"wp:attachment":[{"href":"https:\/\/wp.ufpel.edu.br\/otpef\/wp-json\/wp\/v2\/media?parent=13"}],"curies":[{"name":"wp","href":"https:\/\/api.w.org\/{rel}","templated":true}]}}

<p>O Grupo de estudos e Pesquisa em organização do trabalho pedagógico da Educação Física (OTPEF), da ESEF/UFPel, tem por objetivo desenvolver investigações sobre a organização do trabalho pedagógico da Educação Física (EF) no contexto escolar e no ensino superior, buscando identificar as determinações existentes na formação do professorado e na EF escolar. Os estudos realizados pelo OTPEF tem base no referencial marxista e o método de análise da realidade é o materialismo histórico dialético. As temáticas principais que investigamos são referentes à precarização do trabalho docente, formação e atuação profissional da EF, saúde e qualidade de vida do professorado de EF e os processos de consciência dos professores e professoras de EF na cidade de Pelotas-RS e região sul do Estado.</p>
<p>O OTPEF é aberto à participação de estudantes e docentes e atualmente é composto por estudantes de graduação, mestrado e doutorado da ESEF/UFPel.</p>

<p>O Grupo de estudos e Pesquisa em organização do trabalho pedagógico da Educação Física (OTPEF), da ESEF/UFPel, tem por objetivo desenvolver investigações sobre a organização do trabalho pedagógico da Educação Física (EF) no contexto escolar e no ensino superior, buscando identificar as determinações existentes na formação do professorado e na EF escolar. Os estudos realizados &hellip; </p>
<p><a class="more-link btn" href="https://wp.ufpel.edu.br/otpef/quem-somos/">Continue lendo</a></p>
