{"id":2,"date":"2023-07-21T08:49:54","date_gmt":"2023-07-21T11:49:54","guid":{"rendered":"https:\/\/wp.ufpel.edu.br\/olharesdetarsila\/?page_id=2"},"modified":"2023-11-03T15:42:35","modified_gmt":"2023-11-03T18:42:35","slug":"pagina-exemplo","status":"publish","type":"page","link":"https:\/\/wp.ufpel.edu.br\/olharesdetarsila\/","title":{"rendered":"Tarsila do Amaral: 50 anos de saudade"},"content":{"rendered":"<h5><strong>Projeto de pesquisa &#8211; <\/strong><b>Coordena\u00e7\u00e3o: Tha\u00eds Cristina Martino Sehn<\/b><\/h5>\n<p><span style=\"font-weight: 400;\">A a\u00e7\u00e3o de pesquisa \u201cOlhares de Tarsila\u201d surgiu como uma forma de homenagear a artista brasileira Tarsila do Amaral no ano em que se completa 50 anos de sua morte. Foi desenvolvido dentro do projeto de pesquisa da professora Tha\u00eds Sehn, \u201cTarsila do Amaral: 50 anos de saudade\u201d. Nesta proposta os alunos foram convidados a repensar a Tarsila do Amaral dentro da sua \u00e1rea de atua\u00e7\u00e3o: ilustra\u00e7\u00e3o, webdesign e identidade visual. Os alunos trabalharam colaborativamente, criaram o nome da marca e exploraram a tem\u00e1tica nas \u00e1reas que possu\u00edam maior interesse dentro do design. O trabalho Texturas de Tarsila utilizou como base o aproveitamento do material que seria descartado pela empresa Greenplac MDF (@greenplacMDF), fazendo parte do projeto Design Circular da empresa Greenplac. A obras expostas nesta mostra cultural s\u00e3o um desdobramento do projeto unificado que nasceu vinculado \u00e0 disciplina de Fundamentos do Desenho.<\/span><\/p>\n<p><span style=\"font-weight: 400;\">Participantes da exposi\u00e7\u00e3o:\u00a0<\/span><\/p>\n<p><strong><em>Naming e Identidade Visual \u201cOlhares de Tarsila\u201d<\/em><\/strong><br \/>\n<em><span style=\"font-weight: 400;\">Daniel Lampe da Silva. 2023.<\/span><\/em><\/p>\n<p><strong><em>Website \u201cOlhares de Tarsila\u201d<\/em><\/strong><br \/>\n<em><span style=\"font-weight: 400;\">Maria Eduarda Gr\u00fctzmann. 2023.<\/span><\/em><\/p>\n<p><strong><em>Ilustra\u00e7\u00f5es \u201cOlhares de Tarsila\u201d<\/em><\/strong><br \/>\n<em><span style=\"font-weight: 400;\">Lara Calvette. 2023.<\/span><\/em><\/p>\n<p>&nbsp;<\/p>\n","protected":false},"excerpt":{"rendered":"<p>Projeto de pesquisa &#8211; Coordena\u00e7\u00e3o: Tha\u00eds Cristina Martino Sehn A a\u00e7\u00e3o de pesquisa \u201cOlhares de Tarsila\u201d surgiu como uma forma de homenagear a artista brasileira Tarsila do Amaral no ano em que se completa 50 anos de sua morte. Foi desenvolvido dentro do projeto de pesquisa da professora Tha\u00eds Sehn, \u201cTarsila do Amaral: 50 anos [&hellip;]<\/p>\n","protected":false},"author":1179,"featured_media":0,"parent":0,"menu_order":0,"comment_status":"closed","ping_status":"closed","template":"","meta":{"footnotes":""},"class_list":["post-2","page","type-page","status-publish","hentry","post"],"_links":{"self":[{"href":"https:\/\/wp.ufpel.edu.br\/olharesdetarsila\/wp-json\/wp\/v2\/pages\/2","targetHints":{"allow":["GET"]}}],"collection":[{"href":"https:\/\/wp.ufpel.edu.br\/olharesdetarsila\/wp-json\/wp\/v2\/pages"}],"about":[{"href":"https:\/\/wp.ufpel.edu.br\/olharesdetarsila\/wp-json\/wp\/v2\/types\/page"}],"author":[{"embeddable":true,"href":"https:\/\/wp.ufpel.edu.br\/olharesdetarsila\/wp-json\/wp\/v2\/users\/1179"}],"replies":[{"embeddable":true,"href":"https:\/\/wp.ufpel.edu.br\/olharesdetarsila\/wp-json\/wp\/v2\/comments?post=2"}],"version-history":[{"count":5,"href":"https:\/\/wp.ufpel.edu.br\/olharesdetarsila\/wp-json\/wp\/v2\/pages\/2\/revisions"}],"predecessor-version":[{"id":144,"href":"https:\/\/wp.ufpel.edu.br\/olharesdetarsila\/wp-json\/wp\/v2\/pages\/2\/revisions\/144"}],"wp:attachment":[{"href":"https:\/\/wp.ufpel.edu.br\/olharesdetarsila\/wp-json\/wp\/v2\/media?parent=2"}],"curies":[{"name":"wp","href":"https:\/\/api.w.org\/{rel}","templated":true}]}}