{"id":174,"date":"2023-11-03T16:08:40","date_gmt":"2023-11-03T19:08:40","guid":{"rendered":"https:\/\/wp.ufpel.edu.br\/olharesdetarsila\/?page_id=174"},"modified":"2023-11-03T22:37:32","modified_gmt":"2023-11-04T01:37:32","slug":"website","status":"publish","type":"page","link":"https:\/\/wp.ufpel.edu.br\/olharesdetarsila\/website\/","title":{"rendered":"Website"},"content":{"rendered":"<p><span style=\"font-weight: 400;\">O prot\u00f3tipo foi criado no software Figma.<\/span><span style=\"font-weight: 400;\"> Nele \u00e9 utilizada a mesma paleta de cores da identidade visual e das ilustra\u00e7\u00f5es. Na metodologia foram explorados os conceitos de estrutura\u00e7\u00e3o e organiza\u00e7\u00e3o da informa\u00e7\u00e3o, da metodologia de Jesse James Garrett (2002). <\/span><span style=\"font-weight: 400;\">Posteriormente foi disponibilizado este dom\u00ednio para hospedagem do site, na plataforma institucional da UFPEL onde foi preciso fazer uma adapta\u00e7\u00e3o do prot\u00f3tipo para ser executado em um dos temas dispon\u00edveis na plataforma. O prot\u00f3tipo est\u00e1 dispon\u00edvel em: <a href=\"https:\/\/www.figma.com\/file\/acV6dA2KBpjO17nirvzMly\/Olhares-de-Tarsila?type=design&amp;node-id=92%3A2&amp;mode=design&amp;t=y5iLxWifVu1QqFOr-1\">Olhares de Tarsila<\/a><\/span><\/p>\n<p><strong><span style=\"font-weight: 400;\">Maria Gr\u00fctzmann, 2023.<\/span><\/strong><\/p>\n<p><img loading=\"lazy\" decoding=\"async\" class=\"alignnone size-medium wp-image-188\" src=\"https:\/\/wp.ufpel.edu.br\/olharesdetarsila\/files\/2023\/11\/wire-400x274.png\" alt=\"\" width=\"400\" height=\"274\" srcset=\"https:\/\/wp.ufpel.edu.br\/olharesdetarsila\/files\/2023\/11\/wire-400x274.png 400w, https:\/\/wp.ufpel.edu.br\/olharesdetarsila\/files\/2023\/11\/wire-1024x702.png 1024w, https:\/\/wp.ufpel.edu.br\/olharesdetarsila\/files\/2023\/11\/wire-768x527.png 768w, https:\/\/wp.ufpel.edu.br\/olharesdetarsila\/files\/2023\/11\/wire-1536x1054.png 1536w, https:\/\/wp.ufpel.edu.br\/olharesdetarsila\/files\/2023\/11\/wire-2048x1405.png 2048w\" sizes=\"auto, (max-width: 400px) 100vw, 400px\" \/><\/p>\n<p>&nbsp;<\/p>\n<p><img loading=\"lazy\" decoding=\"async\" class=\"alignnone size-medium wp-image-189\" src=\"https:\/\/wp.ufpel.edu.br\/olharesdetarsila\/files\/2023\/11\/ui-400x335.png\" alt=\"\" width=\"400\" height=\"335\" srcset=\"https:\/\/wp.ufpel.edu.br\/olharesdetarsila\/files\/2023\/11\/ui-400x335.png 400w, https:\/\/wp.ufpel.edu.br\/olharesdetarsila\/files\/2023\/11\/ui-1024x859.png 1024w, https:\/\/wp.ufpel.edu.br\/olharesdetarsila\/files\/2023\/11\/ui-768x644.png 768w, https:\/\/wp.ufpel.edu.br\/olharesdetarsila\/files\/2023\/11\/ui-1536x1288.png 1536w, https:\/\/wp.ufpel.edu.br\/olharesdetarsila\/files\/2023\/11\/ui-2048x1717.png 2048w\" sizes=\"auto, (max-width: 400px) 100vw, 400px\" \/><\/p>\n","protected":false},"excerpt":{"rendered":"<p>O prot\u00f3tipo foi criado no software Figma. Nele \u00e9 utilizada a mesma paleta de cores da identidade visual e das ilustra\u00e7\u00f5es. Na metodologia foram explorados os conceitos de estrutura\u00e7\u00e3o e organiza\u00e7\u00e3o da informa\u00e7\u00e3o, da metodologia de Jesse James Garrett (2002). Posteriormente foi disponibilizado este dom\u00ednio para hospedagem do site, na plataforma institucional da UFPEL onde [&hellip;]<\/p>\n","protected":false},"author":1319,"featured_media":0,"parent":0,"menu_order":0,"comment_status":"closed","ping_status":"closed","template":"","meta":{"footnotes":""},"class_list":["post-174","page","type-page","status-publish","hentry","post"],"_links":{"self":[{"href":"https:\/\/wp.ufpel.edu.br\/olharesdetarsila\/wp-json\/wp\/v2\/pages\/174","targetHints":{"allow":["GET"]}}],"collection":[{"href":"https:\/\/wp.ufpel.edu.br\/olharesdetarsila\/wp-json\/wp\/v2\/pages"}],"about":[{"href":"https:\/\/wp.ufpel.edu.br\/olharesdetarsila\/wp-json\/wp\/v2\/types\/page"}],"author":[{"embeddable":true,"href":"https:\/\/wp.ufpel.edu.br\/olharesdetarsila\/wp-json\/wp\/v2\/users\/1319"}],"replies":[{"embeddable":true,"href":"https:\/\/wp.ufpel.edu.br\/olharesdetarsila\/wp-json\/wp\/v2\/comments?post=174"}],"version-history":[{"count":6,"href":"https:\/\/wp.ufpel.edu.br\/olharesdetarsila\/wp-json\/wp\/v2\/pages\/174\/revisions"}],"predecessor-version":[{"id":193,"href":"https:\/\/wp.ufpel.edu.br\/olharesdetarsila\/wp-json\/wp\/v2\/pages\/174\/revisions\/193"}],"wp:attachment":[{"href":"https:\/\/wp.ufpel.edu.br\/olharesdetarsila\/wp-json\/wp\/v2\/media?parent=174"}],"curies":[{"name":"wp","href":"https:\/\/api.w.org\/{rel}","templated":true}]}}