{"id":615,"date":"2020-04-29T11:27:33","date_gmt":"2020-04-29T14:27:33","guid":{"rendered":"https:\/\/wp.ufpel.edu.br\/oficinas\/?page_id=615"},"modified":"2022-05-30T13:52:27","modified_gmt":"2022-05-30T16:52:27","slug":"repertorio-de-acoes-de-extensao","status":"publish","type":"page","link":"https:\/\/wp.ufpel.edu.br\/oficinas\/repertorio-de-acoes-de-extensao\/","title":{"rendered":"Repert\u00f3rio de A\u00e7\u00f5es de Extens\u00e3o"},"content":{"rendered":"<p><img class=\"aligncenter wp-image-799 size-full\" src=\"https:\/\/wp.ufpel.edu.br\/oficinas\/files\/2020\/04\/Imagens-extens\u00e3o_pb.jpg\" alt=\"\" width=\"984\" height=\"320\" srcset=\"https:\/\/wp.ufpel.edu.br\/oficinas\/files\/2020\/04\/Imagens-extens\u00e3o_pb.jpg 984w, https:\/\/wp.ufpel.edu.br\/oficinas\/files\/2020\/04\/Imagens-extens\u00e3o_pb-400x130.jpg 400w, https:\/\/wp.ufpel.edu.br\/oficinas\/files\/2020\/04\/Imagens-extens\u00e3o_pb-768x250.jpg 768w\" sizes=\"(max-width: 984px) 100vw, 984px\" \/><\/p>\n<p>Selecione a categoria para ver as A\u00e7\u00f5es de extens\u00e3o relacionadas a ela. Uma a\u00e7\u00e3o pode estar dispon\u00edvel em mais de uma categoria, de acordo com seu conte\u00fado, p\u00fablico alvo, entre outros.<\/p>\n<div id=\"menu-categorias\"><span class=\"collapseomatic noarrow\" id=\"id69dce50f291e5\"  tabindex=\"0\" title=\"Exposi\u00e7\u00e3o\"    >Exposi\u00e7\u00e3o<\/span><div id=\"target-id69dce50f291e5\" class=\"collapseomatic_content \"> <a class=\"item-menu\" href=\"https:\/\/wp.ufpel.edu.br\/modela\/atualegoria\/\">AtuAlegoria 2022<\/a>\u00a0<\/div>\n<span class=\"collapseomatic noarrow\" id=\"id69dce50f29285\"  tabindex=\"0\" title=\"Palestra\"    >Palestra<\/span><div id=\"target-id69dce50f29285\" class=\"collapseomatic_content \"><a class=\"item-menu\" href=\"https:\/\/wp.ufpel.edu.br\/oficinas\/geometria-e-arquitetura-momentos-ludicos-e-interativos-para-a-motivacao-ao-ingresso-a-universidade\/\">Geometria e Arquitetura: Momentos L\u00fadicos e Interativos para a motiva\u00e7\u00e3o ao ingresso \u00e0 Universidade<\/a> <a class=\"item-menu\" href=\"https:\/\/wp.ufpel.edu.br\/oficinas\/universitarios-tecnicos-incentivando-estudantes-de-escola-publica\/\">Universit\u00e1rios \/ T\u00e9cnicos incentivando estudantes de escola p\u00fablica<\/a> <\/div>\n<span class=\"collapseomatic noarrow\" id=\"id69dce50f292b2\"  tabindex=\"0\" title=\"Atendimento ao p\u00fablico em espa\u00e7o de cultura, ci\u00eancia e extens\u00e3o\"    >Atendimento ao p\u00fablico em espa\u00e7o de cultura, ci\u00eancia e extens\u00e3o<\/span><div id=\"target-id69dce50f292b2\" class=\"collapseomatic_content \"> <a class=\"item-menu\" href=\"https:\/\/wp.ufpel.edu.br\/oficinas\/atividade-ludica-na-universidade-para-o-aprendizado-da-geometria\/\">Atividade l\u00fadica na universidade para o aprendizado de geometria<\/a> <\/div>\n<span class=\"collapseomatic noarrow\" id=\"id69dce50f292d8\"  tabindex=\"0\" title=\"Comunica\u00e7\u00e3o\"    >Comunica\u00e7\u00e3o<\/span><div id=\"target-id69dce50f292d8\" class=\"collapseomatic_content \"><a class=\"item-menu\" href=\"https:\/\/wp.ufpel.edu.br\/oficinas\/geometria-e-arquitetura-momentos-ludicos-e-interativos-para-a-motivacao-ao-ingresso-a-universidade\/\">Geometria e Arquitetura: Momentos L\u00fadicos e Interativos para a motiva\u00e7\u00e3o ao ingresso \u00e0 Universidade<\/a> <a class=\"item-menu\" href=\"https:\/\/wp.ufpel.edu.br\/oficinas\/universitarios-tecnicos-incentivando-estudantes-de-escola-publica\/\">Universit\u00e1rios \/ T\u00e9cnicos incentivando estudantes de escola p\u00fablica<\/a> <\/div>\n<span class=\"collapseomatic noarrow\" id=\"id69dce50f292fa\"  tabindex=\"0\" title=\"Cultura\"    >Cultura<\/span>\n<span class=\"collapseomatic noarrow\" id=\"id69dce50f29319\"  tabindex=\"0\" title=\"Educa\u00e7\u00e3o \/ Atividades l\u00fadicas\"    >Educa\u00e7\u00e3o \/ Atividades l\u00fadicas<\/span><div id=\"target-id69dce50f29319\" class=\"collapseomatic_content \"><a class=\"item-menu\" href=\"https:\/\/wp.ufpel.edu.br\/oficinas\/atividade-ludica-na-universidade-para-o-aprendizado-da-geometria\/\">Atividade l\u00fadica na universidade para o aprendizado de geometria<\/a> <a class=\"item-menu\" href=\"https:\/\/wp.ufpel.edu.br\/oficinas\/geometria-e-arquitetura-momentos-ludicos-e-interativos-para-a-motivacao-ao-ingresso-a-universidade\/\">Geometria e Arquitetura: Momentos L\u00fadicos e Interativos para a motiva\u00e7\u00e3o ao ingresso \u00e0 Universidade<\/a> <a class=\"item-menu\" href=\"https:\/\/wp.ufpel.edu.br\/oficinas\/universidade-na-escola-experiencia-ludica-para-o-aprendizado-da-geometria\/\">Universidade na Escola: experi\u00eancia l\u00fadica para o aprendizado de geometria<\/a> <a class=\"item-menu\" href=\"https:\/\/wp.ufpel.edu.br\/oficinas\/oficina-de-anamorfose\/\">Oficina de anamorfose<\/a> <\/div>\n<span class=\"collapseomatic noarrow\" id=\"id69dce50f29339\"  tabindex=\"0\" title=\"Tecnologia e produ\u00e7\u00e3o\"    >Tecnologia e produ\u00e7\u00e3o<\/span><div id=\"target-id69dce50f29339\" class=\"collapseomatic_content \"><a class=\"item-menu\" href=\"https:\/\/wp.ufpel.edu.br\/oficinas\/producao-e-disponibilizacao-de-maquetes-e-mapas-tateis-e-portateis-da-edificacao-que-abriga-o-museu-do-doce-ufpel\/\">Produ\u00e7\u00e3o e Disponibiliza\u00e7\u00e3o de maquetes e mapas t\u00e1teis e port\u00e1teis da edifica\u00e7\u00e3o que abriga o Museu do Doce \/ UFPel<\/a><\/div><\/div>\n","protected":false},"excerpt":{"rendered":"<p>Selecione a categoria para ver as A\u00e7\u00f5es de extens\u00e3o relacionadas a ela. Uma a\u00e7\u00e3o pode estar dispon\u00edvel em mais de uma categoria, de acordo com seu conte\u00fado, p\u00fablico alvo, entre outros.<\/p>\n","protected":false},"author":390,"featured_media":0,"parent":0,"menu_order":0,"comment_status":"closed","ping_status":"closed","template":"","meta":{"footnotes":""},"class_list":["post-615","page","type-page","status-publish","hentry"],"jetpack_sharing_enabled":true,"_links":{"self":[{"href":"https:\/\/wp.ufpel.edu.br\/oficinas\/wp-json\/wp\/v2\/pages\/615","targetHints":{"allow":["GET"]}}],"collection":[{"href":"https:\/\/wp.ufpel.edu.br\/oficinas\/wp-json\/wp\/v2\/pages"}],"about":[{"href":"https:\/\/wp.ufpel.edu.br\/oficinas\/wp-json\/wp\/v2\/types\/page"}],"author":[{"embeddable":true,"href":"https:\/\/wp.ufpel.edu.br\/oficinas\/wp-json\/wp\/v2\/users\/390"}],"replies":[{"embeddable":true,"href":"https:\/\/wp.ufpel.edu.br\/oficinas\/wp-json\/wp\/v2\/comments?post=615"}],"version-history":[{"count":17,"href":"https:\/\/wp.ufpel.edu.br\/oficinas\/wp-json\/wp\/v2\/pages\/615\/revisions"}],"predecessor-version":[{"id":901,"href":"https:\/\/wp.ufpel.edu.br\/oficinas\/wp-json\/wp\/v2\/pages\/615\/revisions\/901"}],"wp:attachment":[{"href":"https:\/\/wp.ufpel.edu.br\/oficinas\/wp-json\/wp\/v2\/media?parent=615"}],"curies":[{"name":"wp","href":"https:\/\/api.w.org\/{rel}","templated":true}]}}