{"id":22,"date":"2014-07-03T17:15:35","date_gmt":"2014-07-03T20:15:35","guid":{"rendered":"https:\/\/wp.ufpel.edu.br\/oficinas\/?page_id=22"},"modified":"2020-05-28T14:29:07","modified_gmt":"2020-05-28T17:29:07","slug":"inscricoes-abertas","status":"publish","type":"page","link":"https:\/\/wp.ufpel.edu.br\/oficinas\/inscricoes-abertas\/","title":{"rendered":"Inscri\u00e7\u00f5es"},"content":{"rendered":"<p><span style=\"font-size: 12pt\">No per\u00edodo de abertura de inscri\u00e7\u00e3o para as oficinas estar\u00e1 dispon\u00edvel, nesta p\u00e1gina, um formul\u00e1rio que dever\u00e1 ser utilizado pelos interessados em participar da mesma. <\/span><span style=\"font-size: 12pt\">Ao serem abertas as inscri\u00e7\u00f5es, haver\u00e1 a divulga\u00e7\u00e3o dos temas abordados naquele curso espec\u00edfico e o modo de distribui\u00e7\u00e3o das atividades no decorrer das horas definidas. Atualmente, as inscri\u00e7\u00f5es est\u00e3o sendo realizadas por formul\u00e1rios do google, que podem ser facilmente acessados nos links disponibilizados abaixo. O preenchimento dos dados \u00e9 de total responsabilidade do candidato, e caso haja procura superior ao n\u00famero de vagas ofertadas, uma lista de espera ou interesse pode ser criada para uma pr\u00f3xima edi\u00e7\u00e3o da Oficina.<\/span><\/p>\n<p><span style=\"font-size: 14pt\"><strong><span style=\"font-family: georgia, palatino, serif\">Aten\u00e7\u00e3o: Para fazer sua inscri\u00e7\u00e3o em alguma oficina de formado EAD dispon\u00edvel no site de maneira aut\u00f4noma, a inscri\u00e7\u00e3o deve ser feita a partir do formul\u00e1rio dispon\u00edvel na aba Contato. As inscri\u00e7\u00f5es de oficinas EAD realizadas utilizando o Ambiente Virtual de Aprendizagem, que trabalham com o sistema de oferta de turmas devem ser feitas nos formul\u00e1rios abaixo.<\/span><\/strong><\/span><\/p>\n<p><span style=\"font-size: 12pt\">A emiss\u00e3o de certificados \u00e9 de responsabilidade da Pr\u00f3-Reitoria de Extens\u00e3o, mediante solicita\u00e7\u00e3o do Gegradi.<\/span><\/p>\n<h3><span style=\"font-size: 14pt\">Oficinas com inscri\u00e7\u00f5es abertas:<\/span><\/h3>\n<p><a href=\"https:\/\/docs.google.com\/forms\/d\/1NOZ8f9evzmZy0Lid6z7WFKeLaeFzdBVYs4u3ZyqeOo4\/edit\">Clique aqui <\/a>para se inscrever na oficina EAD Utiliza\u00e7\u00e3o de LEDs em Maquetes Arquitet\u00f4nicas (Carga Hor\u00e1ria: 2hrs)<\/p>\n<p><a href=\"https:\/\/docs.google.com\/forms\/d\/e\/1FAIpQLSdsR6KNoFyB4qbSuQmUymEjQUVIJCr6QGkKVf0QvMvwNZQ3IQ\/viewform\">Clique aqui<\/a> para se inscrever na oficina EAD Introdu\u00e7\u00e3o \u00e0 Automatiza\u00e7\u00e3o de Maquetes usando Arduino (Carga Hor\u00e1ria: 4hrs)<\/p>\n","protected":false},"excerpt":{"rendered":"<p>No per\u00edodo de abertura de inscri\u00e7\u00e3o para as oficinas estar\u00e1 dispon\u00edvel, nesta p\u00e1gina, um formul\u00e1rio que dever\u00e1 ser utilizado pelos interessados em participar da mesma. Ao serem abertas as inscri\u00e7\u00f5es, haver\u00e1 a divulga\u00e7\u00e3o dos temas abordados naquele curso espec\u00edfico e o modo de distribui\u00e7\u00e3o das atividades no decorrer das horas definidas. Atualmente, as inscri\u00e7\u00f5es est\u00e3o [&hellip;]<\/p>\n","protected":false},"author":390,"featured_media":0,"parent":0,"menu_order":0,"comment_status":"closed","ping_status":"closed","template":"","meta":{"footnotes":""},"class_list":["post-22","page","type-page","status-publish","hentry"],"jetpack_sharing_enabled":true,"_links":{"self":[{"href":"https:\/\/wp.ufpel.edu.br\/oficinas\/wp-json\/wp\/v2\/pages\/22","targetHints":{"allow":["GET"]}}],"collection":[{"href":"https:\/\/wp.ufpel.edu.br\/oficinas\/wp-json\/wp\/v2\/pages"}],"about":[{"href":"https:\/\/wp.ufpel.edu.br\/oficinas\/wp-json\/wp\/v2\/types\/page"}],"author":[{"embeddable":true,"href":"https:\/\/wp.ufpel.edu.br\/oficinas\/wp-json\/wp\/v2\/users\/390"}],"replies":[{"embeddable":true,"href":"https:\/\/wp.ufpel.edu.br\/oficinas\/wp-json\/wp\/v2\/comments?post=22"}],"version-history":[{"count":12,"href":"https:\/\/wp.ufpel.edu.br\/oficinas\/wp-json\/wp\/v2\/pages\/22\/revisions"}],"predecessor-version":[{"id":864,"href":"https:\/\/wp.ufpel.edu.br\/oficinas\/wp-json\/wp\/v2\/pages\/22\/revisions\/864"}],"wp:attachment":[{"href":"https:\/\/wp.ufpel.edu.br\/oficinas\/wp-json\/wp\/v2\/media?parent=22"}],"curies":[{"name":"wp","href":"https:\/\/api.w.org\/{rel}","templated":true}]}}