{"id":886,"date":"2019-04-23T09:17:59","date_gmt":"2019-04-23T12:17:59","guid":{"rendered":"https:\/\/wp.ufpel.edu.br\/odontologia\/?page_id=886"},"modified":"2022-05-20T09:29:21","modified_gmt":"2022-05-20T12:29:21","slug":"telefonia","status":"publish","type":"page","link":"https:\/\/wp.ufpel.edu.br\/odontologia\/intranet\/telefonia\/","title":{"rendered":"Telefonia"},"content":{"rendered":"<p style=\"text-align: center;\"><span style=\"font-size: 18pt; color: #800000;\"><strong>TELEFONIA<\/strong><\/span><\/p>\n<table style=\"border-collapse: collapse; width: 100%;\" border=\"1\">\n<tbody>\n<tr style=\"height: 24px;\">\n<td style=\"width: 37.9341%; text-align: center; height: 24px;\"><span style=\"color: #800000;\"><strong>SETOR\/LOCAL<\/strong><\/span><\/td>\n<td style=\"width: 17.8036%; text-align: center; height: 24px;\"><span style=\"color: #800000;\"><strong>ANDAR\/PISO<\/strong><\/span><\/td>\n<td style=\"width: 21.5732%; text-align: center; height: 24px;\"><span style=\"color: #800000;\"><strong>TELEFONE\/RAMAL<\/strong><\/span><\/td>\n<\/tr>\n<tr style=\"height: 24px;\">\n<td style=\"width: 37.9341%; height: 24px;\">Portaria<\/td>\n<td style=\"width: 17.8036%; height: 24px; text-align: center;\">T\u00e9rreo<\/td>\n<td style=\"width: 21.5732%; height: 24px; text-align: center;\">3260-2801<\/td>\n<\/tr>\n<tr style=\"height: 24px;\">\n<td style=\"width: 37.9341%; height: 24px;\">Servi\u00e7o de Radiologia<\/td>\n<td style=\"width: 17.8036%; height: 24px; text-align: center;\">T\u00e9rreo<\/td>\n<td style=\"width: 21.5732%; height: 24px; text-align: center;\">3260-2802<\/td>\n<\/tr>\n<tr style=\"height: 24px;\">\n<td style=\"width: 37.9341%; height: 24px;\">Arquivo Central<\/td>\n<td style=\"width: 17.8036%; height: 24px; text-align: center;\">T\u00e9rreo<\/td>\n<td style=\"width: 21.5732%; height: 24px; text-align: center;\">3260-2803<\/td>\n<\/tr>\n<tr style=\"height: 24px;\">\n<td style=\"width: 37.9341%; height: 24px;\">Lab. CDC-Bio<\/td>\n<td style=\"width: 17.8036%; height: 24px; text-align: center;\">T\u00e9rreo<\/td>\n<td style=\"width: 21.5732%; height: 24px; text-align: center;\">3260-2804<\/td>\n<\/tr>\n<tr style=\"height: 24px;\">\n<td style=\"width: 37.9341%; height: 24px;\">Almoxarifado Central<\/td>\n<td style=\"width: 17.8036%; height: 24px; text-align: center;\">T\u00e9rreo<\/td>\n<td style=\"width: 21.5732%; height: 24px; text-align: center;\">3260-2805<\/td>\n<\/tr>\n<tr style=\"height: 24px;\">\n<td style=\"width: 37.9341%; height: 24px;\">Servi\u00e7o Central de Triagem<\/td>\n<td style=\"width: 17.8036%; height: 24px; text-align: center;\">T\u00e9rreo<\/td>\n<td style=\"width: 21.5732%; height: 24px; text-align: center;\">3260-2810<\/td>\n<\/tr>\n<tr style=\"height: 24px;\">\n<td style=\"width: 37.9341%; height: 24px;\">Cl\u00ednica Norte\/Sul<\/td>\n<td style=\"width: 17.8036%; height: 24px; text-align: center;\">1\u00ba<\/td>\n<td style=\"width: 21.5732%; height: 24px; text-align: center;\">3260-2806<\/td>\n<\/tr>\n<tr style=\"height: 24px;\">\n<td style=\"width: 37.9341%; height: 24px;\">Cl\u00ednica Oeste<\/td>\n<td style=\"width: 17.8036%; height: 24px; text-align: center;\">1\u00ba<\/td>\n<td style=\"width: 21.5732%; height: 24px; text-align: center;\">3260-2807<\/td>\n<\/tr>\n<tr style=\"height: 24px;\">\n<td style=\"width: 37.9341%; height: 24px;\">Setor de Esteriliza\u00e7\u00e3o<\/td>\n<td style=\"width: 17.8036%; height: 24px; text-align: center;\">1\u00ba<\/td>\n<td style=\"width: 21.5732%; height: 24px; text-align: center;\">3260-2808<\/td>\n<\/tr>\n<tr>\n<td style=\"width: 37.9341%;\">Sala dos Professores<\/td>\n<td style=\"width: 17.8036%; text-align: center;\">1\u00ba<\/td>\n<td style=\"width: 21.5732%; text-align: center;\">3260-2809<\/td>\n<\/tr>\n<tr>\n<td style=\"width: 37.9341%;\">Pr\u00f3tese Parcial<\/td>\n<td style=\"width: 17.8036%; text-align: center;\">2\u00ba<\/td>\n<td style=\"width: 21.5732%; text-align: center;\">3260-2811<\/td>\n<\/tr>\n<tr>\n<td style=\"width: 37.9341%;\">Pr\u00f3tese Total<\/td>\n<td style=\"width: 17.8036%; text-align: center;\">2\u00ba<\/td>\n<td style=\"width: 21.5732%; text-align: center;\">3260-2812<\/td>\n<\/tr>\n<tr>\n<td style=\"width: 37.9341%;\">Sala 207<\/td>\n<td style=\"width: 17.8036%; text-align: center;\">2\u00ba<\/td>\n<td style=\"width: 21.5732%; text-align: center;\">3260-2813<\/td>\n<\/tr>\n<tr>\n<td style=\"width: 37.9341%;\">Sala 209<\/td>\n<td style=\"width: 17.8036%; text-align: center;\">2\u00ba<\/td>\n<td style=\"width: 21.5732%; text-align: center;\">3260-2814<\/td>\n<\/tr>\n<tr>\n<td style=\"width: 37.9341%;\">Secretaria Resid\u00eancia<\/td>\n<td style=\"width: 17.8036%; text-align: center;\">3\u00ba<\/td>\n<td style=\"width: 21.5732%; text-align: center;\">3260-2815<\/td>\n<\/tr>\n<tr>\n<td style=\"width: 37.9341%;\">Recep\u00e7\u00e3o &#8211; Cirurgia<\/td>\n<td style=\"width: 17.8036%; text-align: center;\">3\u00ba<\/td>\n<td style=\"width: 21.5732%; text-align: center;\">3260-2816<\/td>\n<\/tr>\n<tr>\n<td style=\"width: 37.9341%;\">Corredor &#8211; Cirurgia<\/td>\n<td style=\"width: 17.8036%; text-align: center;\">3\u00ba<\/td>\n<td style=\"width: 21.5732%; text-align: center;\">3260-2817<\/td>\n<\/tr>\n<tr>\n<td style=\"width: 37.9341%;\">Secretaria da Dire\u00e7\u00e3o<\/td>\n<td style=\"width: 17.8036%; text-align: center;\">4\u00ba<\/td>\n<td style=\"width: 21.5732%; text-align: center;\">3260-2820<\/td>\n<\/tr>\n<tr>\n<td style=\"width: 37.9341%;\">Sala da Dire\u00e7\u00e3o<\/td>\n<td style=\"width: 17.8036%; text-align: center;\">4\u00ba<\/td>\n<td style=\"width: 21.5732%; text-align: center;\">3260-2821<\/td>\n<\/tr>\n<tr>\n<td style=\"width: 37.9341%;\">Assessorias Administrativas<\/td>\n<td style=\"width: 17.8036%; text-align: center;\">4\u00ba<\/td>\n<td style=\"width: 21.5732%; text-align: center;\">3260-2822<\/td>\n<\/tr>\n<tr>\n<td style=\"width: 37.9341%;\">Corredor<\/td>\n<td style=\"width: 17.8036%; text-align: center;\">4\u00ba<\/td>\n<td style=\"width: 21.5732%; text-align: center;\">3260-2823<\/td>\n<\/tr>\n<tr>\n<td style=\"width: 37.9341%;\">Prof. Odontopediatria<\/td>\n<td style=\"width: 17.8036%; text-align: center;\">4\u00ba<\/td>\n<td style=\"width: 21.5732%; text-align: center;\">3260-2824<\/td>\n<\/tr>\n<tr>\n<td style=\"width: 37.9341%;\">Secretaria Cl\u00ednica Odontopediatria<\/td>\n<td style=\"width: 17.8036%; text-align: center;\">4\u00ba<\/td>\n<td style=\"width: 21.5732%; text-align: center;\">3260-2825<\/td>\n<\/tr>\n<tr>\n<td style=\"width: 37.9341%;\">Centro Acad\u00eamico<\/td>\n<td style=\"width: 17.8036%; text-align: center;\">4\u00ba<\/td>\n<td style=\"width: 21.5732%; text-align: center;\">3260-2826<\/td>\n<\/tr>\n<tr>\n<td style=\"width: 37.9341%;\">Sala 402B<\/td>\n<td style=\"width: 17.8036%; text-align: center;\">4\u00ba<\/td>\n<td style=\"width: 21.5732%; text-align: center;\">3260-2827<\/td>\n<\/tr>\n<tr>\n<td style=\"width: 37.9341%;\">Colegiado de Curso<\/td>\n<td style=\"width: 17.8036%; text-align: center;\">4\u00ba<\/td>\n<td style=\"width: 21.5732%; text-align: center;\">3260-2820<\/td>\n<\/tr>\n<tr>\n<td style=\"width: 37.9341%;\">Secretaria PPGO<\/td>\n<td style=\"width: 17.8036%; text-align: center;\">5\u00ba<\/td>\n<td style=\"width: 21.5732%; text-align: center;\">3260-2830<\/td>\n<\/tr>\n<tr>\n<td style=\"width: 37.9341%;\">Coordena\u00e7\u00e3o PPGO<\/td>\n<td style=\"width: 17.8036%; text-align: center;\">5\u00ba<\/td>\n<td style=\"width: 21.5732%; text-align: center;\">3260-2831<\/td>\n<\/tr>\n<tr>\n<td style=\"width: 37.9341%;\">Lab. Cultivo Celular<\/td>\n<td style=\"width: 17.8036%; text-align: center;\">6\u00ba<\/td>\n<td style=\"width: 21.5732%; text-align: center;\">3260-2832<\/td>\n<\/tr>\n<tr>\n<td style=\"width: 37.9341%;\">Lab. NCT-Bio 1<\/td>\n<td style=\"width: 17.8036%; text-align: center;\">6\u00ba<\/td>\n<td style=\"width: 21.5732%; text-align: center;\">3260-2833<\/td>\n<\/tr>\n<tr>\n<td style=\"width: 37.9341%;\">Lab. NCT-Bio 2<\/td>\n<td style=\"width: 17.8036%; text-align: center;\">6\u00ba<\/td>\n<td style=\"width: 21.5732%; text-align: center;\">3260-2834<\/td>\n<\/tr>\n<tr>\n<td style=\"width: 37.9341%;\">Secretaria CDDB<\/td>\n<td style=\"width: 17.8036%; text-align: center;\">6\u00ba<\/td>\n<td style=\"width: 21.5732%; text-align: center;\">3260-2835<\/td>\n<\/tr>\n<tr>\n<td style=\"width: 37.9341%;\">Sala Prof. Pato\/Estomato<\/td>\n<td style=\"width: 17.8036%; text-align: center;\">6\u00ba<\/td>\n<td style=\"width: 21.5732%; text-align: center;\">3260-2836<\/td>\n<\/tr>\n<tr>\n<td style=\"width: 37.9341%;\">Lab. Audiovisual<\/td>\n<td style=\"width: 17.8036%; text-align: center;\">7\u00ba<\/td>\n<td style=\"width: 21.5732%; text-align: center;\">3260-2838<\/td>\n<\/tr>\n<tr>\n<td style=\"width: 37.9341%;\">Lab. Microbiologia<\/td>\n<td style=\"width: 17.8036%; text-align: center;\">7\u00ba<\/td>\n<td style=\"width: 21.5732%; text-align: center;\">3260-2839<\/td>\n<\/tr>\n<tr>\n<td style=\"width: 37.9341%;\">PET<\/td>\n<td style=\"width: 17.8036%; text-align: center;\">7\u00ba<\/td>\n<td style=\"width: 21.5732%; text-align: center;\">3260-2840<\/td>\n<\/tr>\n<\/tbody>\n<\/table>\n<p>&nbsp;<\/p>\n","protected":false},"excerpt":{"rendered":"<p>TELEFONIA SETOR\/LOCAL ANDAR\/PISO TELEFONE\/RAMAL Portaria T\u00e9rreo 3260-2801 Servi\u00e7o de Radiologia T\u00e9rreo 3260-2802 Arquivo Central T\u00e9rreo 3260-2803 Lab. CDC-Bio T\u00e9rreo 3260-2804 Almoxarifado Central T\u00e9rreo 3260-2805 Servi\u00e7o Central de Triagem T\u00e9rreo 3260-2810 Cl\u00ednica Norte\/Sul 1\u00ba 3260-2806 Cl\u00ednica Oeste 1\u00ba 3260-2807 Setor de Esteriliza\u00e7\u00e3o 1\u00ba 3260-2808 Sala dos Professores 1\u00ba 3260-2809 Pr\u00f3tese Parcial 2\u00ba 3260-2811 Pr\u00f3tese Total 2\u00ba [&hellip;]<\/p>\n","protected":false},"author":511,"featured_media":0,"parent":876,"menu_order":0,"comment_status":"closed","ping_status":"closed","template":"","meta":{"jetpack_post_was_ever_published":false,"footnotes":""},"class_list":["post-886","page","type-page","status-publish","hentry","post"],"jetpack_sharing_enabled":true,"jetpack_shortlink":"https:\/\/wp.me\/PaUn96-ei","jetpack-related-posts":[],"_links":{"self":[{"href":"https:\/\/wp.ufpel.edu.br\/odontologia\/wp-json\/wp\/v2\/pages\/886","targetHints":{"allow":["GET"]}}],"collection":[{"href":"https:\/\/wp.ufpel.edu.br\/odontologia\/wp-json\/wp\/v2\/pages"}],"about":[{"href":"https:\/\/wp.ufpel.edu.br\/odontologia\/wp-json\/wp\/v2\/types\/page"}],"author":[{"embeddable":true,"href":"https:\/\/wp.ufpel.edu.br\/odontologia\/wp-json\/wp\/v2\/users\/511"}],"replies":[{"embeddable":true,"href":"https:\/\/wp.ufpel.edu.br\/odontologia\/wp-json\/wp\/v2\/comments?post=886"}],"version-history":[{"count":8,"href":"https:\/\/wp.ufpel.edu.br\/odontologia\/wp-json\/wp\/v2\/pages\/886\/revisions"}],"predecessor-version":[{"id":1965,"href":"https:\/\/wp.ufpel.edu.br\/odontologia\/wp-json\/wp\/v2\/pages\/886\/revisions\/1965"}],"up":[{"embeddable":true,"href":"https:\/\/wp.ufpel.edu.br\/odontologia\/wp-json\/wp\/v2\/pages\/876"}],"wp:attachment":[{"href":"https:\/\/wp.ufpel.edu.br\/odontologia\/wp-json\/wp\/v2\/media?parent=886"}],"curies":[{"name":"wp","href":"https:\/\/api.w.org\/{rel}","templated":true}]}}