{"id":769,"date":"2019-03-08T12:35:32","date_gmt":"2019-03-08T15:35:32","guid":{"rendered":"https:\/\/wp.ufpel.edu.br\/odontologia\/?page_id=769"},"modified":"2024-08-08T18:17:44","modified_gmt":"2024-08-08T21:17:44","slug":"combios","status":"publish","type":"page","link":"https:\/\/wp.ufpel.edu.br\/odontologia\/institucional\/comissoes-nucleos\/combios\/","title":{"rendered":"COMBIOS"},"content":{"rendered":"<div id=\"pl-769\"  class=\"panel-layout\" ><div id=\"pg-769-0\"  class=\"panel-grid panel-no-style\" ><div id=\"pgc-769-0-0\"  class=\"panel-grid-cell\" ><div id=\"panel-769-0-0-0\" class=\"so-panel widget widget_sow-editor panel-first-child panel-last-child\" data-index=\"0\" ><div\n\t\t\t\n\t\t\tclass=\"so-widget-sow-editor so-widget-sow-editor-base\"\n\t\t\t\n\t\t>\n<div class=\"siteorigin-widget-tinymce textwidget\">\n\t<p style=\"text-align: center;\"><span style=\"font-size: 18pt; color: #800000;\"><strong>Comiss\u00e3o de Biosseguran\u00e7a da Faculdade de Odontologia<\/strong><\/span><\/p>\n<p style=\"text-align: center;\"><span style=\"font-size: 18pt; color: #800000;\"><strong> (COMBIOS-FO\/UFPel)<\/strong><\/span><\/p>\n<p>&nbsp;<\/p>\n<p><span style=\"font-size: 18pt;\"><a href=\"https:\/\/wp.ufpel.edu.br\/odontologia\/a-faculdade-de-odontologia\/direcao\/\"><span style=\"color: #800000;\"><strong>Composi\u00e7\u00e3o<\/strong><\/span><\/a><\/span><\/p>\n<p>&nbsp;<\/p>\n<hr \/>\n<p>Recomenda-se que as\u00a0demandas sejam\u00a0enviadas para a COMBIOS pelos representantes das categorias ou diretamente a um dos membros da comiss\u00e3o.<\/p>\n<hr \/>\n<p><a href=\"https:\/\/wp.ufpel.edu.br\/odontologia\/files\/2023\/10\/Manual_Biosseguranca_FO_2023.pdf\">Manual_Biosseguran\u00e7a_- Atualizado em 2023<\/a><\/p>\n<p><a href=\"https:\/\/wp.ufpel.edu.br\/odontologia\/files\/2024\/08\/04.08.21-Protocolo-Pos-Exposicao-Ocupacional_alterado.pdf\">Protocolo p\u00f3s acidente p\u00e9rfuro cortante<\/a><\/p>\n<p><a href=\"https:\/\/wp.ufpel.edu.br\/odontologia\/files\/2021\/09\/Diretrizes_de_biosseguranca_UFPel__COVID19__Atual.pdf\">Diretrizes_de_biosseguranca_UFPel__COVID19__Atual<\/a><\/p>\n<\/div>\n<\/div><\/div><\/div><\/div><\/div>","protected":false},"excerpt":{"rendered":"<p>Comiss\u00e3o de Biosseguran\u00e7a da Faculdade de Odontologia (COMBIOS-FO\/UFPel) &nbsp; Composi\u00e7\u00e3o &nbsp; Recomenda-se que as\u00a0demandas sejam\u00a0enviadas para a COMBIOS pelos representantes das categorias ou diretamente a um dos membros da comiss\u00e3o. Manual_Biosseguran\u00e7a_- Atualizado em 2023 Protocolo p\u00f3s acidente p\u00e9rfuro cortante Diretrizes_de_biosseguranca_UFPel__COVID19__Atual<\/p>\n","protected":false},"author":511,"featured_media":0,"parent":917,"menu_order":0,"comment_status":"closed","ping_status":"closed","template":"","meta":{"jetpack_post_was_ever_published":false,"footnotes":""},"class_list":["post-769","page","type-page","status-publish","hentry","post"],"jetpack_sharing_enabled":true,"jetpack_shortlink":"https:\/\/wp.me\/PaUn96-cp","jetpack-related-posts":[],"_links":{"self":[{"href":"https:\/\/wp.ufpel.edu.br\/odontologia\/wp-json\/wp\/v2\/pages\/769","targetHints":{"allow":["GET"]}}],"collection":[{"href":"https:\/\/wp.ufpel.edu.br\/odontologia\/wp-json\/wp\/v2\/pages"}],"about":[{"href":"https:\/\/wp.ufpel.edu.br\/odontologia\/wp-json\/wp\/v2\/types\/page"}],"author":[{"embeddable":true,"href":"https:\/\/wp.ufpel.edu.br\/odontologia\/wp-json\/wp\/v2\/users\/511"}],"replies":[{"embeddable":true,"href":"https:\/\/wp.ufpel.edu.br\/odontologia\/wp-json\/wp\/v2\/comments?post=769"}],"version-history":[{"count":14,"href":"https:\/\/wp.ufpel.edu.br\/odontologia\/wp-json\/wp\/v2\/pages\/769\/revisions"}],"predecessor-version":[{"id":3194,"href":"https:\/\/wp.ufpel.edu.br\/odontologia\/wp-json\/wp\/v2\/pages\/769\/revisions\/3194"}],"up":[{"embeddable":true,"href":"https:\/\/wp.ufpel.edu.br\/odontologia\/wp-json\/wp\/v2\/pages\/917"}],"wp:attachment":[{"href":"https:\/\/wp.ufpel.edu.br\/odontologia\/wp-json\/wp\/v2\/media?parent=769"}],"curies":[{"name":"wp","href":"https:\/\/api.w.org\/{rel}","templated":true}]}}