{"id":683,"date":"2017-03-30T12:26:22","date_gmt":"2017-03-30T15:26:22","guid":{"rendered":"https:\/\/wp.ufpel.edu.br\/odontologia\/?page_id=683"},"modified":"2022-05-20T09:07:05","modified_gmt":"2022-05-20T12:07:05","slug":"laboratorio-de-protese","status":"publish","type":"page","link":"https:\/\/wp.ufpel.edu.br\/odontologia\/institucional\/laboratorios\/laboratorio-de-protese\/","title":{"rendered":"Laborat\u00f3rio de Pr\u00f3tese Dent\u00e1ria"},"content":{"rendered":"<p style=\"text-align: center;\"><span style=\"color: #800000;\"><strong><span style=\"font-size: 18pt;\">Laborat\u00f3rio de Pr\u00f3tese Dent\u00e1ria<\/span><\/strong><\/span><\/p>\n<p style=\"text-align: left;\"><span style=\"font-size: 14pt;\"><strong>O laborat\u00f3rio de Pr\u00f3tese Dent\u00e1ria da FO-UFPel conta com os servidores\u00a0Claudio Rosa dos Santos e\u00a0Nilso Blanco.<\/strong><\/span><\/p>\n<p style=\"text-align: left;\"><span style=\"font-size: 14pt;\">As normas de funcionamento do laborat\u00f3rio s\u00e3o regidas pela seguinte resolu\u00e7\u00e3o:<\/span><\/p>\n<p style=\"text-align: left;\"><span style=\"font-size: 14pt;\"><strong>Resolu\u00e7\u00e3o 01, de 29 de mar\u00e7o de 2017<\/strong><\/span><\/p>\n<p style=\"text-align: left;\"><span style=\"font-size: 14pt;\"><strong>Minuta de funcionamento e normatiza\u00e7\u00e3o do laborat\u00f3rio de Pr\u00f3tese Dent\u00e1ria da Faculdade de Odontologia da Universidade Federal de Pelotas\u00a0<\/strong><\/span><\/p>\n<p style=\"text-align: left;\"><span style=\"font-size: 14pt;\">O chefe do departamento de Odontologia Restauradora, com base no deliberado em reuni\u00e3o do Dept e constante na ATA 06\/2016<\/span><\/p>\n<p>&nbsp;<\/p>\n<p><span style=\"font-size: 14pt;\">RESOLVE:<\/span><\/p>\n<p><span style=\"font-size: 14pt;\">Estabelecer Normas de funcionamento para o Laborat\u00f3rio de Pr\u00f3tese Dent\u00e1ria da Faculdade de Odontologia, da Universidade Federal de Pelotas.<\/span><\/p>\n<p>&nbsp;<\/p>\n<p><span style=\"font-size: 14pt;\">Art. 1<sup>o<\/sup> Os trabalhos a serem executados dever\u00e3o ser entregues e retirados no turno da manh\u00e3, entre as 08:00 e 10:00, e no turno da tarde entre as 14:00 e 16:00. Os demais hor\u00e1rios ser\u00e3o de uso exclusivo para o trabalho dos funcion\u00e1rios, durante os quais os mesmos n\u00e3o receber\u00e3o novas solicita\u00e7\u00f5es.<\/span><\/p>\n<p>&nbsp;<\/p>\n<p><span style=\"font-size: 14pt;\">Art. 2<sup>o<\/sup>. Os trabalhos que envolvam procedimentos de acriliza\u00e7\u00e3o e montagem de dentes dever\u00e3o ser entregues e retirados no per\u00edodo da manh\u00e3, dentro dos per\u00edodos descritos no artigo 1\u00ba, enquanto que os trabalhos de fundi\u00e7\u00e3o dever\u00e3o ser entregues e retirados no per\u00edodo da tarde, dentro dos per\u00edodos descritos no artigo 1\u00ba.<\/span><\/p>\n<p>&nbsp;<\/p>\n<p><span style=\"font-size: 14pt;\">Art. 3<sup>o<\/sup> S\u00f3 ser\u00e3o confeccionados os trabalhos que derem entrada no caderno de ENTRADA\/SA\u00cdDA de trabalhos, mediante assinatura do aluno e funcion\u00e1rio.<\/span><\/p>\n<p>&nbsp;<\/p>\n<p><span style=\"font-size: 14pt;\">Art. 4<sup>o<\/sup> \u00a0Para a confec\u00e7\u00e3o do trabalho pelo funcion\u00e1rio \u00e9 obrigat\u00f3rio a entrega da <em>ficha de solicita\u00e7\u00e3o de trabalho<\/em>, na qual dever\u00e1 estar contido nome do aluno, nome do professor, nome da disciplina de gradua\u00e7\u00e3o ou nome do projeto de extens\u00e3o ou nome do curso <em>Lato Sensu <\/em>ou Nivel e \u00eanfase do curso <em>Stricto Sensu. <\/em>\u00a0Tamb\u00e9m deve ser preenhcidas as informa\u00e7\u00f5es quanto a data de entrada e solicita\u00e7\u00e3o de data de entrega.<\/span><\/p>\n<p>&nbsp;<\/p>\n<p><span style=\"font-size: 14pt;\">Art. 5<sup>o<\/sup> Os trabalhos dever\u00e3o ser solicitados com pelo menos 5 dias \u00fateis de anteced\u00eancia. No entanto, o prazo para entrega dos mesmo poder\u00e1 ser menor ou maior, dependendo da demanda existente dos pedidos.<\/span><\/p>\n<p>&nbsp;<\/p>\n<p><span style=\"font-size: 14pt;\">Art. 6<sup>o<\/sup> A ordem dos servi\u00e7os a serem realizados pelos funcion\u00e1rios seguir\u00e1 a seguinte ordem de prioridade:<\/span><\/p>\n<p><span style=\"font-size: 14pt;\">I- trabalhos de disciplinas da gradua\u00e7\u00e3o;<\/span><\/p>\n<p><span style=\"font-size: 14pt;\">II- trabalhos de projetos de extens\u00e3o;<\/span><\/p>\n<p><span style=\"font-size: 14pt;\">III- trabalhos dos cursos <em>Lato Sensu<\/em>;<\/span><\/p>\n<p><span style=\"font-size: 14pt;\">IV- trabalhos relacionados aos cursos <em>Stricto Sensu<\/em>.<\/span><\/p>\n<p>&nbsp;<\/p>\n<p><span style=\"font-size: 14pt;\">Par\u00e1grafo \u00danico- Os trabalhos das disciplinas\/projetos\/cursos Lato Senso\/Cursos Stricto Sensu vinculados ao Departamento de Odontologia Restauradora ter\u00e3o prioridade sobre os pedidos dos demais departamentos.<\/span><\/p>\n<p>&nbsp;<\/p>\n<p><span style=\"font-size: 14pt;\">Art. 7<sup>o<\/sup> Refor\u00e7a-se junto aos colegas docentes que se evite solicitar aos STAs a execu\u00e7\u00e3o de procedimentos laboratoriais que estejam diretamente relacionados ao processo de ensino do discente, conforme conte\u00fado contido nos planos de ensino das disciplinas.<\/span><\/p>\n","protected":false},"excerpt":{"rendered":"<p>Laborat\u00f3rio de Pr\u00f3tese Dent\u00e1ria O laborat\u00f3rio de Pr\u00f3tese Dent\u00e1ria da FO-UFPel conta com os servidores\u00a0Claudio Rosa dos Santos e\u00a0Nilso Blanco. As normas de funcionamento do laborat\u00f3rio s\u00e3o regidas pela seguinte resolu\u00e7\u00e3o: Resolu\u00e7\u00e3o 01, de 29 de mar\u00e7o de 2017 Minuta de funcionamento e normatiza\u00e7\u00e3o do laborat\u00f3rio de Pr\u00f3tese Dent\u00e1ria da Faculdade de Odontologia da Universidade [&hellip;]<\/p>\n","protected":false},"author":511,"featured_media":0,"parent":678,"menu_order":0,"comment_status":"closed","ping_status":"closed","template":"","meta":{"jetpack_post_was_ever_published":false,"footnotes":""},"class_list":["post-683","page","type-page","status-publish","hentry","post"],"jetpack_sharing_enabled":true,"jetpack_shortlink":"https:\/\/wp.me\/PaUn96-b1","jetpack-related-posts":[],"_links":{"self":[{"href":"https:\/\/wp.ufpel.edu.br\/odontologia\/wp-json\/wp\/v2\/pages\/683","targetHints":{"allow":["GET"]}}],"collection":[{"href":"https:\/\/wp.ufpel.edu.br\/odontologia\/wp-json\/wp\/v2\/pages"}],"about":[{"href":"https:\/\/wp.ufpel.edu.br\/odontologia\/wp-json\/wp\/v2\/types\/page"}],"author":[{"embeddable":true,"href":"https:\/\/wp.ufpel.edu.br\/odontologia\/wp-json\/wp\/v2\/users\/511"}],"replies":[{"embeddable":true,"href":"https:\/\/wp.ufpel.edu.br\/odontologia\/wp-json\/wp\/v2\/comments?post=683"}],"version-history":[{"count":10,"href":"https:\/\/wp.ufpel.edu.br\/odontologia\/wp-json\/wp\/v2\/pages\/683\/revisions"}],"predecessor-version":[{"id":828,"href":"https:\/\/wp.ufpel.edu.br\/odontologia\/wp-json\/wp\/v2\/pages\/683\/revisions\/828"}],"up":[{"embeddable":true,"href":"https:\/\/wp.ufpel.edu.br\/odontologia\/wp-json\/wp\/v2\/pages\/678"}],"wp:attachment":[{"href":"https:\/\/wp.ufpel.edu.br\/odontologia\/wp-json\/wp\/v2\/media?parent=683"}],"curies":[{"name":"wp","href":"https:\/\/api.w.org\/{rel}","templated":true}]}}

Laboratório de Prótese Dentária

<p style="text-align: center;"><span style="color: #800000;"><strong><span style="font-size: 18pt;">Laboratório de Prótese Dentária</span></strong></span></p>
<p style="text-align: left;"><span style="font-size: 14pt;"><strong>O laboratório de Prótese Dentária da FO-UFPel conta com os servidores Claudio Rosa dos Santos e Nilso Blanco.</strong></span></p>
<p style="text-align: left;"><span style="font-size: 14pt;">As normas de funcionamento do laboratório são regidas pela seguinte resolução:</span></p>
<p style="text-align: left;"><span style="font-size: 14pt;"><strong>Resolução 01, de 29 de março de 2017</strong></span></p>
<p style="text-align: left;"><span style="font-size: 14pt;"><strong>Minuta de funcionamento e normatização do laboratório de Prótese Dentária da Faculdade de Odontologia da Universidade Federal de Pelotas </strong></span></p>
<p style="text-align: left;"><span style="font-size: 14pt;">O chefe do departamento de Odontologia Restauradora, com base no deliberado em reunião do Dept e constante na ATA 06/2016</span></p>
<p>&nbsp;</p>
<p><span style="font-size: 14pt;">RESOLVE:</span></p>
<p><span style="font-size: 14pt;">Estabelecer Normas de funcionamento para o Laboratório de Prótese Dentária da Faculdade de Odontologia, da Universidade Federal de Pelotas.</span></p>
<p>&nbsp;</p>
<p><span style="font-size: 14pt;">Art. 1<sup>o</sup> Os trabalhos a serem executados deverão ser entregues e retirados no turno da manhã, entre as 08:00 e 10:00, e no turno da tarde entre as 14:00 e 16:00. Os demais horários serão de uso exclusivo para o trabalho dos funcionários, durante os quais os mesmos não receberão novas solicitações.</span></p>
<p>&nbsp;</p>
<p><span style="font-size: 14pt;">Art. 2<sup>o</sup>. Os trabalhos que envolvam procedimentos de acrilização e montagem de dentes deverão ser entregues e retirados no período da manhã, dentro dos períodos descritos no artigo 1º, enquanto que os trabalhos de fundição deverão ser entregues e retirados no período da tarde, dentro dos períodos descritos no artigo 1º.</span></p>
<p>&nbsp;</p>
<p><span style="font-size: 14pt;">Art. 3<sup>o</sup> Só serão confeccionados os trabalhos que derem entrada no caderno de ENTRADA/SAÍDA de trabalhos, mediante assinatura do aluno e funcionário.</span></p>
<p>&nbsp;</p>
<p><span style="font-size: 14pt;">Art. 4<sup>o</sup>  Para a confecção do trabalho pelo funcionário é obrigatório a entrega da <em>ficha de solicitação de trabalho</em>, na qual deverá estar contido nome do aluno, nome do professor, nome da disciplina de graduação ou nome do projeto de extensão ou nome do curso <em>Lato Sensu </em>ou Nivel e ênfase do curso <em>Stricto Sensu. </em> Também deve ser preenhcidas as informações quanto a data de entrada e solicitação de data de entrega.</span></p>
<p>&nbsp;</p>
<p><span style="font-size: 14pt;">Art. 5<sup>o</sup> Os trabalhos deverão ser solicitados com pelo menos 5 dias úteis de antecedência. No entanto, o prazo para entrega dos mesmo poderá ser menor ou maior, dependendo da demanda existente dos pedidos.</span></p>
<p>&nbsp;</p>
<p><span style="font-size: 14pt;">Art. 6<sup>o</sup> A ordem dos serviços a serem realizados pelos funcionários seguirá a seguinte ordem de prioridade:</span></p>
<p><span style="font-size: 14pt;">I- trabalhos de disciplinas da graduação;</span></p>
<p><span style="font-size: 14pt;">II- trabalhos de projetos de extensão;</span></p>
<p><span style="font-size: 14pt;">III- trabalhos dos cursos <em>Lato Sensu</em>;</span></p>
<p><span style="font-size: 14pt;">IV- trabalhos relacionados aos cursos <em>Stricto Sensu</em>.</span></p>
<p>&nbsp;</p>
<p><span style="font-size: 14pt;">Parágrafo Único- Os trabalhos das disciplinas/projetos/cursos Lato Senso/Cursos Stricto Sensu vinculados ao Departamento de Odontologia Restauradora terão prioridade sobre os pedidos dos demais departamentos.</span></p>
<p>&nbsp;</p>
<p><span style="font-size: 14pt;">Art. 7<sup>o</sup> Reforça-se junto aos colegas docentes que se evite solicitar aos STAs a execução de procedimentos laboratoriais que estejam diretamente relacionados ao processo de ensino do discente, conforme conteúdo contido nos planos de ensino das disciplinas.</span></p>

<p>Laboratório de Prótese Dentária O laboratório de Prótese Dentária da FO-UFPel conta com os servidores Claudio Rosa dos Santos e Nilso Blanco. As normas de funcionamento do laboratório são regidas pela seguinte resolução: Resolução 01, de 29 de março de 2017 Minuta de funcionamento e normatização do laboratório de Prótese Dentária da Faculdade de Odontologia da Universidade [&hellip;]</p>
