{"id":29,"date":"2015-04-07T10:33:27","date_gmt":"2015-04-07T13:33:27","guid":{"rendered":"https:\/\/wp.ufpel.edu.br\/odontologia\/?page_id=29"},"modified":"2022-05-19T10:45:11","modified_gmt":"2022-05-19T13:45:11","slug":"a-faculdade-de-odontologia","status":"publish","type":"page","link":"https:\/\/wp.ufpel.edu.br\/odontologia\/a-faculdade-de-odontologia\/","title":{"rendered":"A Faculdade de Odontologia"},"content":{"rendered":"<p style=\"text-align: center\"><span style=\"color: #993300;font-size: 18pt\"><b>INFORMA\u00c7\u00d5ES B\u00c1SICAS<\/b><\/span><\/p>\n<p style=\"text-align: justify\"><span style=\"color: #333333\"><b>Curso<\/b>: Odontologia<\/span><br \/>\n<span style=\"color: #333333\"> <b>Turno<\/b>: Integral<\/span><br \/>\n<span style=\"color: #333333\"> <b>N\u00edvel<\/b>: Gradua\u00e7\u00e3o<\/span><br \/>\n<span style=\"color: #333333\"> <b>Modalidade<\/b>: Presencial<\/span><br \/>\n<span style=\"color: #333333\"> <b>Grau<\/b>: Bacharelado<\/span><\/p>\n<p style=\"text-align: justify\"><span style=\"color: #333333\"><b>Descri\u00e7\u00e3o<\/b>: O curso de Odontologia da UFPel prepara profissionais da sa\u00fade com capacidade cr\u00edtica e reflexiva, habilitados para o cuidado da sa\u00fade bucal com rigor t\u00e9cnico e cient\u00edfico, pautados em princ\u00edpios \u00e9ticos, legais e na compreens\u00e3o da realidade social, cultural e econ\u00f4mica de seu meio.<\/span><\/p>\n<p style=\"text-align: justify\"><span style=\"color: #333333\"><b>Perfil do Egresso<\/b>: O perfil de um profissional \u00e9 tra\u00e7ado, al\u00e9m do conhecimento t\u00e9cnico-cient\u00edfico, por atitudes e condutas pol\u00edtico-filos\u00f3fico-pedag\u00f3gicas que nem sempre se mostram de forma clara ou s\u00e3o praticadas de forma consciente pela comunidade universit\u00e1ria. O profissional que hoje \u00e9 exigido como produto de uma universidade articulada com a sociedade deve ter perfil generalista, humanista, cr\u00edtico e reflexivo, para atuar em todos os n\u00edveis de aten\u00e7\u00e3o \u00e0 sa\u00fade, com base em preceitos \u00e9ticos e no rigor t\u00e9cnico e cient\u00edfico, dirigindo sua atua\u00e7\u00e3o para a transforma\u00e7\u00e3o da realidade em benef\u00edcio da sociedade.<\/span><\/p>\n<p style=\"text-align: justify\"><span style=\"color: #333333\"><b>Endere\u00e7o<\/b>: Rua Gon\u00e7alves Chaves, 457 CEP: 96015-560 &#8211; Pelotas &#8211; RS <\/span><br \/>\n<span style=\"color: #333333\"> <b>Telefone<\/b>: (53) 3225-6741<\/span><\/p>\n","protected":false},"excerpt":{"rendered":"<p>INFORMA\u00c7\u00d5ES B\u00c1SICAS Curso: Odontologia Turno: Integral N\u00edvel: Gradua\u00e7\u00e3o Modalidade: Presencial Grau: Bacharelado Descri\u00e7\u00e3o: O curso de Odontologia da UFPel prepara profissionais da sa\u00fade com capacidade cr\u00edtica e reflexiva, habilitados para o cuidado da sa\u00fade bucal com rigor t\u00e9cnico e cient\u00edfico, pautados em princ\u00edpios \u00e9ticos, legais e na compreens\u00e3o da realidade social, cultural e econ\u00f4mica de [&hellip;]<\/p>\n","protected":false},"author":511,"featured_media":0,"parent":0,"menu_order":0,"comment_status":"closed","ping_status":"closed","template":"","meta":{"jetpack_post_was_ever_published":false,"footnotes":""},"class_list":["post-29","page","type-page","status-publish","hentry","post"],"jetpack_sharing_enabled":true,"jetpack_shortlink":"https:\/\/wp.me\/PaUn96-t","jetpack-related-posts":[],"_links":{"self":[{"href":"https:\/\/wp.ufpel.edu.br\/odontologia\/wp-json\/wp\/v2\/pages\/29","targetHints":{"allow":["GET"]}}],"collection":[{"href":"https:\/\/wp.ufpel.edu.br\/odontologia\/wp-json\/wp\/v2\/pages"}],"about":[{"href":"https:\/\/wp.ufpel.edu.br\/odontologia\/wp-json\/wp\/v2\/types\/page"}],"author":[{"embeddable":true,"href":"https:\/\/wp.ufpel.edu.br\/odontologia\/wp-json\/wp\/v2\/users\/511"}],"replies":[{"embeddable":true,"href":"https:\/\/wp.ufpel.edu.br\/odontologia\/wp-json\/wp\/v2\/comments?post=29"}],"version-history":[{"count":5,"href":"https:\/\/wp.ufpel.edu.br\/odontologia\/wp-json\/wp\/v2\/pages\/29\/revisions"}],"predecessor-version":[{"id":854,"href":"https:\/\/wp.ufpel.edu.br\/odontologia\/wp-json\/wp\/v2\/pages\/29\/revisions\/854"}],"wp:attachment":[{"href":"https:\/\/wp.ufpel.edu.br\/odontologia\/wp-json\/wp\/v2\/media?parent=29"}],"curies":[{"name":"wp","href":"https:\/\/api.w.org\/{rel}","templated":true}]}}

<p style="text-align: center"><span style="color: #993300;font-size: 18pt"><b>INFORMAÇÕES BÁSICAS</b></span></p>
<p style="text-align: justify"><span style="color: #333333"><b>Curso</b>: Odontologia</span><br />
<span style="color: #333333"> <b>Turno</b>: Integral</span><br />
<span style="color: #333333"> <b>Nível</b>: Graduação</span><br />
<span style="color: #333333"> <b>Modalidade</b>: Presencial</span><br />
<span style="color: #333333"> <b>Grau</b>: Bacharelado</span></p>
<p style="text-align: justify"><span style="color: #333333"><b>Descrição</b>: O curso de Odontologia da UFPel prepara profissionais da saúde com capacidade crítica e reflexiva, habilitados para o cuidado da saúde bucal com rigor técnico e científico, pautados em princípios éticos, legais e na compreensão da realidade social, cultural e econômica de seu meio.</span></p>
<p style="text-align: justify"><span style="color: #333333"><b>Perfil do Egresso</b>: O perfil de um profissional é traçado, além do conhecimento técnico-científico, por atitudes e condutas político-filosófico-pedagógicas que nem sempre se mostram de forma clara ou são praticadas de forma consciente pela comunidade universitária. O profissional que hoje é exigido como produto de uma universidade articulada com a sociedade deve ter perfil generalista, humanista, crítico e reflexivo, para atuar em todos os níveis de atenção à saúde, com base em preceitos éticos e no rigor técnico e científico, dirigindo sua atuação para a transformação da realidade em benefício da sociedade.</span></p>
<p style="text-align: justify"><span style="color: #333333"><b>Endereço</b>: Rua Gonçalves Chaves, 457 CEP: 96015-560 &#8211; Pelotas &#8211; RS </span><br />
<span style="color: #333333"> <b>Telefone</b>: (53) 3225-6741</span></p>

<p>INFORMAÇÕES BÁSICAS Curso: Odontologia Turno: Integral Nível: Graduação Modalidade: Presencial Grau: Bacharelado Descrição: O curso de Odontologia da UFPel prepara profissionais da saúde com capacidade crítica e reflexiva, habilitados para o cuidado da saúde bucal com rigor técnico e científico, pautados em princípios éticos, legais e na compreensão da realidade social, cultural e econômica de [&hellip;]</p>
