{"id":1979,"date":"2022-05-19T10:23:35","date_gmt":"2022-05-19T13:23:35","guid":{"rendered":"https:\/\/wp.ufpel.edu.br\/odontologia\/pagina-inicial\/"},"modified":"2022-05-19T14:53:01","modified_gmt":"2022-05-19T17:53:01","slug":"pagina-inicial","status":"publish","type":"page","link":"https:\/\/wp.ufpel.edu.br\/odontologia\/","title":{"rendered":"P\u00e1gina Inicial"},"content":{"rendered":"<div id=\"pl-1979\"  class=\"panel-layout\" ><div id=\"pg-1979-0\"  class=\"panel-grid panel-has-style\" ><div class=\"wide-grey panel-row-style panel-row-style-for-1979-0\" ><div id=\"pgc-1979-0-0\"  class=\"panel-grid-cell\" ><div id=\"panel-1979-0-0-0\" class=\"so-panel widget widget_sow-editor panel-first-child panel-last-child\" data-index=\"0\" ><div\n\t\t\t\n\t\t\tclass=\"so-widget-sow-editor so-widget-sow-editor-base\"\n\t\t\t\n\t\t>\n<div class=\"siteorigin-widget-tinymce textwidget\">\n\t<div class=\"n2_ss_slider_publish__option_code\" dir=\"ltr\" data-mode=\"id\"><\/div>\n<\/div>\n<\/div><\/div><\/div><\/div><\/div><div id=\"pg-1979-1\"  class=\"panel-grid panel-no-style\" ><div id=\"pgc-1979-1-0\"  class=\"panel-grid-cell\" ><div id=\"panel-1979-1-0-0\" class=\"so-panel widget widget_siteorigin-panels-postloop panel-first-child panel-last-child\" data-index=\"1\" ><h3 class=\"widget-title\"><span class=\"vantage-carousel-title\"><span class=\"vantage-carousel-title-text\">\u00daltimos posts<\/span><a href=\"#\" class=\"next\" title=\"Pr\u00f3ximo\"><span class=\"vantage-icon-arrow-right\"><\/span><\/a><a href=\"#\" class=\"previous\" title=\"Anterior\"><span class=\"vantage-icon-arrow-left\"><\/span><\/a><\/span><\/h3><div class=\"vantage-carousel-wrapper\">\n\t\n\t<ul\n\t\tclass=\"vantage-carousel\"\n\t\tdata-query=\"{&quot;post_type&quot;:&quot;post&quot;,&quot;posts_per_page&quot;:4,&quot;orderby&quot;:&quot;date&quot;,&quot;order&quot;:&quot;DESC&quot;,&quot;so_sidebar_emulator_id&quot;:&quot;siteorigin-panels-postloop-197910001&quot;,&quot;option_name&quot;:&quot;widget_siteorigin-panels-postloop&quot;,&quot;panels_info&quot;:{&quot;class&quot;:&quot;SiteOrigin_Panels_Widgets_PostLoop&quot;,&quot;raw&quot;:false,&quot;grid&quot;:1,&quot;cell&quot;:0,&quot;id&quot;:1,&quot;widget_id&quot;:&quot;c20d0134-f846-44e4-a4ba-b62eab1742cc&quot;,&quot;style&quot;:[],&quot;cell_index&quot;:0,&quot;widget_index&quot;:1},&quot;paged&quot;:1,&quot;post__not_in&quot;:[1979],&quot;fields&quot;:&quot;all&quot;,&quot;lazy_load_term_meta&quot;:true}\"\n\t\tdata-ajax-url=\"https:\/\/wp.ufpel.edu.br\/odontologia\/wp-admin\/admin-ajax.php?vantage_carousel_nonce=1ce718e576\"\n\t>\n\t\t\t\t\t<li class=\"carousel-entry\">\n\t\t\t\t<div class=\"thumbnail\">\n\t\t\t\t\t\t\t\t\t\t\t<a href=\"https:\/\/wp.ufpel.edu.br\/odontologia\/2026\/02\/12\/3695\/\" style=\"background-image: url(https:\/\/i0.wp.com\/wp.ufpel.edu.br\/odontologia\/files\/2022\/05\/logo-mini1__lowres.jpg?resize=272%2C182&#038;ssl=1)\">\n\t\t\t\t\t\t<\/a>\n\t\t\t\t\t\t\t\t\t<\/div>\n\t\t\t\t\t\t\t\t<h3><a href=\"https:\/\/wp.ufpel.edu.br\/odontologia\/2026\/02\/12\/3695\/\">DIVULGA\u00c7\u00c3O DA HOMOLOGA\u00c7\u00c3O DAS CHAPAS \u2013 COORDENA\u00c7\u00c3O DO COLEGIADO DO CURSO DE ODONTOLOGIA\/UFPEL<\/a><\/h3>\n\t\t\t<\/li>\n\t\t\t\t\t<li class=\"carousel-entry\">\n\t\t\t\t<div class=\"thumbnail\">\n\t\t\t\t\t\t\t\t\t\t\t<a href=\"https:\/\/wp.ufpel.edu.br\/odontologia\/2025\/12\/15\/divulgacao-dos-resultados-do-processo-seletivo-bolsas-bdu-2\/\" style=\"background-image: url(https:\/\/i0.wp.com\/wp.ufpel.edu.br\/odontologia\/files\/2022\/05\/cropped-logo-mini1__lowres.jpg?resize=272%2C182&#038;ssl=1)\">\n\t\t\t\t\t\t<\/a>\n\t\t\t\t\t\t\t\t\t<\/div>\n\t\t\t\t\t\t\t\t<h3><a href=\"https:\/\/wp.ufpel.edu.br\/odontologia\/2025\/12\/15\/divulgacao-dos-resultados-do-processo-seletivo-bolsas-bdu-2\/\">Divulga\u00e7\u00e3o dos Resultados do processo seletivo Bolsas BDU<\/a><\/h3>\n\t\t\t<\/li>\n\t\t\t\t\t<li class=\"carousel-entry\">\n\t\t\t\t<div class=\"thumbnail\">\n\t\t\t\t\t\t\t\t\t\t\t<a href=\"https:\/\/wp.ufpel.edu.br\/odontologia\/2025\/12\/12\/informe-sobre-alteracao-do-cronograma-do-edital-para-bolsa-de-desenvolvimento-na-unidade-bdu\/\" style=\"background-image: url(https:\/\/i0.wp.com\/wp.ufpel.edu.br\/odontologia\/files\/2022\/05\/cropped-logo-mini1__lowres.jpg?resize=272%2C182&#038;ssl=1)\">\n\t\t\t\t\t\t<\/a>\n\t\t\t\t\t\t\t\t\t<\/div>\n\t\t\t\t\t\t\t\t<h3><a href=\"https:\/\/wp.ufpel.edu.br\/odontologia\/2025\/12\/12\/informe-sobre-alteracao-do-cronograma-do-edital-para-bolsa-de-desenvolvimento-na-unidade-bdu\/\">Informe sobre altera\u00e7\u00e3o do cronograma do Edital para Bolsa de Desenvolvimento na Unidade (BDU)<\/a><\/h3>\n\t\t\t<\/li>\n\t\t\t\t\t<li class=\"carousel-entry\">\n\t\t\t\t<div class=\"thumbnail\">\n\t\t\t\t\t\t\t\t\t\t\t<a href=\"https:\/\/wp.ufpel.edu.br\/odontologia\/2025\/10\/08\/selecao-para-monitoria-modalidade-remunerada-acoes-afirmativas-na-epc-2025-2-pee\/\" style=\"background-image: url(https:\/\/i0.wp.com\/wp.ufpel.edu.br\/odontologia\/files\/2022\/05\/cropped-logo-mini1__lowres.jpg?resize=272%2C182&#038;ssl=1)\">\n\t\t\t\t\t\t<\/a>\n\t\t\t\t\t\t\t\t\t<\/div>\n\t\t\t\t\t\t\t\t<h3><a href=\"https:\/\/wp.ufpel.edu.br\/odontologia\/2025\/10\/08\/selecao-para-monitoria-modalidade-remunerada-acoes-afirmativas-na-epc-2025-2-pee\/\">Sele\u00e7\u00e3o para Monitoria (Modalidade Remunerada\/A\u00e7\u00f5es Afirmativas) na EPC 2025\/2\/PEE<\/a><\/h3>\n\t\t\t<\/li>\n\t\t\t<\/ul>\n<\/div>\n<\/div><\/div><div id=\"pgc-1979-1-1\"  class=\"panel-grid-cell\" ><div id=\"panel-1979-1-1-0\" class=\"so-panel widget widget_sow-editor panel-first-child panel-last-child\" data-index=\"2\" ><div\n\t\t\t\n\t\t\tclass=\"so-widget-sow-editor so-widget-sow-editor-base\"\n\t\t\t\n\t\t>\n<div class=\"siteorigin-widget-tinymce textwidget\">\n\t<div class=\"n2_ss_slider_publish__option_code\" dir=\"ltr\" data-mode=\"id\">\n<!-- iframe plugin v.6.0 wordpress.org\/plugins\/iframe\/ -->\n<iframe src=\"https:\/\/www.google.com\/maps\/embed?pb=!1m18!1m12!1m3!1d3391.92836375404!2d-52.342530484283934!3d-31.772439720744437!2m3!1f0!2f0!3f0!3m2!1i1024!2i768!4f13.1!3m3!1m2!1s0x9511b595870302af%3A0x55ea1b8ee31d9f29!2sFaculdade%20de%20Odontologia%20de%20Pelotas%20-%20Universidade%20Federal%20de%20Pelotas!5e0!3m2!1spt-BR!2sbr!4v1652980424421!5m2!1spt-BR!2sbr\" width=\"600\" height=\"350\" style=\"border:0;\" allowfullscreen loading=\"lazy\" referrerpolicy=\"no-referrer-when-downgrade\" scrolling=\"yes\" class=\"iframe-class\" frameborder=\"0\"><\/iframe>\n<\/div>\n<div class=\"n2_ss_slider_publish__option_code\" dir=\"ltr\" data-mode=\"id\"><\/div>\n<\/div>\n<\/div><\/div><\/div><\/div><\/div>","protected":false},"excerpt":{"rendered":"<p>Sele\u00e7\u00e3o para Monitoria (Modalidade Remunerada\/A\u00e7\u00f5es Afirmativas) na EPC 2025\/2\/PEE &nbsp; A inscri\u00e7\u00e3o no processo de sele\u00e7\u00e3o para uma (1) vaga de Monitoria (Modalidade Remunerada\/A\u00e7\u00f5es Afirmativas) junto \u00e0 disciplina Endodontia Pr\u00e9-Cl\u00ednica (EPC) 2025\/2\/Projeto de Ensino Endodontia (PEE) poder\u00e1 ser realizada at\u00e9 \u00e0s 12:00 horas do dia 09\/10\/2025 por meio do preenchimento do formul\u00e1rio do Google dispon\u00edvel [&hellip;]<\/p>\n","protected":false},"author":511,"featured_media":0,"parent":0,"menu_order":0,"comment_status":"closed","ping_status":"closed","template":"home-panels.php","meta":{"jetpack_post_was_ever_published":false,"footnotes":""},"class_list":["post-1979","page","type-page","status-publish","hentry","post","post-with-thumbnail","post-with-thumbnail-large"],"jetpack_sharing_enabled":true,"jetpack_shortlink":"https:\/\/wp.me\/PaUn96-vV","jetpack-related-posts":[],"_links":{"self":[{"href":"https:\/\/wp.ufpel.edu.br\/odontologia\/wp-json\/wp\/v2\/pages\/1979","targetHints":{"allow":["GET"]}}],"collection":[{"href":"https:\/\/wp.ufpel.edu.br\/odontologia\/wp-json\/wp\/v2\/pages"}],"about":[{"href":"https:\/\/wp.ufpel.edu.br\/odontologia\/wp-json\/wp\/v2\/types\/page"}],"author":[{"embeddable":true,"href":"https:\/\/wp.ufpel.edu.br\/odontologia\/wp-json\/wp\/v2\/users\/511"}],"replies":[{"embeddable":true,"href":"https:\/\/wp.ufpel.edu.br\/odontologia\/wp-json\/wp\/v2\/comments?post=1979"}],"version-history":[{"count":3,"href":"https:\/\/wp.ufpel.edu.br\/odontologia\/wp-json\/wp\/v2\/pages\/1979\/revisions"}],"predecessor-version":[{"id":2026,"href":"https:\/\/wp.ufpel.edu.br\/odontologia\/wp-json\/wp\/v2\/pages\/1979\/revisions\/2026"}],"wp:attachment":[{"href":"https:\/\/wp.ufpel.edu.br\/odontologia\/wp-json\/wp\/v2\/media?parent=1979"}],"curies":[{"name":"wp","href":"https:\/\/api.w.org\/{rel}","templated":true}]}}