{"id":147,"date":"2013-08-10T20:43:44","date_gmt":"2013-08-10T20:43:44","guid":{"rendered":"https:\/\/wp.ufpel.edu.br\/observatoriosocial\/?page_id=147"},"modified":"2015-11-13T18:07:25","modified_gmt":"2015-11-13T20:07:25","slug":"artigos","status":"publish","type":"page","link":"https:\/\/wp.ufpel.edu.br\/observatoriosocial\/publicacoes\/artigos\/","title":{"rendered":"Artigos"},"content":{"rendered":"<p>Artigos dispon\u00edveis:<\/p>\n<p>&nbsp;<\/p>\n<p><strong><a href=\"https:\/\/wp.ufpel.edu.br\/observatoriosocial\/files\/2013\/08\/GT-41-ANPOCS-2015-VARGAS-e-FABRES-Trabalho-Completo.pdf\">Mercado de Trabalho e Rela\u00e7\u00f5es de G\u00eanero em um Contexto de Desenvolvimento Regional: O Caso do Polo Naval de Rio Grande-RS (VARGAS, F; FABRES, Ana C.)\u00a039\u00ba Encontro Anual da ANPOCS, Caxambu, 26 a 30 de outubro de 2015.<\/a><\/strong><\/p>\n<p>&nbsp;<\/p>\n<p><strong><a href=\"https:\/\/wp.ufpel.edu.br\/observatoriosocial\/files\/2013\/08\/GT18-Vargas-Fabres-Salvador-Flexibilizacao-produtiva.pdf\">Flexibilidade Produtiva na Ind\u00fastria Naval de Rio Grande-RS: Novas e Velhas Formas de Trabalho\u00a0(VARGAS, F.; FABRES, Ana C.; SALVADOR, B.) XVII Congresso Brasileiro de Sociologia, Porto Alegre, 20 a 23 de julho de 2015<\/a>.<\/strong><\/p>\n<p>&nbsp;<\/p>\n<p><a href=\"https:\/\/wp.ufpel.edu.br\/observatoriosocial\/files\/2013\/08\/ARTIGO-FRANCISCO-15.04.2014.pdf\"><strong>Desenvolvimento e Desigualdades de G\u00eanero: As transforma\u00e7\u00f5es do mercado de trabalho em Pelotas e Rio Grande (RS) (F. VARGAS) (2014)<\/strong><\/a><\/p>\n<p>&nbsp;<\/p>\n<p><a href=\"https:\/\/wp.ufpel.edu.br\/observatoriosocial\/files\/2013\/01\/Artigo-F.-VARGAS-Revista-da-ABET-v.-XI-n.-2-jul.dez-2012.pdf\"><strong>Emprego e Desenvolvimento Regional: Contornos de uma Quest\u00e3o Social (F. VARGAS ) Revista da ABET v. XI n. 2 Jul\/dez de 2012<\/strong><\/a><\/p>\n<p>&nbsp;<\/p>\n<p><a href=\"https:\/\/wp.ufpel.edu.br\/observatoriosocial\/files\/2013\/08\/Artigo-ABET-2011-Francisco-Vargas.pdf\"><strong>Emprego e Desenvolvimento no Sul do Brasil (F. VARGAS) (XII Encontro da ABET, Jo\u00e3o Pessoa, 2011)<\/strong><\/a><\/p>\n<p>&nbsp;<\/p>\n<p><a href=\"https:\/\/wp.ufpel.edu.br\/observatoriosocial\/files\/2013\/08\/Artigo-EICS-2010-GT-13-Francisco-Vargas.pdf\"><strong>Emprego e desenvolvimento na Zona Sul do RS: Os dilemas da precariedade social e do trabalho (F. VARGAS)(II Encontro Internacional de Ci\u00eancias Sociais, Pelotas, 2010)<\/strong><\/a><\/p>\n","protected":false},"excerpt":{"rendered":"<p>Artigos dispon\u00edveis: &nbsp; Mercado de Trabalho e Rela\u00e7\u00f5es de G\u00eanero em um Contexto de Desenvolvimento Regional: O Caso do Polo Naval de Rio Grande-RS (VARGAS, F; FABRES, Ana C.)\u00a039\u00ba Encontro Anual da ANPOCS, Caxambu, 26 a 30 de outubro de 2015. &nbsp; Flexibilidade Produtiva na Ind\u00fastria Naval de Rio Grande-RS: Novas e Velhas Formas de [&hellip;]<\/p>\n","protected":false},"author":102,"featured_media":0,"parent":12,"menu_order":1,"comment_status":"closed","ping_status":"closed","template":"","meta":{"footnotes":""},"class_list":["post-147","page","type-page","status-publish","hentry"],"yoast_head":"<!-- This site is optimized with the Yoast SEO plugin v26.7 - https:\/\/yoast.com\/wordpress\/plugins\/seo\/ -->\n<title>Artigos &#8226; OBSERVAT\u00d3RIO SOCIAL DO TRABALHO<\/title>\n<meta name=\"robots\" content=\"index, follow, max-snippet:-1, max-image-preview:large, max-video-preview:-1\" \/>\n<link rel=\"canonical\" href=\"https:\/\/wp.ufpel.edu.br\/observatoriosocial\/publicacoes\/artigos\/\" \/>\n<meta property=\"og:locale\" content=\"pt_BR\" \/>\n<meta property=\"og:type\" content=\"article\" \/>\n<meta property=\"og:title\" content=\"Artigos &#8226; OBSERVAT\u00d3RIO SOCIAL DO TRABALHO\" \/>\n<meta property=\"og:description\" content=\"Artigos dispon\u00edveis: &nbsp; Mercado de Trabalho e Rela\u00e7\u00f5es de G\u00eanero em um Contexto de Desenvolvimento Regional: O Caso do Polo Naval de Rio Grande-RS (VARGAS, F; FABRES, Ana C.)\u00a039\u00ba Encontro Anual da ANPOCS, Caxambu, 26 a 30 de outubro de 2015. &nbsp; Flexibilidade Produtiva na Ind\u00fastria Naval de Rio Grande-RS: Novas e Velhas Formas de [&hellip;]\" \/>\n<meta property=\"og:url\" content=\"https:\/\/wp.ufpel.edu.br\/observatoriosocial\/publicacoes\/artigos\/\" \/>\n<meta property=\"og:site_name\" content=\"OBSERVAT\u00d3RIO SOCIAL DO TRABALHO\" \/>\n<meta property=\"article:publisher\" content=\"https:\/\/www.facebook.com\/observatoriodaufpel\/\" \/>\n<meta property=\"article:modified_time\" content=\"2015-11-13T20:07:25+00:00\" \/>\n<meta name=\"twitter:card\" content=\"summary_large_image\" \/>\n<meta name=\"twitter:site\" content=\"@ufpeltrabalho\" \/>\n<meta name=\"twitter:label1\" content=\"Est. tempo de leitura\" \/>\n\t<meta name=\"twitter:data1\" content=\"1 minuto\" \/>\n<script type=\"application\/ld+json\" class=\"yoast-schema-graph\">{\"@context\":\"https:\/\/schema.org\",\"@graph\":[{\"@type\":\"WebPage\",\"@id\":\"https:\/\/wp.ufpel.edu.br\/observatoriosocial\/publicacoes\/artigos\/\",\"url\":\"https:\/\/wp.ufpel.edu.br\/observatoriosocial\/publicacoes\/artigos\/\",\"name\":\"Artigos &#8226; OBSERVAT\u00d3RIO SOCIAL DO TRABALHO\",\"isPartOf\":{\"@id\":\"https:\/\/wp.ufpel.edu.br\/observatoriosocial\/#website\"},\"datePublished\":\"2013-08-10T20:43:44+00:00\",\"dateModified\":\"2015-11-13T20:07:25+00:00\",\"breadcrumb\":{\"@id\":\"https:\/\/wp.ufpel.edu.br\/observatoriosocial\/publicacoes\/artigos\/#breadcrumb\"},\"inLanguage\":\"pt-BR\",\"potentialAction\":[{\"@type\":\"ReadAction\",\"target\":[\"https:\/\/wp.ufpel.edu.br\/observatoriosocial\/publicacoes\/artigos\/\"]}]},{\"@type\":\"BreadcrumbList\",\"@id\":\"https:\/\/wp.ufpel.edu.br\/observatoriosocial\/publicacoes\/artigos\/#breadcrumb\",\"itemListElement\":[{\"@type\":\"ListItem\",\"position\":1,\"name\":\"In\u00edcio\",\"item\":\"https:\/\/wp.ufpel.edu.br\/observatoriosocial\/\"},{\"@type\":\"ListItem\",\"position\":2,\"name\":\"Produ\u00e7\u00e3o Cient\u00edfica\",\"item\":\"https:\/\/wp.ufpel.edu.br\/observatoriosocial\/publicacoes\/\"},{\"@type\":\"ListItem\",\"position\":3,\"name\":\"Artigos\"}]},{\"@type\":\"WebSite\",\"@id\":\"https:\/\/wp.ufpel.edu.br\/observatoriosocial\/#website\",\"url\":\"https:\/\/wp.ufpel.edu.br\/observatoriosocial\/\",\"name\":\"OBSERVAT\u00d3RIO SOCIAL DO TRABALHO\",\"description\":\"Instituto de Filosofia, Sociologia e Pol\u00edtica (IFISP) \/ Universidade Federal de Pelotas (UFPel)\",\"potentialAction\":[{\"@type\":\"SearchAction\",\"target\":{\"@type\":\"EntryPoint\",\"urlTemplate\":\"https:\/\/wp.ufpel.edu.br\/observatoriosocial\/?s={search_term_string}\"},\"query-input\":{\"@type\":\"PropertyValueSpecification\",\"valueRequired\":true,\"valueName\":\"search_term_string\"}}],\"inLanguage\":\"pt-BR\"}]}<\/script>\n<!-- \/ Yoast SEO plugin. -->","yoast_head_json":{"title":"Artigos &#8226; OBSERVAT\u00d3RIO SOCIAL DO TRABALHO","robots":{"index":"index","follow":"follow","max-snippet":"max-snippet:-1","max-image-preview":"max-image-preview:large","max-video-preview":"max-video-preview:-1"},"canonical":"https:\/\/wp.ufpel.edu.br\/observatoriosocial\/publicacoes\/artigos\/","og_locale":"pt_BR","og_type":"article","og_title":"Artigos &#8226; OBSERVAT\u00d3RIO SOCIAL DO TRABALHO","og_description":"Artigos dispon\u00edveis: &nbsp; Mercado de Trabalho e Rela\u00e7\u00f5es de G\u00eanero em um Contexto de Desenvolvimento Regional: O Caso do Polo Naval de Rio Grande-RS (VARGAS, F; FABRES, Ana C.)\u00a039\u00ba Encontro Anual da ANPOCS, Caxambu, 26 a 30 de outubro de 2015. &nbsp; Flexibilidade Produtiva na Ind\u00fastria Naval de Rio Grande-RS: Novas e Velhas Formas de [&hellip;]","og_url":"https:\/\/wp.ufpel.edu.br\/observatoriosocial\/publicacoes\/artigos\/","og_site_name":"OBSERVAT\u00d3RIO SOCIAL DO TRABALHO","article_publisher":"https:\/\/www.facebook.com\/observatoriodaufpel\/","article_modified_time":"2015-11-13T20:07:25+00:00","twitter_card":"summary_large_image","twitter_site":"@ufpeltrabalho","twitter_misc":{"Est. tempo de leitura":"1 minuto"},"schema":{"@context":"https:\/\/schema.org","@graph":[{"@type":"WebPage","@id":"https:\/\/wp.ufpel.edu.br\/observatoriosocial\/publicacoes\/artigos\/","url":"https:\/\/wp.ufpel.edu.br\/observatoriosocial\/publicacoes\/artigos\/","name":"Artigos &#8226; OBSERVAT\u00d3RIO SOCIAL DO TRABALHO","isPartOf":{"@id":"https:\/\/wp.ufpel.edu.br\/observatoriosocial\/#website"},"datePublished":"2013-08-10T20:43:44+00:00","dateModified":"2015-11-13T20:07:25+00:00","breadcrumb":{"@id":"https:\/\/wp.ufpel.edu.br\/observatoriosocial\/publicacoes\/artigos\/#breadcrumb"},"inLanguage":"pt-BR","potentialAction":[{"@type":"ReadAction","target":["https:\/\/wp.ufpel.edu.br\/observatoriosocial\/publicacoes\/artigos\/"]}]},{"@type":"BreadcrumbList","@id":"https:\/\/wp.ufpel.edu.br\/observatoriosocial\/publicacoes\/artigos\/#breadcrumb","itemListElement":[{"@type":"ListItem","position":1,"name":"In\u00edcio","item":"https:\/\/wp.ufpel.edu.br\/observatoriosocial\/"},{"@type":"ListItem","position":2,"name":"Produ\u00e7\u00e3o Cient\u00edfica","item":"https:\/\/wp.ufpel.edu.br\/observatoriosocial\/publicacoes\/"},{"@type":"ListItem","position":3,"name":"Artigos"}]},{"@type":"WebSite","@id":"https:\/\/wp.ufpel.edu.br\/observatoriosocial\/#website","url":"https:\/\/wp.ufpel.edu.br\/observatoriosocial\/","name":"OBSERVAT\u00d3RIO SOCIAL DO TRABALHO","description":"Instituto de Filosofia, Sociologia e Pol\u00edtica (IFISP) \/ Universidade Federal de Pelotas (UFPel)","potentialAction":[{"@type":"SearchAction","target":{"@type":"EntryPoint","urlTemplate":"https:\/\/wp.ufpel.edu.br\/observatoriosocial\/?s={search_term_string}"},"query-input":{"@type":"PropertyValueSpecification","valueRequired":true,"valueName":"search_term_string"}}],"inLanguage":"pt-BR"}]}},"_links":{"self":[{"href":"https:\/\/wp.ufpel.edu.br\/observatoriosocial\/wp-json\/wp\/v2\/pages\/147","targetHints":{"allow":["GET"]}}],"collection":[{"href":"https:\/\/wp.ufpel.edu.br\/observatoriosocial\/wp-json\/wp\/v2\/pages"}],"about":[{"href":"https:\/\/wp.ufpel.edu.br\/observatoriosocial\/wp-json\/wp\/v2\/types\/page"}],"author":[{"embeddable":true,"href":"https:\/\/wp.ufpel.edu.br\/observatoriosocial\/wp-json\/wp\/v2\/users\/102"}],"replies":[{"embeddable":true,"href":"https:\/\/wp.ufpel.edu.br\/observatoriosocial\/wp-json\/wp\/v2\/comments?post=147"}],"version-history":[{"count":19,"href":"https:\/\/wp.ufpel.edu.br\/observatoriosocial\/wp-json\/wp\/v2\/pages\/147\/revisions"}],"predecessor-version":[{"id":1063,"href":"https:\/\/wp.ufpel.edu.br\/observatoriosocial\/wp-json\/wp\/v2\/pages\/147\/revisions\/1063"}],"up":[{"embeddable":true,"href":"https:\/\/wp.ufpel.edu.br\/observatoriosocial\/wp-json\/wp\/v2\/pages\/12"}],"wp:attachment":[{"href":"https:\/\/wp.ufpel.edu.br\/observatoriosocial\/wp-json\/wp\/v2\/media?parent=147"}],"curies":[{"name":"wp","href":"https:\/\/api.w.org\/{rel}","templated":true}]}}