{"id":113,"date":"2013-01-10T19:49:01","date_gmt":"2013-01-10T19:49:01","guid":{"rendered":"https:\/\/wp.ufpel.edu.br\/observatoriosocial\/?page_id=113"},"modified":"2013-01-29T17:38:29","modified_gmt":"2013-01-29T17:38:29","slug":"justificativa","status":"publish","type":"page","link":"https:\/\/wp.ufpel.edu.br\/observatoriosocial\/sobre\/justificativa\/","title":{"rendered":"Justificativa"},"content":{"rendered":"<p>\tAs sociedades contempor\u00e2neas t\u00eam passado por profundas transforma\u00e7\u00f5es sociais nas \u00faltimas d\u00e9cadas. Dentre estas, destacam-se aquelas referentes ao mundo do trabalho, \u00e0s formas de gest\u00e3o e organiza\u00e7\u00e3o das grandes empresas capitalistas. As pesquisas no \u00e2mbito da sociologia do trabalho indicam que um novo paradigma produtivo vem sendo implementado desde meados dos anos setenta e, particularmente no Brasil, desde os anos oitenta e noventa. Assim, o paradigma fordista-taylorista estaria dando lugar a um novo modelo de gest\u00e3o e organiza\u00e7\u00e3o do trabalho, normalmente denominado de acumula\u00e7\u00e3o flex\u00edvel, toyotismo, p\u00f3s-fordismo, dentre outras designa\u00e7\u00f5es. Os estudos t\u00eam destacado que esse novo paradigma produtivo tem provocado importantes efeitos sobre a estrutura da classe trabalhadora e sobre as condi\u00e7\u00f5es de exerc\u00edcio das atividades laborais, destacando-se processos de fragiliza\u00e7\u00e3o das rela\u00e7\u00f5es de trabalho e de crescimento do desemprego. A precariza\u00e7\u00e3o do trabalho, dos v\u00ednculos de emprego e das condi\u00e7\u00f5es de trabalho, tem sido, pois, uma das consequ\u00eancias fundamentais destacadas pela literatura especializada. Essa precariza\u00e7\u00e3o associa-se tanto \u00e0s formas de gest\u00e3o baseadas na terceiriza\u00e7\u00e3o e subcontrata\u00e7\u00e3o, \u00e0 multiplica\u00e7\u00e3o das formas e rela\u00e7\u00f5es de trabalho, como ao aumento do estresse e da press\u00e3o sobre os trabalhadores impelidos a elevarem sua produtividade no trabalho. Neste sentido, as formas de trabalho intelectual, relacional, de servi\u00e7os, indicam importantes mudan\u00e7as no mundo do trabalho, decorrentes da eleva\u00e7\u00e3o da produtividade do trabalho industrial e da incorpora\u00e7\u00e3o das novas tecnologias de informa\u00e7\u00e3o e comunica\u00e7\u00e3o. Se, por um lado, essas tecnologias podem provocar um aumento nas exig\u00eancias de forma\u00e7\u00e3o e qualifica\u00e7\u00e3o dos trabalhadores, por outro, elas acarretam novas formas de press\u00e3o, estresse e precariza\u00e7\u00e3o do trabalho, al\u00e9m do pr\u00f3prio desemprego tecnol\u00f3gico.<br \/>\n\tNum pa\u00eds como o Brasil que ocupa uma posi\u00e7\u00e3o subordinada na divis\u00e3o internacional do trabalho, \u00e9 preciso levar em considera\u00e7\u00e3o, ainda, a forte presen\u00e7a das formas cl\u00e1ssicas de organiza\u00e7\u00e3o taylorista do trabalho e das chamadas atividades informais. Neste sentido, a an\u00e1lise da realidade brasileira exige que se leve em considera\u00e7\u00e3o a velha precariedade estrutural do trabalho, marcada por baixos n\u00edveis de prote\u00e7\u00e3o social, por uma elevada informalidade e pela heterogeneidade das formas de trabalho (trabalho aut\u00f4nomo, trabalho dom\u00e9stico, organiza\u00e7\u00e3o familiar do trabalho, formas de trabalho cooperativas, formas de trabalho de subsist\u00eancia e auto-consumo, etc.). Por todas essas raz\u00f5es, torna-se fundamental monitorar essas transforma\u00e7\u00f5es do trabalho na regi\u00e3o sul do Estado do Rio Grande do Sul, identificando em que medida a precariedade do trabalho est\u00e1 presente no cotidiano dos trabalhadores.<br \/>\n\tAo mesmo tempo, \u00e9 preciso acompanhar as transforma\u00e7\u00f5es econ\u00f4micas regionais e medir em que medida elas est\u00e3o impactando o mundo do trabalho. Nos \u00faltimos anos, o pa\u00eds vem experimentando uma nova onda de desenvolvimento econ\u00f4mico, um novo desenvolvimentismo, supostamente mais inclusivo e que tem tido um importante impacto sobre o crescimento do emprego formal. Trata-se, pois, de identificar em que medida esse crescimento tem estado presente nesta regi\u00e3o do Estado, considerando-se, principalmente, os grande projetos econ\u00f4micos que nela t\u00eam sido implementados, como o p\u00f3lo naval, a silvicultura, dentre outros.<br \/>\n\tTodas essas transforma\u00e7\u00f5es exigem, pois, um processo constante de reflex\u00e3o e acompanhamento por parte das institui\u00e7\u00f5es sociais e, particularmente, das institui\u00e7\u00f5es p\u00fablicas respons\u00e1veis pela implementa\u00e7\u00e3o de pol\u00edticas espec\u00edficas na \u00e1rea do trabalho. Por essa raz\u00e3o, o di\u00e1logo e a articula\u00e7\u00e3o entre essas institui\u00e7\u00f5es \u00e9 de fundamental import\u00e2ncia para o enfrentamento dos problemas decorrentes das mudan\u00e7as no mundo do trabalho. O presente projeto, portanto, prop\u00f5e-se a promover esse di\u00e1logo e essa articula\u00e7\u00e3o, trabalhando para a produ\u00e7\u00e3o de indicadores, estudos, an\u00e1lises que d\u00eaem maior visibilidade e compreens\u00e3o de uma realidade social em permanente transforma\u00e7\u00e3o. Ao mesmo tempo, prop\u00f5e-se promover a interdisciplinaridade, a articula\u00e7\u00e3o de conhecimentos diversos, acad\u00eamicos e n\u00e3o acad\u00eamicos, o que se constitui num requisito fundamental para compreender todas as complexas facetas do fen\u00f4meno em pauta.<\/p>\n","protected":false},"excerpt":{"rendered":"<p>As sociedades contempor\u00e2neas t\u00eam passado por profundas transforma\u00e7\u00f5es sociais nas \u00faltimas d\u00e9cadas. Dentre estas, destacam-se aquelas referentes ao mundo do trabalho, \u00e0s formas de gest\u00e3o e organiza\u00e7\u00e3o das grandes empresas capitalistas. As pesquisas no \u00e2mbito da sociologia do trabalho indicam que um novo paradigma produtivo vem sendo implementado desde meados dos anos setenta e, particularmente [&hellip;]<\/p>\n","protected":false},"author":102,"featured_media":0,"parent":2,"menu_order":2,"comment_status":"closed","ping_status":"open","template":"","meta":{"footnotes":""},"class_list":["post-113","page","type-page","status-publish","hentry"],"yoast_head":"<!-- This site is optimized with the Yoast SEO plugin v26.7 - https:\/\/yoast.com\/wordpress\/plugins\/seo\/ -->\n<title>Justificativa &#8226; OBSERVAT\u00d3RIO SOCIAL DO TRABALHO<\/title>\n<meta name=\"robots\" content=\"index, follow, max-snippet:-1, max-image-preview:large, max-video-preview:-1\" \/>\n<link rel=\"canonical\" href=\"https:\/\/wp.ufpel.edu.br\/observatoriosocial\/sobre\/justificativa\/\" \/>\n<meta property=\"og:locale\" content=\"pt_BR\" \/>\n<meta property=\"og:type\" content=\"article\" \/>\n<meta property=\"og:title\" content=\"Justificativa &#8226; OBSERVAT\u00d3RIO SOCIAL DO TRABALHO\" \/>\n<meta property=\"og:description\" content=\"As sociedades contempor\u00e2neas t\u00eam passado por profundas transforma\u00e7\u00f5es sociais nas \u00faltimas d\u00e9cadas. Dentre estas, destacam-se aquelas referentes ao mundo do trabalho, \u00e0s formas de gest\u00e3o e organiza\u00e7\u00e3o das grandes empresas capitalistas. As pesquisas no \u00e2mbito da sociologia do trabalho indicam que um novo paradigma produtivo vem sendo implementado desde meados dos anos setenta e, particularmente [&hellip;]\" \/>\n<meta property=\"og:url\" content=\"https:\/\/wp.ufpel.edu.br\/observatoriosocial\/sobre\/justificativa\/\" \/>\n<meta property=\"og:site_name\" content=\"OBSERVAT\u00d3RIO SOCIAL DO TRABALHO\" \/>\n<meta property=\"article:publisher\" content=\"https:\/\/www.facebook.com\/observatoriodaufpel\/\" \/>\n<meta property=\"article:modified_time\" content=\"2013-01-29T17:38:29+00:00\" \/>\n<meta name=\"twitter:card\" content=\"summary_large_image\" \/>\n<meta name=\"twitter:site\" content=\"@ufpeltrabalho\" \/>\n<meta name=\"twitter:label1\" content=\"Est. tempo de leitura\" \/>\n\t<meta name=\"twitter:data1\" content=\"4 minutos\" \/>\n<script type=\"application\/ld+json\" class=\"yoast-schema-graph\">{\"@context\":\"https:\/\/schema.org\",\"@graph\":[{\"@type\":\"WebPage\",\"@id\":\"https:\/\/wp.ufpel.edu.br\/observatoriosocial\/sobre\/justificativa\/\",\"url\":\"https:\/\/wp.ufpel.edu.br\/observatoriosocial\/sobre\/justificativa\/\",\"name\":\"Justificativa &#8226; OBSERVAT\u00d3RIO SOCIAL DO TRABALHO\",\"isPartOf\":{\"@id\":\"https:\/\/wp.ufpel.edu.br\/observatoriosocial\/#website\"},\"datePublished\":\"2013-01-10T19:49:01+00:00\",\"dateModified\":\"2013-01-29T17:38:29+00:00\",\"breadcrumb\":{\"@id\":\"https:\/\/wp.ufpel.edu.br\/observatoriosocial\/sobre\/justificativa\/#breadcrumb\"},\"inLanguage\":\"pt-BR\",\"potentialAction\":[{\"@type\":\"ReadAction\",\"target\":[\"https:\/\/wp.ufpel.edu.br\/observatoriosocial\/sobre\/justificativa\/\"]}]},{\"@type\":\"BreadcrumbList\",\"@id\":\"https:\/\/wp.ufpel.edu.br\/observatoriosocial\/sobre\/justificativa\/#breadcrumb\",\"itemListElement\":[{\"@type\":\"ListItem\",\"position\":1,\"name\":\"In\u00edcio\",\"item\":\"https:\/\/wp.ufpel.edu.br\/observatoriosocial\/\"},{\"@type\":\"ListItem\",\"position\":2,\"name\":\"Sobre o Observat\u00f3rio\",\"item\":\"https:\/\/wp.ufpel.edu.br\/observatoriosocial\/sobre\/\"},{\"@type\":\"ListItem\",\"position\":3,\"name\":\"Justificativa\"}]},{\"@type\":\"WebSite\",\"@id\":\"https:\/\/wp.ufpel.edu.br\/observatoriosocial\/#website\",\"url\":\"https:\/\/wp.ufpel.edu.br\/observatoriosocial\/\",\"name\":\"OBSERVAT\u00d3RIO SOCIAL DO TRABALHO\",\"description\":\"Instituto de Filosofia, Sociologia e Pol\u00edtica (IFISP) \/ Universidade Federal de Pelotas (UFPel)\",\"potentialAction\":[{\"@type\":\"SearchAction\",\"target\":{\"@type\":\"EntryPoint\",\"urlTemplate\":\"https:\/\/wp.ufpel.edu.br\/observatoriosocial\/?s={search_term_string}\"},\"query-input\":{\"@type\":\"PropertyValueSpecification\",\"valueRequired\":true,\"valueName\":\"search_term_string\"}}],\"inLanguage\":\"pt-BR\"}]}<\/script>\n<!-- \/ Yoast SEO plugin. -->","yoast_head_json":{"title":"Justificativa &#8226; OBSERVAT\u00d3RIO SOCIAL DO TRABALHO","robots":{"index":"index","follow":"follow","max-snippet":"max-snippet:-1","max-image-preview":"max-image-preview:large","max-video-preview":"max-video-preview:-1"},"canonical":"https:\/\/wp.ufpel.edu.br\/observatoriosocial\/sobre\/justificativa\/","og_locale":"pt_BR","og_type":"article","og_title":"Justificativa &#8226; OBSERVAT\u00d3RIO SOCIAL DO TRABALHO","og_description":"As sociedades contempor\u00e2neas t\u00eam passado por profundas transforma\u00e7\u00f5es sociais nas \u00faltimas d\u00e9cadas. Dentre estas, destacam-se aquelas referentes ao mundo do trabalho, \u00e0s formas de gest\u00e3o e organiza\u00e7\u00e3o das grandes empresas capitalistas. As pesquisas no \u00e2mbito da sociologia do trabalho indicam que um novo paradigma produtivo vem sendo implementado desde meados dos anos setenta e, particularmente [&hellip;]","og_url":"https:\/\/wp.ufpel.edu.br\/observatoriosocial\/sobre\/justificativa\/","og_site_name":"OBSERVAT\u00d3RIO SOCIAL DO TRABALHO","article_publisher":"https:\/\/www.facebook.com\/observatoriodaufpel\/","article_modified_time":"2013-01-29T17:38:29+00:00","twitter_card":"summary_large_image","twitter_site":"@ufpeltrabalho","twitter_misc":{"Est. tempo de leitura":"4 minutos"},"schema":{"@context":"https:\/\/schema.org","@graph":[{"@type":"WebPage","@id":"https:\/\/wp.ufpel.edu.br\/observatoriosocial\/sobre\/justificativa\/","url":"https:\/\/wp.ufpel.edu.br\/observatoriosocial\/sobre\/justificativa\/","name":"Justificativa &#8226; OBSERVAT\u00d3RIO SOCIAL DO TRABALHO","isPartOf":{"@id":"https:\/\/wp.ufpel.edu.br\/observatoriosocial\/#website"},"datePublished":"2013-01-10T19:49:01+00:00","dateModified":"2013-01-29T17:38:29+00:00","breadcrumb":{"@id":"https:\/\/wp.ufpel.edu.br\/observatoriosocial\/sobre\/justificativa\/#breadcrumb"},"inLanguage":"pt-BR","potentialAction":[{"@type":"ReadAction","target":["https:\/\/wp.ufpel.edu.br\/observatoriosocial\/sobre\/justificativa\/"]}]},{"@type":"BreadcrumbList","@id":"https:\/\/wp.ufpel.edu.br\/observatoriosocial\/sobre\/justificativa\/#breadcrumb","itemListElement":[{"@type":"ListItem","position":1,"name":"In\u00edcio","item":"https:\/\/wp.ufpel.edu.br\/observatoriosocial\/"},{"@type":"ListItem","position":2,"name":"Sobre o Observat\u00f3rio","item":"https:\/\/wp.ufpel.edu.br\/observatoriosocial\/sobre\/"},{"@type":"ListItem","position":3,"name":"Justificativa"}]},{"@type":"WebSite","@id":"https:\/\/wp.ufpel.edu.br\/observatoriosocial\/#website","url":"https:\/\/wp.ufpel.edu.br\/observatoriosocial\/","name":"OBSERVAT\u00d3RIO SOCIAL DO TRABALHO","description":"Instituto de Filosofia, Sociologia e Pol\u00edtica (IFISP) \/ Universidade Federal de Pelotas (UFPel)","potentialAction":[{"@type":"SearchAction","target":{"@type":"EntryPoint","urlTemplate":"https:\/\/wp.ufpel.edu.br\/observatoriosocial\/?s={search_term_string}"},"query-input":{"@type":"PropertyValueSpecification","valueRequired":true,"valueName":"search_term_string"}}],"inLanguage":"pt-BR"}]}},"_links":{"self":[{"href":"https:\/\/wp.ufpel.edu.br\/observatoriosocial\/wp-json\/wp\/v2\/pages\/113","targetHints":{"allow":["GET"]}}],"collection":[{"href":"https:\/\/wp.ufpel.edu.br\/observatoriosocial\/wp-json\/wp\/v2\/pages"}],"about":[{"href":"https:\/\/wp.ufpel.edu.br\/observatoriosocial\/wp-json\/wp\/v2\/types\/page"}],"author":[{"embeddable":true,"href":"https:\/\/wp.ufpel.edu.br\/observatoriosocial\/wp-json\/wp\/v2\/users\/102"}],"replies":[{"embeddable":true,"href":"https:\/\/wp.ufpel.edu.br\/observatoriosocial\/wp-json\/wp\/v2\/comments?post=113"}],"version-history":[{"count":5,"href":"https:\/\/wp.ufpel.edu.br\/observatoriosocial\/wp-json\/wp\/v2\/pages\/113\/revisions"}],"predecessor-version":[{"id":310,"href":"https:\/\/wp.ufpel.edu.br\/observatoriosocial\/wp-json\/wp\/v2\/pages\/113\/revisions\/310"}],"up":[{"embeddable":true,"href":"https:\/\/wp.ufpel.edu.br\/observatoriosocial\/wp-json\/wp\/v2\/pages\/2"}],"wp:attachment":[{"href":"https:\/\/wp.ufpel.edu.br\/observatoriosocial\/wp-json\/wp\/v2\/media?parent=113"}],"curies":[{"name":"wp","href":"https:\/\/api.w.org\/{rel}","templated":true}]}}

<p>	As sociedades contemporâneas têm passado por profundas transformações sociais nas últimas décadas. Dentre estas, destacam-se aquelas referentes ao mundo do trabalho, às formas de gestão e organização das grandes empresas capitalistas. As pesquisas no âmbito da sociologia do trabalho indicam que um novo paradigma produtivo vem sendo implementado desde meados dos anos setenta e, particularmente no Brasil, desde os anos oitenta e noventa. Assim, o paradigma fordista-taylorista estaria dando lugar a um novo modelo de gestão e organização do trabalho, normalmente denominado de acumulação flexível, toyotismo, pós-fordismo, dentre outras designações. Os estudos têm destacado que esse novo paradigma produtivo tem provocado importantes efeitos sobre a estrutura da classe trabalhadora e sobre as condições de exercício das atividades laborais, destacando-se processos de fragilização das relações de trabalho e de crescimento do desemprego. A precarização do trabalho, dos vínculos de emprego e das condições de trabalho, tem sido, pois, uma das consequências fundamentais destacadas pela literatura especializada. Essa precarização associa-se tanto às formas de gestão baseadas na terceirização e subcontratação, à multiplicação das formas e relações de trabalho, como ao aumento do estresse e da pressão sobre os trabalhadores impelidos a elevarem sua produtividade no trabalho. Neste sentido, as formas de trabalho intelectual, relacional, de serviços, indicam importantes mudanças no mundo do trabalho, decorrentes da elevação da produtividade do trabalho industrial e da incorporação das novas tecnologias de informação e comunicação. Se, por um lado, essas tecnologias podem provocar um aumento nas exigências de formação e qualificação dos trabalhadores, por outro, elas acarretam novas formas de pressão, estresse e precarização do trabalho, além do próprio desemprego tecnológico.<br />
	Num país como o Brasil que ocupa uma posição subordinada na divisão internacional do trabalho, é preciso levar em consideração, ainda, a forte presença das formas clássicas de organização taylorista do trabalho e das chamadas atividades informais. Neste sentido, a análise da realidade brasileira exige que se leve em consideração a velha precariedade estrutural do trabalho, marcada por baixos níveis de proteção social, por uma elevada informalidade e pela heterogeneidade das formas de trabalho (trabalho autônomo, trabalho doméstico, organização familiar do trabalho, formas de trabalho cooperativas, formas de trabalho de subsistência e auto-consumo, etc.). Por todas essas razões, torna-se fundamental monitorar essas transformações do trabalho na região sul do Estado do Rio Grande do Sul, identificando em que medida a precariedade do trabalho está presente no cotidiano dos trabalhadores.<br />
	Ao mesmo tempo, é preciso acompanhar as transformações econômicas regionais e medir em que medida elas estão impactando o mundo do trabalho. Nos últimos anos, o país vem experimentando uma nova onda de desenvolvimento econômico, um novo desenvolvimentismo, supostamente mais inclusivo e que tem tido um importante impacto sobre o crescimento do emprego formal. Trata-se, pois, de identificar em que medida esse crescimento tem estado presente nesta região do Estado, considerando-se, principalmente, os grande projetos econômicos que nela têm sido implementados, como o pólo naval, a silvicultura, dentre outros.<br />
	Todas essas transformações exigem, pois, um processo constante de reflexão e acompanhamento por parte das instituições sociais e, particularmente, das instituições públicas responsáveis pela implementação de políticas específicas na área do trabalho. Por essa razão, o diálogo e a articulação entre essas instituições é de fundamental importância para o enfrentamento dos problemas decorrentes das mudanças no mundo do trabalho. O presente projeto, portanto, propõe-se a promover esse diálogo e essa articulação, trabalhando para a produção de indicadores, estudos, análises que dêem maior visibilidade e compreensão de uma realidade social em permanente transformação. Ao mesmo tempo, propõe-se promover a interdisciplinaridade, a articulação de conhecimentos diversos, acadêmicos e não acadêmicos, o que se constitui num requisito fundamental para compreender todas as complexas facetas do fenômeno em pauta.</p>

<p>As sociedades contemporâneas têm passado por profundas transformações sociais nas últimas décadas. Dentre estas, destacam-se aquelas referentes ao mundo do trabalho, às formas de gestão e organização das grandes empresas capitalistas. As pesquisas no âmbito da sociologia do trabalho indicam que um novo paradigma produtivo vem sendo implementado desde meados dos anos setenta e, particularmente [&hellip;]</p>

<!-- This site is optimized with the Yoast SEO plugin v26.7 - https://yoast.com/wordpress/plugins/seo/ -->
<title>Justificativa &#8226; OBSERVATÓRIO SOCIAL DO TRABALHO</title>
<meta name="robots" content="index, follow, max-snippet:-1, max-image-preview:large, max-video-preview:-1" />
<link rel="canonical" href="https://wp.ufpel.edu.br/observatoriosocial/sobre/justificativa/" />
<meta property="og:locale" content="pt_BR" />
<meta property="og:type" content="article" />
<meta property="og:title" content="Justificativa &#8226; OBSERVATÓRIO SOCIAL DO TRABALHO" />
<meta property="og:description" content="As sociedades contemporâneas têm passado por profundas transformações sociais nas últimas décadas. Dentre estas, destacam-se aquelas referentes ao mundo do trabalho, às formas de gestão e organização das grandes empresas capitalistas. As pesquisas no âmbito da sociologia do trabalho indicam que um novo paradigma produtivo vem sendo implementado desde meados dos anos setenta e, particularmente [&hellip;]" />
<meta property="og:url" content="https://wp.ufpel.edu.br/observatoriosocial/sobre/justificativa/" />
<meta property="og:site_name" content="OBSERVATÓRIO SOCIAL DO TRABALHO" />
<meta property="article:publisher" content="https://www.facebook.com/observatoriodaufpel/" />
<meta property="article:modified_time" content="2013-01-29T17:38:29+00:00" />
<meta name="twitter:card" content="summary_large_image" />
<meta name="twitter:site" content="@ufpeltrabalho" />
<meta name="twitter:label1" content="Est. tempo de leitura" />
	<meta name="twitter:data1" content="4 minutos" />
<script type="application/ld+json" class="yoast-schema-graph">{"@context":"https://schema.org","@graph":[{"@type":"WebPage","@id":"https://wp.ufpel.edu.br/observatoriosocial/sobre/justificativa/","url":"https://wp.ufpel.edu.br/observatoriosocial/sobre/justificativa/","name":"Justificativa &#8226; OBSERVATÓRIO SOCIAL DO TRABALHO","isPartOf":{"@id":"https://wp.ufpel.edu.br/observatoriosocial/#website"},"datePublished":"2013-01-10T19:49:01+00:00","dateModified":"2013-01-29T17:38:29+00:00","breadcrumb":{"@id":"https://wp.ufpel.edu.br/observatoriosocial/sobre/justificativa/#breadcrumb"},"inLanguage":"pt-BR","potentialAction":[{"@type":"ReadAction","target":["https://wp.ufpel.edu.br/observatoriosocial/sobre/justificativa/"]}]},{"@type":"BreadcrumbList","@id":"https://wp.ufpel.edu.br/observatoriosocial/sobre/justificativa/#breadcrumb","itemListElement":[{"@type":"ListItem","position":1,"name":"Início","item":"https://wp.ufpel.edu.br/observatoriosocial/"},{"@type":"ListItem","position":2,"name":"Sobre o Observatório","item":"https://wp.ufpel.edu.br/observatoriosocial/sobre/"},{"@type":"ListItem","position":3,"name":"Justificativa"}]},{"@type":"WebSite","@id":"https://wp.ufpel.edu.br/observatoriosocial/#website","url":"https://wp.ufpel.edu.br/observatoriosocial/","name":"OBSERVATÓRIO SOCIAL DO TRABALHO","description":"Instituto de Filosofia, Sociologia e Política (IFISP) / Universidade Federal de Pelotas (UFPel)","potentialAction":[{"@type":"SearchAction","target":{"@type":"EntryPoint","urlTemplate":"https://wp.ufpel.edu.br/observatoriosocial/?s={search_term_string}"},"query-input":{"@type":"PropertyValueSpecification","valueRequired":true,"valueName":"search_term_string"}}],"inLanguage":"pt-BR"}]}</script>
<!-- / Yoast SEO plugin. -->

Justificativa &#8226; OBSERVATÓRIO SOCIAL DO TRABALHO

As sociedades contemporâneas têm passado por profundas transformações sociais nas últimas décadas. Dentre estas, destacam-se aquelas referentes ao mundo do trabalho, às formas de gestão e organização das grandes empresas capitalistas. As pesquisas no âmbito da sociologia do trabalho indicam que um novo paradigma produtivo vem sendo implementado desde meados dos anos setenta e, particularmente [&hellip;]

OBSERVATÓRIO SOCIAL DO TRABALHO

Início

Sobre o Observatório

Instituto de Filosofia, Sociologia e Política (IFISP) / Universidade Federal de Pelotas (UFPel)
