{"id":111,"date":"2013-01-10T19:47:05","date_gmt":"2013-01-10T19:47:05","guid":{"rendered":"https:\/\/wp.ufpel.edu.br\/observatoriosocial\/?page_id=111"},"modified":"2013-01-29T17:20:31","modified_gmt":"2013-01-29T17:20:31","slug":"objetivos","status":"publish","type":"page","link":"https:\/\/wp.ufpel.edu.br\/observatoriosocial\/sobre\/objetivos\/","title":{"rendered":"Objetivos"},"content":{"rendered":"<p>OBJETIVOS GERAIS:<br \/>\n &#8211; Desenvolver um conjunto de atividades de pesquisa, extens\u00e3o e ensino focalizadas sobre as transforma\u00e7\u00f5es do mundo do trabalho na regi\u00e3o sul do Estado do Rio Grande do Sul.<br \/>\n &#8211; Promover o debate p\u00fablico sobre o desenvolvimento regional e seus impactos econ\u00f4micos, sociais e ambientais, levando-se em considera\u00e7\u00e3o, particularmente, a quest\u00e3o do trabalho e do emprego como mecanismos de integra\u00e7\u00e3o social dos trabalhadores e da popula\u00e7\u00e3o em geral e de promo\u00e7\u00e3o da cidadania, da igualdade social e do direito \u00e0 diferen\u00e7a.<br \/>\n &#8211; Promover a pesquisa cient\u00edfica aprofundada e o debate acad\u00eamico interdisciplinar sobre o tema do trabalho e emprego.<br \/>\n &#8211; Promover o di\u00e1logo e a coopera\u00e7\u00e3o com a sociedade e a comunidade n\u00e3o acad\u00eamica, desenvolvendo atividades extensionistas marcadas pelo compromisso social.<br \/>\n &#8211; Promover a qualifica\u00e7\u00e3o das atividades de ensino e de forma\u00e7\u00e3o profissional, integrando e oportunizando a participa\u00e7\u00e3o dos alunos de gradua\u00e7\u00e3o e de p\u00f3s-gradua\u00e7\u00e3o nas atividades do Observat\u00f3rio.<\/p>\n<p>OBJETIVOS ESPEC\u00cdFICOS:<br \/>\n No \u00e2mbito da pesquisa:<br \/>\n &#8211; Investigar as transforma\u00e7\u00f5es sociais e econ\u00f4micas na chamada Zona Sul do Estado do Rio Grande do Sul e seu impacto sobre a quest\u00e3o do emprego e do trabalho e na produ\u00e7\u00e3o das desigualdades sociais.<br \/>\n &#8211; Investigar as pol\u00edticas p\u00fablicas de trabalho e emprego na regi\u00e3o, bem como os principais atores sociais ligados ao mundo do trabalho, suas pr\u00e1ticas e representa\u00e7\u00f5es sociais.<br \/>\n &#8211; Identificar e analisar os principais indicadores de mercado de trabalho e emprego na regi\u00e3o.<br \/>\n No \u00e2mbito da extens\u00e3o:<br \/>\n &#8211; Consolidar e aprimorar o Portal do Observat\u00f3rio Social do Trabalho na internet e seu respectivo Banco de Dados sobre trabalho e emprego na regi\u00e3o, a partir da colabora\u00e7\u00e3o e articula\u00e7\u00e3o entre diversas \u00e1reas de conhecimento e institui\u00e7\u00f5es sociais.<br \/>\n &#8211; Viabilizar, propor, elaborar, desenvolver e executar projetos de a\u00e7\u00e3o e interven\u00e7\u00e3o conjuntos entre diversas \u00e1reas de conhecimento e institui\u00e7\u00f5es sociais visando n\u00e3o apenas melhorar o conhecimento sobre o mundo do trabalho, mas tamb\u00e9m qualificar as a\u00e7\u00f5es existentes e melhorar as condi\u00e7\u00f5es de trabalho e emprego na regi\u00e3o.<br \/>\n No \u00e2mbito do ensino:<br \/>\n &#8211; Estimular o di\u00e1logo entre os conhecimentos acad\u00eamicos e n\u00e3o acad\u00eamicos na forma\u00e7\u00e3o profissional dos alunos, propiciando a aproxima\u00e7\u00e3o entre o mundo acad\u00eamico e a realidade vivida pelos atores e institui\u00e7\u00f5es n\u00e3o acad\u00eamicos.<br \/>\n &#8211; Qualificar a forma\u00e7\u00e3o acad\u00eamica de alunos de gradua\u00e7\u00e3o e de p\u00f3s-gradua\u00e7\u00e3o atrav\u00e9s de sua participa\u00e7\u00e3o em projetos de pesquisa e extens\u00e3o desenvolvidos no \u00e2mbito do Observat\u00f3rio.<\/p>\n","protected":false},"excerpt":{"rendered":"<p>OBJETIVOS GERAIS: &#8211; Desenvolver um conjunto de atividades de pesquisa, extens\u00e3o e ensino focalizadas sobre as transforma\u00e7\u00f5es do mundo do trabalho na regi\u00e3o sul do Estado do Rio Grande do Sul. &#8211; Promover o debate p\u00fablico sobre o desenvolvimento regional e seus impactos econ\u00f4micos, sociais e ambientais, levando-se em considera\u00e7\u00e3o, particularmente, a quest\u00e3o do trabalho [&hellip;]<\/p>\n","protected":false},"author":102,"featured_media":0,"parent":2,"menu_order":1,"comment_status":"closed","ping_status":"open","template":"","meta":{"footnotes":""},"class_list":["post-111","page","type-page","status-publish","hentry"],"yoast_head":"<!-- This site is optimized with the Yoast SEO plugin v26.7 - https:\/\/yoast.com\/wordpress\/plugins\/seo\/ -->\n<title>Objetivos &#8226; OBSERVAT\u00d3RIO SOCIAL DO TRABALHO<\/title>\n<meta name=\"robots\" content=\"index, follow, max-snippet:-1, max-image-preview:large, max-video-preview:-1\" \/>\n<link rel=\"canonical\" href=\"https:\/\/wp.ufpel.edu.br\/observatoriosocial\/sobre\/objetivos\/\" \/>\n<meta property=\"og:locale\" content=\"pt_BR\" \/>\n<meta property=\"og:type\" content=\"article\" \/>\n<meta property=\"og:title\" content=\"Objetivos &#8226; OBSERVAT\u00d3RIO SOCIAL DO TRABALHO\" \/>\n<meta property=\"og:description\" content=\"OBJETIVOS GERAIS: &#8211; Desenvolver um conjunto de atividades de pesquisa, extens\u00e3o e ensino focalizadas sobre as transforma\u00e7\u00f5es do mundo do trabalho na regi\u00e3o sul do Estado do Rio Grande do Sul. &#8211; Promover o debate p\u00fablico sobre o desenvolvimento regional e seus impactos econ\u00f4micos, sociais e ambientais, levando-se em considera\u00e7\u00e3o, particularmente, a quest\u00e3o do trabalho [&hellip;]\" \/>\n<meta property=\"og:url\" content=\"https:\/\/wp.ufpel.edu.br\/observatoriosocial\/sobre\/objetivos\/\" \/>\n<meta property=\"og:site_name\" content=\"OBSERVAT\u00d3RIO SOCIAL DO TRABALHO\" \/>\n<meta property=\"article:publisher\" content=\"https:\/\/www.facebook.com\/observatoriodaufpel\/\" \/>\n<meta property=\"article:modified_time\" content=\"2013-01-29T17:20:31+00:00\" \/>\n<meta name=\"twitter:card\" content=\"summary_large_image\" \/>\n<meta name=\"twitter:site\" content=\"@ufpeltrabalho\" \/>\n<meta name=\"twitter:label1\" content=\"Est. tempo de leitura\" \/>\n\t<meta name=\"twitter:data1\" content=\"2 minutos\" \/>\n<script type=\"application\/ld+json\" class=\"yoast-schema-graph\">{\"@context\":\"https:\/\/schema.org\",\"@graph\":[{\"@type\":\"WebPage\",\"@id\":\"https:\/\/wp.ufpel.edu.br\/observatoriosocial\/sobre\/objetivos\/\",\"url\":\"https:\/\/wp.ufpel.edu.br\/observatoriosocial\/sobre\/objetivos\/\",\"name\":\"Objetivos &#8226; OBSERVAT\u00d3RIO SOCIAL DO TRABALHO\",\"isPartOf\":{\"@id\":\"https:\/\/wp.ufpel.edu.br\/observatoriosocial\/#website\"},\"datePublished\":\"2013-01-10T19:47:05+00:00\",\"dateModified\":\"2013-01-29T17:20:31+00:00\",\"breadcrumb\":{\"@id\":\"https:\/\/wp.ufpel.edu.br\/observatoriosocial\/sobre\/objetivos\/#breadcrumb\"},\"inLanguage\":\"pt-BR\",\"potentialAction\":[{\"@type\":\"ReadAction\",\"target\":[\"https:\/\/wp.ufpel.edu.br\/observatoriosocial\/sobre\/objetivos\/\"]}]},{\"@type\":\"BreadcrumbList\",\"@id\":\"https:\/\/wp.ufpel.edu.br\/observatoriosocial\/sobre\/objetivos\/#breadcrumb\",\"itemListElement\":[{\"@type\":\"ListItem\",\"position\":1,\"name\":\"In\u00edcio\",\"item\":\"https:\/\/wp.ufpel.edu.br\/observatoriosocial\/\"},{\"@type\":\"ListItem\",\"position\":2,\"name\":\"Sobre o Observat\u00f3rio\",\"item\":\"https:\/\/wp.ufpel.edu.br\/observatoriosocial\/sobre\/\"},{\"@type\":\"ListItem\",\"position\":3,\"name\":\"Objetivos\"}]},{\"@type\":\"WebSite\",\"@id\":\"https:\/\/wp.ufpel.edu.br\/observatoriosocial\/#website\",\"url\":\"https:\/\/wp.ufpel.edu.br\/observatoriosocial\/\",\"name\":\"OBSERVAT\u00d3RIO SOCIAL DO TRABALHO\",\"description\":\"Instituto de Filosofia, Sociologia e Pol\u00edtica (IFISP) \/ Universidade Federal de Pelotas (UFPel)\",\"potentialAction\":[{\"@type\":\"SearchAction\",\"target\":{\"@type\":\"EntryPoint\",\"urlTemplate\":\"https:\/\/wp.ufpel.edu.br\/observatoriosocial\/?s={search_term_string}\"},\"query-input\":{\"@type\":\"PropertyValueSpecification\",\"valueRequired\":true,\"valueName\":\"search_term_string\"}}],\"inLanguage\":\"pt-BR\"}]}<\/script>\n<!-- \/ Yoast SEO plugin. -->","yoast_head_json":{"title":"Objetivos &#8226; OBSERVAT\u00d3RIO SOCIAL DO TRABALHO","robots":{"index":"index","follow":"follow","max-snippet":"max-snippet:-1","max-image-preview":"max-image-preview:large","max-video-preview":"max-video-preview:-1"},"canonical":"https:\/\/wp.ufpel.edu.br\/observatoriosocial\/sobre\/objetivos\/","og_locale":"pt_BR","og_type":"article","og_title":"Objetivos &#8226; OBSERVAT\u00d3RIO SOCIAL DO TRABALHO","og_description":"OBJETIVOS GERAIS: &#8211; Desenvolver um conjunto de atividades de pesquisa, extens\u00e3o e ensino focalizadas sobre as transforma\u00e7\u00f5es do mundo do trabalho na regi\u00e3o sul do Estado do Rio Grande do Sul. &#8211; Promover o debate p\u00fablico sobre o desenvolvimento regional e seus impactos econ\u00f4micos, sociais e ambientais, levando-se em considera\u00e7\u00e3o, particularmente, a quest\u00e3o do trabalho [&hellip;]","og_url":"https:\/\/wp.ufpel.edu.br\/observatoriosocial\/sobre\/objetivos\/","og_site_name":"OBSERVAT\u00d3RIO SOCIAL DO TRABALHO","article_publisher":"https:\/\/www.facebook.com\/observatoriodaufpel\/","article_modified_time":"2013-01-29T17:20:31+00:00","twitter_card":"summary_large_image","twitter_site":"@ufpeltrabalho","twitter_misc":{"Est. tempo de leitura":"2 minutos"},"schema":{"@context":"https:\/\/schema.org","@graph":[{"@type":"WebPage","@id":"https:\/\/wp.ufpel.edu.br\/observatoriosocial\/sobre\/objetivos\/","url":"https:\/\/wp.ufpel.edu.br\/observatoriosocial\/sobre\/objetivos\/","name":"Objetivos &#8226; OBSERVAT\u00d3RIO SOCIAL DO TRABALHO","isPartOf":{"@id":"https:\/\/wp.ufpel.edu.br\/observatoriosocial\/#website"},"datePublished":"2013-01-10T19:47:05+00:00","dateModified":"2013-01-29T17:20:31+00:00","breadcrumb":{"@id":"https:\/\/wp.ufpel.edu.br\/observatoriosocial\/sobre\/objetivos\/#breadcrumb"},"inLanguage":"pt-BR","potentialAction":[{"@type":"ReadAction","target":["https:\/\/wp.ufpel.edu.br\/observatoriosocial\/sobre\/objetivos\/"]}]},{"@type":"BreadcrumbList","@id":"https:\/\/wp.ufpel.edu.br\/observatoriosocial\/sobre\/objetivos\/#breadcrumb","itemListElement":[{"@type":"ListItem","position":1,"name":"In\u00edcio","item":"https:\/\/wp.ufpel.edu.br\/observatoriosocial\/"},{"@type":"ListItem","position":2,"name":"Sobre o Observat\u00f3rio","item":"https:\/\/wp.ufpel.edu.br\/observatoriosocial\/sobre\/"},{"@type":"ListItem","position":3,"name":"Objetivos"}]},{"@type":"WebSite","@id":"https:\/\/wp.ufpel.edu.br\/observatoriosocial\/#website","url":"https:\/\/wp.ufpel.edu.br\/observatoriosocial\/","name":"OBSERVAT\u00d3RIO SOCIAL DO TRABALHO","description":"Instituto de Filosofia, Sociologia e Pol\u00edtica (IFISP) \/ Universidade Federal de Pelotas (UFPel)","potentialAction":[{"@type":"SearchAction","target":{"@type":"EntryPoint","urlTemplate":"https:\/\/wp.ufpel.edu.br\/observatoriosocial\/?s={search_term_string}"},"query-input":{"@type":"PropertyValueSpecification","valueRequired":true,"valueName":"search_term_string"}}],"inLanguage":"pt-BR"}]}},"_links":{"self":[{"href":"https:\/\/wp.ufpel.edu.br\/observatoriosocial\/wp-json\/wp\/v2\/pages\/111","targetHints":{"allow":["GET"]}}],"collection":[{"href":"https:\/\/wp.ufpel.edu.br\/observatoriosocial\/wp-json\/wp\/v2\/pages"}],"about":[{"href":"https:\/\/wp.ufpel.edu.br\/observatoriosocial\/wp-json\/wp\/v2\/types\/page"}],"author":[{"embeddable":true,"href":"https:\/\/wp.ufpel.edu.br\/observatoriosocial\/wp-json\/wp\/v2\/users\/102"}],"replies":[{"embeddable":true,"href":"https:\/\/wp.ufpel.edu.br\/observatoriosocial\/wp-json\/wp\/v2\/comments?post=111"}],"version-history":[{"count":6,"href":"https:\/\/wp.ufpel.edu.br\/observatoriosocial\/wp-json\/wp\/v2\/pages\/111\/revisions"}],"predecessor-version":[{"id":308,"href":"https:\/\/wp.ufpel.edu.br\/observatoriosocial\/wp-json\/wp\/v2\/pages\/111\/revisions\/308"}],"up":[{"embeddable":true,"href":"https:\/\/wp.ufpel.edu.br\/observatoriosocial\/wp-json\/wp\/v2\/pages\/2"}],"wp:attachment":[{"href":"https:\/\/wp.ufpel.edu.br\/observatoriosocial\/wp-json\/wp\/v2\/media?parent=111"}],"curies":[{"name":"wp","href":"https:\/\/api.w.org\/{rel}","templated":true}]}}

<p>OBJETIVOS GERAIS:<br />
 &#8211; Desenvolver um conjunto de atividades de pesquisa, extensão e ensino focalizadas sobre as transformações do mundo do trabalho na região sul do Estado do Rio Grande do Sul.<br />
 &#8211; Promover o debate público sobre o desenvolvimento regional e seus impactos econômicos, sociais e ambientais, levando-se em consideração, particularmente, a questão do trabalho e do emprego como mecanismos de integração social dos trabalhadores e da população em geral e de promoção da cidadania, da igualdade social e do direito à diferença.<br />
 &#8211; Promover a pesquisa científica aprofundada e o debate acadêmico interdisciplinar sobre o tema do trabalho e emprego.<br />
 &#8211; Promover o diálogo e a cooperação com a sociedade e a comunidade não acadêmica, desenvolvendo atividades extensionistas marcadas pelo compromisso social.<br />
 &#8211; Promover a qualificação das atividades de ensino e de formação profissional, integrando e oportunizando a participação dos alunos de graduação e de pós-graduação nas atividades do Observatório.</p>
<p>OBJETIVOS ESPECÍFICOS:<br />
 No âmbito da pesquisa:<br />
 &#8211; Investigar as transformações sociais e econômicas na chamada Zona Sul do Estado do Rio Grande do Sul e seu impacto sobre a questão do emprego e do trabalho e na produção das desigualdades sociais.<br />
 &#8211; Investigar as políticas públicas de trabalho e emprego na região, bem como os principais atores sociais ligados ao mundo do trabalho, suas práticas e representações sociais.<br />
 &#8211; Identificar e analisar os principais indicadores de mercado de trabalho e emprego na região.<br />
 No âmbito da extensão:<br />
 &#8211; Consolidar e aprimorar o Portal do Observatório Social do Trabalho na internet e seu respectivo Banco de Dados sobre trabalho e emprego na região, a partir da colaboração e articulação entre diversas áreas de conhecimento e instituições sociais.<br />
 &#8211; Viabilizar, propor, elaborar, desenvolver e executar projetos de ação e intervenção conjuntos entre diversas áreas de conhecimento e instituições sociais visando não apenas melhorar o conhecimento sobre o mundo do trabalho, mas também qualificar as ações existentes e melhorar as condições de trabalho e emprego na região.<br />
 No âmbito do ensino:<br />
 &#8211; Estimular o diálogo entre os conhecimentos acadêmicos e não acadêmicos na formação profissional dos alunos, propiciando a aproximação entre o mundo acadêmico e a realidade vivida pelos atores e instituições não acadêmicos.<br />
 &#8211; Qualificar a formação acadêmica de alunos de graduação e de pós-graduação através de sua participação em projetos de pesquisa e extensão desenvolvidos no âmbito do Observatório.</p>

<p>OBJETIVOS GERAIS: &#8211; Desenvolver um conjunto de atividades de pesquisa, extensão e ensino focalizadas sobre as transformações do mundo do trabalho na região sul do Estado do Rio Grande do Sul. &#8211; Promover o debate público sobre o desenvolvimento regional e seus impactos econômicos, sociais e ambientais, levando-se em consideração, particularmente, a questão do trabalho [&hellip;]</p>

<!-- This site is optimized with the Yoast SEO plugin v26.7 - https://yoast.com/wordpress/plugins/seo/ -->
<title>Objetivos &#8226; OBSERVATÓRIO SOCIAL DO TRABALHO</title>
<meta name="robots" content="index, follow, max-snippet:-1, max-image-preview:large, max-video-preview:-1" />
<link rel="canonical" href="https://wp.ufpel.edu.br/observatoriosocial/sobre/objetivos/" />
<meta property="og:locale" content="pt_BR" />
<meta property="og:type" content="article" />
<meta property="og:title" content="Objetivos &#8226; OBSERVATÓRIO SOCIAL DO TRABALHO" />
<meta property="og:description" content="OBJETIVOS GERAIS: &#8211; Desenvolver um conjunto de atividades de pesquisa, extensão e ensino focalizadas sobre as transformações do mundo do trabalho na região sul do Estado do Rio Grande do Sul. &#8211; Promover o debate público sobre o desenvolvimento regional e seus impactos econômicos, sociais e ambientais, levando-se em consideração, particularmente, a questão do trabalho [&hellip;]" />
<meta property="og:url" content="https://wp.ufpel.edu.br/observatoriosocial/sobre/objetivos/" />
<meta property="og:site_name" content="OBSERVATÓRIO SOCIAL DO TRABALHO" />
<meta property="article:publisher" content="https://www.facebook.com/observatoriodaufpel/" />
<meta property="article:modified_time" content="2013-01-29T17:20:31+00:00" />
<meta name="twitter:card" content="summary_large_image" />
<meta name="twitter:site" content="@ufpeltrabalho" />
<meta name="twitter:label1" content="Est. tempo de leitura" />
	<meta name="twitter:data1" content="2 minutos" />
<script type="application/ld+json" class="yoast-schema-graph">{"@context":"https://schema.org","@graph":[{"@type":"WebPage","@id":"https://wp.ufpel.edu.br/observatoriosocial/sobre/objetivos/","url":"https://wp.ufpel.edu.br/observatoriosocial/sobre/objetivos/","name":"Objetivos &#8226; OBSERVATÓRIO SOCIAL DO TRABALHO","isPartOf":{"@id":"https://wp.ufpel.edu.br/observatoriosocial/#website"},"datePublished":"2013-01-10T19:47:05+00:00","dateModified":"2013-01-29T17:20:31+00:00","breadcrumb":{"@id":"https://wp.ufpel.edu.br/observatoriosocial/sobre/objetivos/#breadcrumb"},"inLanguage":"pt-BR","potentialAction":[{"@type":"ReadAction","target":["https://wp.ufpel.edu.br/observatoriosocial/sobre/objetivos/"]}]},{"@type":"BreadcrumbList","@id":"https://wp.ufpel.edu.br/observatoriosocial/sobre/objetivos/#breadcrumb","itemListElement":[{"@type":"ListItem","position":1,"name":"Início","item":"https://wp.ufpel.edu.br/observatoriosocial/"},{"@type":"ListItem","position":2,"name":"Sobre o Observatório","item":"https://wp.ufpel.edu.br/observatoriosocial/sobre/"},{"@type":"ListItem","position":3,"name":"Objetivos"}]},{"@type":"WebSite","@id":"https://wp.ufpel.edu.br/observatoriosocial/#website","url":"https://wp.ufpel.edu.br/observatoriosocial/","name":"OBSERVATÓRIO SOCIAL DO TRABALHO","description":"Instituto de Filosofia, Sociologia e Política (IFISP) / Universidade Federal de Pelotas (UFPel)","potentialAction":[{"@type":"SearchAction","target":{"@type":"EntryPoint","urlTemplate":"https://wp.ufpel.edu.br/observatoriosocial/?s={search_term_string}"},"query-input":{"@type":"PropertyValueSpecification","valueRequired":true,"valueName":"search_term_string"}}],"inLanguage":"pt-BR"}]}</script>
<!-- / Yoast SEO plugin. -->

Objetivos &#8226; OBSERVATÓRIO SOCIAL DO TRABALHO

OBJETIVOS GERAIS: &#8211; Desenvolver um conjunto de atividades de pesquisa, extensão e ensino focalizadas sobre as transformações do mundo do trabalho na região sul do Estado do Rio Grande do Sul. &#8211; Promover o debate público sobre o desenvolvimento regional e seus impactos econômicos, sociais e ambientais, levando-se em consideração, particularmente, a questão do trabalho [&hellip;]

OBSERVATÓRIO SOCIAL DO TRABALHO

Início

Sobre o Observatório

Instituto de Filosofia, Sociologia e Política (IFISP) / Universidade Federal de Pelotas (UFPel)
