{"id":10,"date":"2011-03-30T11:53:06","date_gmt":"2011-03-30T14:53:06","guid":{"rendered":"https:\/\/wp.ufpel.edu.br\/observatoriosocial\/"},"modified":"2014-01-20T16:27:24","modified_gmt":"2014-01-20T18:27:24","slug":"estudos-e-analises","status":"publish","type":"page","link":"https:\/\/wp.ufpel.edu.br\/observatoriosocial\/estudos-e-analises\/","title":{"rendered":"Estudos e an\u00e1lises"},"content":{"rendered":"<p>Nesta p\u00e1gina, voc\u00ea tem acesso a estudos, an\u00e1lises, relat\u00f3rios de pesquisa, entre outras produ\u00e7\u00f5es t\u00e9cnicas sobre a regi\u00e3o sul do Estado do Rio Grande do Sul.<br \/>\nVoc\u00ea pode acessar, ainda, o boletim informativo &#8220;A conjuntura do emprego na Zona Sul&#8221;, publicado regularmente por este Observat\u00f3rio Social.<\/p>\n","protected":false},"excerpt":{"rendered":"<p>Nesta p\u00e1gina, voc\u00ea tem acesso a estudos, an\u00e1lises, relat\u00f3rios de pesquisa, entre outras produ\u00e7\u00f5es t\u00e9cnicas sobre a regi\u00e3o sul do Estado do Rio Grande do Sul. Voc\u00ea pode acessar, ainda, o boletim informativo &#8220;A conjuntura do emprego na Zona Sul&#8221;, publicado regularmente por este Observat\u00f3rio Social.<\/p>\n","protected":false},"author":102,"featured_media":0,"parent":0,"menu_order":5,"comment_status":"closed","ping_status":"open","template":"","meta":{"footnotes":""},"class_list":["post-10","page","type-page","status-publish","hentry"],"yoast_head":"<!-- This site is optimized with the Yoast SEO plugin v26.7 - https:\/\/yoast.com\/wordpress\/plugins\/seo\/ -->\n<title>Estudos e an\u00e1lises &#8226; OBSERVAT\u00d3RIO SOCIAL DO TRABALHO<\/title>\n<meta name=\"robots\" content=\"index, follow, max-snippet:-1, max-image-preview:large, max-video-preview:-1\" \/>\n<link rel=\"canonical\" href=\"https:\/\/wp.ufpel.edu.br\/observatoriosocial\/estudos-e-analises\/\" \/>\n<meta property=\"og:locale\" content=\"pt_BR\" \/>\n<meta property=\"og:type\" content=\"article\" \/>\n<meta property=\"og:title\" content=\"Estudos e an\u00e1lises &#8226; OBSERVAT\u00d3RIO SOCIAL DO TRABALHO\" \/>\n<meta property=\"og:description\" content=\"Nesta p\u00e1gina, voc\u00ea tem acesso a estudos, an\u00e1lises, relat\u00f3rios de pesquisa, entre outras produ\u00e7\u00f5es t\u00e9cnicas sobre a regi\u00e3o sul do Estado do Rio Grande do Sul. Voc\u00ea pode acessar, ainda, o boletim informativo &#8220;A conjuntura do emprego na Zona Sul&#8221;, publicado regularmente por este Observat\u00f3rio Social.\" \/>\n<meta property=\"og:url\" content=\"https:\/\/wp.ufpel.edu.br\/observatoriosocial\/estudos-e-analises\/\" \/>\n<meta property=\"og:site_name\" content=\"OBSERVAT\u00d3RIO SOCIAL DO TRABALHO\" \/>\n<meta property=\"article:publisher\" content=\"https:\/\/www.facebook.com\/observatoriodaufpel\/\" \/>\n<meta property=\"article:modified_time\" content=\"2014-01-20T18:27:24+00:00\" \/>\n<meta name=\"twitter:card\" content=\"summary_large_image\" \/>\n<meta name=\"twitter:site\" content=\"@ufpeltrabalho\" \/>\n<script type=\"application\/ld+json\" class=\"yoast-schema-graph\">{\"@context\":\"https:\/\/schema.org\",\"@graph\":[{\"@type\":\"WebPage\",\"@id\":\"https:\/\/wp.ufpel.edu.br\/observatoriosocial\/estudos-e-analises\/\",\"url\":\"https:\/\/wp.ufpel.edu.br\/observatoriosocial\/estudos-e-analises\/\",\"name\":\"Estudos e an\u00e1lises &#8226; OBSERVAT\u00d3RIO SOCIAL DO TRABALHO\",\"isPartOf\":{\"@id\":\"https:\/\/wp.ufpel.edu.br\/observatoriosocial\/#website\"},\"datePublished\":\"2011-03-30T14:53:06+00:00\",\"dateModified\":\"2014-01-20T18:27:24+00:00\",\"breadcrumb\":{\"@id\":\"https:\/\/wp.ufpel.edu.br\/observatoriosocial\/estudos-e-analises\/#breadcrumb\"},\"inLanguage\":\"pt-BR\",\"potentialAction\":[{\"@type\":\"ReadAction\",\"target\":[\"https:\/\/wp.ufpel.edu.br\/observatoriosocial\/estudos-e-analises\/\"]}]},{\"@type\":\"BreadcrumbList\",\"@id\":\"https:\/\/wp.ufpel.edu.br\/observatoriosocial\/estudos-e-analises\/#breadcrumb\",\"itemListElement\":[{\"@type\":\"ListItem\",\"position\":1,\"name\":\"In\u00edcio\",\"item\":\"https:\/\/wp.ufpel.edu.br\/observatoriosocial\/\"},{\"@type\":\"ListItem\",\"position\":2,\"name\":\"Estudos e an\u00e1lises\"}]},{\"@type\":\"WebSite\",\"@id\":\"https:\/\/wp.ufpel.edu.br\/observatoriosocial\/#website\",\"url\":\"https:\/\/wp.ufpel.edu.br\/observatoriosocial\/\",\"name\":\"OBSERVAT\u00d3RIO SOCIAL DO TRABALHO\",\"description\":\"Instituto de Filosofia, Sociologia e Pol\u00edtica (IFISP) \/ Universidade Federal de Pelotas (UFPel)\",\"potentialAction\":[{\"@type\":\"SearchAction\",\"target\":{\"@type\":\"EntryPoint\",\"urlTemplate\":\"https:\/\/wp.ufpel.edu.br\/observatoriosocial\/?s={search_term_string}\"},\"query-input\":{\"@type\":\"PropertyValueSpecification\",\"valueRequired\":true,\"valueName\":\"search_term_string\"}}],\"inLanguage\":\"pt-BR\"}]}<\/script>\n<!-- \/ Yoast SEO plugin. -->","yoast_head_json":{"title":"Estudos e an\u00e1lises &#8226; OBSERVAT\u00d3RIO SOCIAL DO TRABALHO","robots":{"index":"index","follow":"follow","max-snippet":"max-snippet:-1","max-image-preview":"max-image-preview:large","max-video-preview":"max-video-preview:-1"},"canonical":"https:\/\/wp.ufpel.edu.br\/observatoriosocial\/estudos-e-analises\/","og_locale":"pt_BR","og_type":"article","og_title":"Estudos e an\u00e1lises &#8226; OBSERVAT\u00d3RIO SOCIAL DO TRABALHO","og_description":"Nesta p\u00e1gina, voc\u00ea tem acesso a estudos, an\u00e1lises, relat\u00f3rios de pesquisa, entre outras produ\u00e7\u00f5es t\u00e9cnicas sobre a regi\u00e3o sul do Estado do Rio Grande do Sul. Voc\u00ea pode acessar, ainda, o boletim informativo &#8220;A conjuntura do emprego na Zona Sul&#8221;, publicado regularmente por este Observat\u00f3rio Social.","og_url":"https:\/\/wp.ufpel.edu.br\/observatoriosocial\/estudos-e-analises\/","og_site_name":"OBSERVAT\u00d3RIO SOCIAL DO TRABALHO","article_publisher":"https:\/\/www.facebook.com\/observatoriodaufpel\/","article_modified_time":"2014-01-20T18:27:24+00:00","twitter_card":"summary_large_image","twitter_site":"@ufpeltrabalho","schema":{"@context":"https:\/\/schema.org","@graph":[{"@type":"WebPage","@id":"https:\/\/wp.ufpel.edu.br\/observatoriosocial\/estudos-e-analises\/","url":"https:\/\/wp.ufpel.edu.br\/observatoriosocial\/estudos-e-analises\/","name":"Estudos e an\u00e1lises &#8226; OBSERVAT\u00d3RIO SOCIAL DO TRABALHO","isPartOf":{"@id":"https:\/\/wp.ufpel.edu.br\/observatoriosocial\/#website"},"datePublished":"2011-03-30T14:53:06+00:00","dateModified":"2014-01-20T18:27:24+00:00","breadcrumb":{"@id":"https:\/\/wp.ufpel.edu.br\/observatoriosocial\/estudos-e-analises\/#breadcrumb"},"inLanguage":"pt-BR","potentialAction":[{"@type":"ReadAction","target":["https:\/\/wp.ufpel.edu.br\/observatoriosocial\/estudos-e-analises\/"]}]},{"@type":"BreadcrumbList","@id":"https:\/\/wp.ufpel.edu.br\/observatoriosocial\/estudos-e-analises\/#breadcrumb","itemListElement":[{"@type":"ListItem","position":1,"name":"In\u00edcio","item":"https:\/\/wp.ufpel.edu.br\/observatoriosocial\/"},{"@type":"ListItem","position":2,"name":"Estudos e an\u00e1lises"}]},{"@type":"WebSite","@id":"https:\/\/wp.ufpel.edu.br\/observatoriosocial\/#website","url":"https:\/\/wp.ufpel.edu.br\/observatoriosocial\/","name":"OBSERVAT\u00d3RIO SOCIAL DO TRABALHO","description":"Instituto de Filosofia, Sociologia e Pol\u00edtica (IFISP) \/ Universidade Federal de Pelotas (UFPel)","potentialAction":[{"@type":"SearchAction","target":{"@type":"EntryPoint","urlTemplate":"https:\/\/wp.ufpel.edu.br\/observatoriosocial\/?s={search_term_string}"},"query-input":{"@type":"PropertyValueSpecification","valueRequired":true,"valueName":"search_term_string"}}],"inLanguage":"pt-BR"}]}},"_links":{"self":[{"href":"https:\/\/wp.ufpel.edu.br\/observatoriosocial\/wp-json\/wp\/v2\/pages\/10","targetHints":{"allow":["GET"]}}],"collection":[{"href":"https:\/\/wp.ufpel.edu.br\/observatoriosocial\/wp-json\/wp\/v2\/pages"}],"about":[{"href":"https:\/\/wp.ufpel.edu.br\/observatoriosocial\/wp-json\/wp\/v2\/types\/page"}],"author":[{"embeddable":true,"href":"https:\/\/wp.ufpel.edu.br\/observatoriosocial\/wp-json\/wp\/v2\/users\/102"}],"replies":[{"embeddable":true,"href":"https:\/\/wp.ufpel.edu.br\/observatoriosocial\/wp-json\/wp\/v2\/comments?post=10"}],"version-history":[{"count":13,"href":"https:\/\/wp.ufpel.edu.br\/observatoriosocial\/wp-json\/wp\/v2\/pages\/10\/revisions"}],"predecessor-version":[{"id":534,"href":"https:\/\/wp.ufpel.edu.br\/observatoriosocial\/wp-json\/wp\/v2\/pages\/10\/revisions\/534"}],"wp:attachment":[{"href":"https:\/\/wp.ufpel.edu.br\/observatoriosocial\/wp-json\/wp\/v2\/media?parent=10"}],"curies":[{"name":"wp","href":"https:\/\/api.w.org\/{rel}","templated":true}]}}

Estudos e análises

<p>Nesta página, você tem acesso a estudos, análises, relatórios de pesquisa, entre outras produções técnicas sobre a região sul do Estado do Rio Grande do Sul.<br />
Você pode acessar, ainda, o boletim informativo &#8220;A conjuntura do emprego na Zona Sul&#8221;, publicado regularmente por este Observatório Social.</p>

<p>Nesta página, você tem acesso a estudos, análises, relatórios de pesquisa, entre outras produções técnicas sobre a região sul do Estado do Rio Grande do Sul. Você pode acessar, ainda, o boletim informativo &#8220;A conjuntura do emprego na Zona Sul&#8221;, publicado regularmente por este Observatório Social.</p>

<!-- This site is optimized with the Yoast SEO plugin v26.7 - https://yoast.com/wordpress/plugins/seo/ -->
<title>Estudos e análises &#8226; OBSERVATÓRIO SOCIAL DO TRABALHO</title>
<meta name="robots" content="index, follow, max-snippet:-1, max-image-preview:large, max-video-preview:-1" />
<link rel="canonical" href="https://wp.ufpel.edu.br/observatoriosocial/estudos-e-analises/" />
<meta property="og:locale" content="pt_BR" />
<meta property="og:type" content="article" />
<meta property="og:title" content="Estudos e análises &#8226; OBSERVATÓRIO SOCIAL DO TRABALHO" />
<meta property="og:description" content="Nesta página, você tem acesso a estudos, análises, relatórios de pesquisa, entre outras produções técnicas sobre a região sul do Estado do Rio Grande do Sul. Você pode acessar, ainda, o boletim informativo &#8220;A conjuntura do emprego na Zona Sul&#8221;, publicado regularmente por este Observatório Social." />
<meta property="og:url" content="https://wp.ufpel.edu.br/observatoriosocial/estudos-e-analises/" />
<meta property="og:site_name" content="OBSERVATÓRIO SOCIAL DO TRABALHO" />
<meta property="article:publisher" content="https://www.facebook.com/observatoriodaufpel/" />
<meta property="article:modified_time" content="2014-01-20T18:27:24+00:00" />
<meta name="twitter:card" content="summary_large_image" />
<meta name="twitter:site" content="@ufpeltrabalho" />
<script type="application/ld+json" class="yoast-schema-graph">{"@context":"https://schema.org","@graph":[{"@type":"WebPage","@id":"https://wp.ufpel.edu.br/observatoriosocial/estudos-e-analises/","url":"https://wp.ufpel.edu.br/observatoriosocial/estudos-e-analises/","name":"Estudos e análises &#8226; OBSERVATÓRIO SOCIAL DO TRABALHO","isPartOf":{"@id":"https://wp.ufpel.edu.br/observatoriosocial/#website"},"datePublished":"2011-03-30T14:53:06+00:00","dateModified":"2014-01-20T18:27:24+00:00","breadcrumb":{"@id":"https://wp.ufpel.edu.br/observatoriosocial/estudos-e-analises/#breadcrumb"},"inLanguage":"pt-BR","potentialAction":[{"@type":"ReadAction","target":["https://wp.ufpel.edu.br/observatoriosocial/estudos-e-analises/"]}]},{"@type":"BreadcrumbList","@id":"https://wp.ufpel.edu.br/observatoriosocial/estudos-e-analises/#breadcrumb","itemListElement":[{"@type":"ListItem","position":1,"name":"Início","item":"https://wp.ufpel.edu.br/observatoriosocial/"},{"@type":"ListItem","position":2,"name":"Estudos e análises"}]},{"@type":"WebSite","@id":"https://wp.ufpel.edu.br/observatoriosocial/#website","url":"https://wp.ufpel.edu.br/observatoriosocial/","name":"OBSERVATÓRIO SOCIAL DO TRABALHO","description":"Instituto de Filosofia, Sociologia e Política (IFISP) / Universidade Federal de Pelotas (UFPel)","potentialAction":[{"@type":"SearchAction","target":{"@type":"EntryPoint","urlTemplate":"https://wp.ufpel.edu.br/observatoriosocial/?s={search_term_string}"},"query-input":{"@type":"PropertyValueSpecification","valueRequired":true,"valueName":"search_term_string"}}],"inLanguage":"pt-BR"}]}</script>
<!-- / Yoast SEO plugin. -->

Estudos e análises &#8226; OBSERVATÓRIO SOCIAL DO TRABALHO

Nesta página, você tem acesso a estudos, análises, relatórios de pesquisa, entre outras produções técnicas sobre a região sul do Estado do Rio Grande do Sul. Você pode acessar, ainda, o boletim informativo &#8220;A conjuntura do emprego na Zona Sul&#8221;, publicado regularmente por este Observatório Social.

OBSERVATÓRIO SOCIAL DO TRABALHO

Início

Instituto de Filosofia, Sociologia e Política (IFISP) / Universidade Federal de Pelotas (UFPel)
