{"id":65,"date":"2016-04-09T18:33:10","date_gmt":"2016-04-09T21:33:10","guid":{"rendered":"https:\/\/wp.ufpel.edu.br\/observatorio\/?page_id=65"},"modified":"2018-06-21T16:58:57","modified_gmt":"2018-06-21T19:58:57","slug":"simposio-de-genero-e-diversidade","status":"publish","type":"page","link":"https:\/\/wp.ufpel.edu.br\/observatorio\/simposio-de-genero-e-diversidade\/","title":{"rendered":"I Simp\u00f3sio de G\u00eanero e Diversidade: debatendo identidades"},"content":{"rendered":"<p><a href=\"https:\/\/wp.ufpel.edu.br\/observatorio\/files\/2016\/04\/Diversidade-V4-Slide.png\" rel=\"attachment wp-att-77\"><img class=\"wp-image-77 aligncenter\" src=\"https:\/\/wp.ufpel.edu.br\/observatorio\/files\/2016\/04\/Diversidade-V4-Slide.png\" alt=\"Diversidade V4-Slide\" width=\"756\" height=\"290\" srcset=\"https:\/\/wp.ufpel.edu.br\/observatorio\/files\/2016\/04\/Diversidade-V4-Slide.png 780w, https:\/\/wp.ufpel.edu.br\/observatorio\/files\/2016\/04\/Diversidade-V4-Slide-212x82.png 212w, https:\/\/wp.ufpel.edu.br\/observatorio\/files\/2016\/04\/Diversidade-V4-Slide-424x163.png 424w, https:\/\/wp.ufpel.edu.br\/observatorio\/files\/2016\/04\/Diversidade-V4-Slide-768x295.png 768w\" sizes=\"(max-width: 756px) 100vw, 756px\" \/><\/a><\/p>\n<p>O termo identidades faz uma alus\u00e3o a toda uma diversidade de movimentos sociais de lutas contra o patriarcado, assim como as diversas teoriza\u00e7\u00f5es acerca de pr\u00e1ticas em defesa dos direitos das mulheres e tamb\u00e9m de outras identidades sexuais e de g\u00eanero. Neste sentido, um desafio que a teoria feminista e de g\u00eanero possui \u00e9 fomentar a necess\u00e1ria reflex\u00e3o cr\u00edtica sobre diversas situa\u00e7\u00f5es de opress\u00e3o, exclus\u00e3o e viol\u00eancia, muitas vezes invisibilizadas no cotidiano social.<\/p>\n<p>Sem desconsiderar os avan\u00e7os alcan\u00e7ados na hist\u00f3ria recente, como a incorpora\u00e7\u00e3o das mulheres no mercado de trabalho e os altos \u00edndices de mulheres tendo acesso \u00e0s institui\u00e7\u00f5es escolares, a desigualdade de g\u00eanero segue presente nos dias atuais, sendo o resultado de processos hist\u00f3ricos e sociais que revelam seu car\u00e1ter conservador e contingente, amplamente consolidado nas estruturas sociais.<\/p>\n<p>No entanto, se tem desenvolvido um amplo e f\u00e9rtil campo de pr\u00e1ticas e teorias vinculadas \u00e0s investiga\u00e7\u00f5es de g\u00eanero, que tem feito o enfrentamento a essa l\u00f3gica, buscando a produ\u00e7\u00e3o de conhecimentos n\u00e3o sexistas e em prol de uma sociedade mais justa.<\/p>\n<p>Neste sentido, consideramos que a produ\u00e7\u00e3o de conhecimento cient\u00edfico que incorpore essa tem\u00e1tica constitui um desafio para a academia e, ao mesmo tempo, uma resposta aos desafios propostos pelo movimento de mulheres e pelas diversidades sexuais.<\/p>\n<p>Sendo assim, numa iniciativa do Observat\u00f3rio de G\u00eanero e Diversidade e da Pr\u00f3-Reitoria de Extens\u00e3o e Cultura da UFPel, o <strong><em>I Simp\u00f3sio de G\u00eanero e Diversidade: debatendo identidades<\/em><\/strong> tem como objetivo fortalecer um espa\u00e7o amplo de interc\u00e2mbio onde investigadoras\/es, estudantes, ativistas, militantes e demais profissionais, assim como a popula\u00e7\u00e3o interessada no tema, possam aproximar e fazer dialogar experi\u00eancias entre si, com o intuito de fortalecer a luta pelos direitos das mulheres e demais identidades sexuais e de g\u00eanero.<\/p>\n<p><span class=\"Apple-style-span\">AS INSCRI\u00c7\u00d5ES S\u00c3O LIMITADAS!<\/span><\/p>\n","protected":false},"excerpt":{"rendered":"<p>O termo identidades faz uma alus\u00e3o a toda uma diversidade de movimentos sociais de lutas contra o patriarcado, assim como as diversas teoriza\u00e7\u00f5es acerca de pr\u00e1ticas em defesa dos direitos das mulheres e tamb\u00e9m de outras identidades sexuais e de g\u00eanero. Neste sentido, um desafio que a teoria feminista e de g\u00eanero possui \u00e9 fomentar [&hellip;]<\/p>\n","protected":false},"author":547,"featured_media":77,"parent":0,"menu_order":4,"comment_status":"closed","ping_status":"closed","template":"","meta":{"footnotes":""},"class_list":["post-65","page","type-page","status-publish","has-post-thumbnail","hentry"],"jetpack_sharing_enabled":true,"_links":{"self":[{"href":"https:\/\/wp.ufpel.edu.br\/observatorio\/wp-json\/wp\/v2\/pages\/65","targetHints":{"allow":["GET"]}}],"collection":[{"href":"https:\/\/wp.ufpel.edu.br\/observatorio\/wp-json\/wp\/v2\/pages"}],"about":[{"href":"https:\/\/wp.ufpel.edu.br\/observatorio\/wp-json\/wp\/v2\/types\/page"}],"author":[{"embeddable":true,"href":"https:\/\/wp.ufpel.edu.br\/observatorio\/wp-json\/wp\/v2\/users\/547"}],"replies":[{"embeddable":true,"href":"https:\/\/wp.ufpel.edu.br\/observatorio\/wp-json\/wp\/v2\/comments?post=65"}],"version-history":[{"count":7,"href":"https:\/\/wp.ufpel.edu.br\/observatorio\/wp-json\/wp\/v2\/pages\/65\/revisions"}],"predecessor-version":[{"id":110,"href":"https:\/\/wp.ufpel.edu.br\/observatorio\/wp-json\/wp\/v2\/pages\/65\/revisions\/110"}],"wp:featuredmedia":[{"embeddable":true,"href":"https:\/\/wp.ufpel.edu.br\/observatorio\/wp-json\/wp\/v2\/media\/77"}],"wp:attachment":[{"href":"https:\/\/wp.ufpel.edu.br\/observatorio\/wp-json\/wp\/v2\/media?parent=65"}],"curies":[{"name":"wp","href":"https:\/\/api.w.org\/{rel}","templated":true}]}}

I Simpósio de Gênero e Diversidade: debatendo identidades

<p><a href="https://wp.ufpel.edu.br/observatorio/files/2016/04/Diversidade-V4-Slide.png" rel="attachment wp-att-77"><img class="wp-image-77 aligncenter" src="https://wp.ufpel.edu.br/observatorio/files/2016/04/Diversidade-V4-Slide.png" alt="Diversidade V4-Slide" width="756" height="290" srcset="https://wp.ufpel.edu.br/observatorio/files/2016/04/Diversidade-V4-Slide.png 780w, https://wp.ufpel.edu.br/observatorio/files/2016/04/Diversidade-V4-Slide-212x82.png 212w, https://wp.ufpel.edu.br/observatorio/files/2016/04/Diversidade-V4-Slide-424x163.png 424w, https://wp.ufpel.edu.br/observatorio/files/2016/04/Diversidade-V4-Slide-768x295.png 768w" sizes="(max-width: 756px) 100vw, 756px" /></a></p>
<p>O termo identidades faz uma alusão a toda uma diversidade de movimentos sociais de lutas contra o patriarcado, assim como as diversas teorizações acerca de práticas em defesa dos direitos das mulheres e também de outras identidades sexuais e de gênero. Neste sentido, um desafio que a teoria feminista e de gênero possui é fomentar a necessária reflexão crítica sobre diversas situações de opressão, exclusão e violência, muitas vezes invisibilizadas no cotidiano social.</p>
<p>Sem desconsiderar os avanços alcançados na história recente, como a incorporação das mulheres no mercado de trabalho e os altos índices de mulheres tendo acesso às instituições escolares, a desigualdade de gênero segue presente nos dias atuais, sendo o resultado de processos históricos e sociais que revelam seu caráter conservador e contingente, amplamente consolidado nas estruturas sociais.</p>
<p>No entanto, se tem desenvolvido um amplo e fértil campo de práticas e teorias vinculadas às investigações de gênero, que tem feito o enfrentamento a essa lógica, buscando a produção de conhecimentos não sexistas e em prol de uma sociedade mais justa.</p>
<p>Neste sentido, consideramos que a produção de conhecimento científico que incorpore essa temática constitui um desafio para a academia e, ao mesmo tempo, uma resposta aos desafios propostos pelo movimento de mulheres e pelas diversidades sexuais.</p>
<p>Sendo assim, numa iniciativa do Observatório de Gênero e Diversidade e da Pró-Reitoria de Extensão e Cultura da UFPel, o <strong><em>I Simpósio de Gênero e Diversidade: debatendo identidades</em></strong> tem como objetivo fortalecer um espaço amplo de intercâmbio onde investigadoras/es, estudantes, ativistas, militantes e demais profissionais, assim como a população interessada no tema, possam aproximar e fazer dialogar experiências entre si, com o intuito de fortalecer a luta pelos direitos das mulheres e demais identidades sexuais e de gênero.</p>
<p><span class="Apple-style-span">AS INSCRIÇÕES SÃO LIMITADAS!</span></p>

<p>O termo identidades faz uma alusão a toda uma diversidade de movimentos sociais de lutas contra o patriarcado, assim como as diversas teorizações acerca de práticas em defesa dos direitos das mulheres e também de outras identidades sexuais e de gênero. Neste sentido, um desafio que a teoria feminista e de gênero possui é fomentar [&hellip;]</p>
