{"id":37,"date":"2016-02-25T19:30:03","date_gmt":"2016-02-25T22:30:03","guid":{"rendered":"https:\/\/wp.ufpel.edu.br\/observatorio\/?page_id=37"},"modified":"2018-06-21T16:59:51","modified_gmt":"2018-06-21T19:59:51","slug":"37-2","status":"publish","type":"page","link":"https:\/\/wp.ufpel.edu.br\/observatorio\/37-2\/","title":{"rendered":"Publica\u00e7\u00f5es"},"content":{"rendered":"<p><a href=\"https:\/\/wp.ufpel.edu.br\/observatorio\/files\/2016\/02\/MANIFESTO.pdf\" rel=\"\">Manifesto da campanha &#8220;N\u00e3o \u00e0 Viol\u00eancia Contra a Mulher&#8221;<\/a><\/p>\n","protected":false},"excerpt":{"rendered":"<p>Manifesto da campanha &#8220;N\u00e3o \u00e0 Viol\u00eancia Contra a Mulher&#8221;<\/p>\n","protected":false},"author":547,"featured_media":0,"parent":0,"menu_order":6,"comment_status":"closed","ping_status":"closed","template":"","meta":{"footnotes":""},"class_list":["post-37","page","type-page","status-publish","hentry"],"jetpack_sharing_enabled":true,"_links":{"self":[{"href":"https:\/\/wp.ufpel.edu.br\/observatorio\/wp-json\/wp\/v2\/pages\/37","targetHints":{"allow":["GET"]}}],"collection":[{"href":"https:\/\/wp.ufpel.edu.br\/observatorio\/wp-json\/wp\/v2\/pages"}],"about":[{"href":"https:\/\/wp.ufpel.edu.br\/observatorio\/wp-json\/wp\/v2\/types\/page"}],"author":[{"embeddable":true,"href":"https:\/\/wp.ufpel.edu.br\/observatorio\/wp-json\/wp\/v2\/users\/547"}],"replies":[{"embeddable":true,"href":"https:\/\/wp.ufpel.edu.br\/observatorio\/wp-json\/wp\/v2\/comments?post=37"}],"version-history":[{"count":3,"href":"https:\/\/wp.ufpel.edu.br\/observatorio\/wp-json\/wp\/v2\/pages\/37\/revisions"}],"predecessor-version":[{"id":41,"href":"https:\/\/wp.ufpel.edu.br\/observatorio\/wp-json\/wp\/v2\/pages\/37\/revisions\/41"}],"wp:attachment":[{"href":"https:\/\/wp.ufpel.edu.br\/observatorio\/wp-json\/wp\/v2\/media?parent=37"}],"curies":[{"name":"wp","href":"https:\/\/api.w.org\/{rel}","templated":true}]}}