{"id":16,"date":"2016-02-25T16:20:07","date_gmt":"2016-02-25T19:20:07","guid":{"rendered":"https:\/\/wp.ufpel.edu.br\/observatorio\/?page_id=16"},"modified":"2018-06-21T16:59:24","modified_gmt":"2018-06-21T19:59:24","slug":"eventos","status":"publish","type":"page","link":"https:\/\/wp.ufpel.edu.br\/observatorio\/eventos\/","title":{"rendered":"Eventos"},"content":{"rendered":"<div id=\"attachment_137\" style=\"width: 432px\" class=\"wp-caption alignnone\"><a href=\"https:\/\/wp.ufpel.edu.br\/observatorio\/files\/2016\/02\/saudeLGBTT.png\"><img aria-describedby=\"caption-attachment-137\" class=\"wp-image-137\" src=\"https:\/\/wp.ufpel.edu.br\/observatorio\/files\/2016\/02\/saudeLGBTT.png\" width=\"422\" height=\"638\" srcset=\"https:\/\/wp.ufpel.edu.br\/observatorio\/files\/2016\/02\/saudeLGBTT.png 2601w, https:\/\/wp.ufpel.edu.br\/observatorio\/files\/2016\/02\/saudeLGBTT-105x159.png 105w, https:\/\/wp.ufpel.edu.br\/observatorio\/files\/2016\/02\/saudeLGBTT-210x318.png 210w, https:\/\/wp.ufpel.edu.br\/observatorio\/files\/2016\/02\/saudeLGBTT-768x1162.png 768w\" sizes=\"(max-width: 422px) 100vw, 422px\" \/><\/a><p id=\"caption-attachment-137\" class=\"wp-caption-text\">Discutindo as demandas da sa\u00fade e acolhimento da popula\u00e7\u00e3o LGBTT<\/p><\/div>\n<p>&nbsp;<\/p>\n<div id=\"attachment_21\" style=\"width: 434px\" class=\"wp-caption alignnone\"><a href=\"https:\/\/wp.ufpel.edu.br\/observatorio\/files\/2016\/02\/banner-editado.png\" rel=\"attachment wp-att-21\"><img aria-describedby=\"caption-attachment-21\" class=\"wp-image-21 size-medium\" src=\"https:\/\/wp.ufpel.edu.br\/observatorio\/files\/2016\/02\/banner-editado-424x287.png\" alt=\"banner editado\" width=\"424\" height=\"287\" srcset=\"https:\/\/wp.ufpel.edu.br\/observatorio\/files\/2016\/02\/banner-editado-424x287.png 424w, https:\/\/wp.ufpel.edu.br\/observatorio\/files\/2016\/02\/banner-editado-212x143.png 212w, https:\/\/wp.ufpel.edu.br\/observatorio\/files\/2016\/02\/banner-editado.png 710w\" sizes=\"(max-width: 424px) 100vw, 424px\" \/><\/a><p id=\"caption-attachment-21\" class=\"wp-caption-text\">Debate: A Persist\u00eancia da Viol\u00eancia Contra as Mulheres<\/p><\/div>\n<p>&nbsp;<\/p>\n<div id=\"attachment_22\" style=\"width: 434px\" class=\"wp-caption alignnone\"><a href=\"http:\/\/www.est.edu.br\/eventos\/congresso-de-genero\/datas-e-prazos\" rel=\"attachment wp-att-22\"><img aria-describedby=\"caption-attachment-22\" class=\"wp-image-22 size-medium\" src=\"https:\/\/wp.ufpel.edu.br\/observatorio\/files\/2016\/02\/interna_congresso_genero-424x163.jpg\" alt=\"interna_congresso_genero\" width=\"424\" height=\"163\" srcset=\"https:\/\/wp.ufpel.edu.br\/observatorio\/files\/2016\/02\/interna_congresso_genero-424x163.jpg 424w, https:\/\/wp.ufpel.edu.br\/observatorio\/files\/2016\/02\/interna_congresso_genero-212x82.jpg 212w, https:\/\/wp.ufpel.edu.br\/observatorio\/files\/2016\/02\/interna_congresso_genero.jpg 475w\" sizes=\"(max-width: 424px) 100vw, 424px\" \/><\/a><p id=\"caption-attachment-22\" class=\"wp-caption-text\">IV Congresso Latino-Americano de G\u00eanero e Religi\u00e3o<\/p><\/div>\n<p>&nbsp;<\/p>\n<div id=\"attachment_23\" style=\"width: 434px\" class=\"wp-caption alignnone\"><a href=\"http:\/\/eventos.unipampa.edu.br\/seurs2015\/normas\/\" rel=\"attachment wp-att-23\"><img aria-describedby=\"caption-attachment-23\" class=\"wp-image-23 size-medium\" src=\"https:\/\/wp.ufpel.edu.br\/observatorio\/files\/2016\/02\/6d20f0_739bafcf552840dfb01a44eda1edd489-424x77.jpg\" alt=\"Semin\u00e1rio de Extens\u00e3o Universit\u00e1ria da Regi\u00e3o Sul 2015\" width=\"424\" height=\"77\" srcset=\"https:\/\/wp.ufpel.edu.br\/observatorio\/files\/2016\/02\/6d20f0_739bafcf552840dfb01a44eda1edd489-424x77.jpg 424w, https:\/\/wp.ufpel.edu.br\/observatorio\/files\/2016\/02\/6d20f0_739bafcf552840dfb01a44eda1edd489-212x39.jpg 212w, https:\/\/wp.ufpel.edu.br\/observatorio\/files\/2016\/02\/6d20f0_739bafcf552840dfb01a44eda1edd489.jpg 509w\" sizes=\"(max-width: 424px) 100vw, 424px\" \/><\/a><p id=\"caption-attachment-23\" class=\"wp-caption-text\">Semin\u00e1rio de Extens\u00e3o Universit\u00e1ria da Regi\u00e3o Sul 2015<\/p><\/div>\n<p>&nbsp;<\/p>\n<div id=\"attachment_27\" style=\"width: 364px\" class=\"wp-caption alignnone\"><a href=\"http:\/\/www.ucs.br\/site\/eventos\/vii-seminario-internacional-e-xvi-seminario-nacional-mulher-e-literatura\/o-evento\/\" rel=\"attachment wp-att-27\"><img aria-describedby=\"caption-attachment-27\" class=\"size-full wp-image-27\" src=\"https:\/\/wp.ufpel.edu.br\/observatorio\/files\/2016\/02\/6d20f0_f073b9ea2c5049159ab33d499b75bf22-1.png\" alt=\"VII Semin\u00e1rio Internacional Mulher e Literatura\" width=\"354\" height=\"134\" srcset=\"https:\/\/wp.ufpel.edu.br\/observatorio\/files\/2016\/02\/6d20f0_f073b9ea2c5049159ab33d499b75bf22-1.png 354w, https:\/\/wp.ufpel.edu.br\/observatorio\/files\/2016\/02\/6d20f0_f073b9ea2c5049159ab33d499b75bf22-1-212x80.png 212w\" sizes=\"(max-width: 354px) 100vw, 354px\" \/><\/a><p id=\"caption-attachment-27\" class=\"wp-caption-text\">VII Semin\u00e1rio Internacional Mulher e Literatura<\/p><\/div>\n<p>&nbsp;<\/p>\n<div id=\"attachment_25\" style=\"width: 235px\" class=\"wp-caption alignnone\"><a href=\"https:\/\/pensamentocritico2015.wordpress.com\/\" rel=\"attachment wp-att-25\"><img aria-describedby=\"caption-attachment-25\" class=\"size-medium wp-image-25\" src=\"https:\/\/wp.ufpel.edu.br\/observatorio\/files\/2016\/02\/pensamento2015-225x318.png\" alt=\"VII Semin\u00e1rio Internacional Pensamento Cr\u00edtico\" width=\"225\" height=\"318\" srcset=\"https:\/\/wp.ufpel.edu.br\/observatorio\/files\/2016\/02\/pensamento2015-225x318.png 225w, https:\/\/wp.ufpel.edu.br\/observatorio\/files\/2016\/02\/pensamento2015-112x159.png 112w, https:\/\/wp.ufpel.edu.br\/observatorio\/files\/2016\/02\/pensamento2015-768x1086.png 768w, https:\/\/wp.ufpel.edu.br\/observatorio\/files\/2016\/02\/pensamento2015.png 1052w\" sizes=\"(max-width: 225px) 100vw, 225px\" \/><\/a><p id=\"caption-attachment-25\" class=\"wp-caption-text\">VII Semin\u00e1rio Internacional Pensamento Cr\u00edtico<\/p><\/div>\n","protected":false},"excerpt":{"rendered":"<p>&nbsp; &nbsp; &nbsp; &nbsp; &nbsp;<\/p>\n","protected":false},"author":547,"featured_media":0,"parent":0,"menu_order":5,"comment_status":"closed","ping_status":"closed","template":"","meta":{"footnotes":""},"class_list":["post-16","page","type-page","status-publish","hentry"],"jetpack_sharing_enabled":true,"_links":{"self":[{"href":"https:\/\/wp.ufpel.edu.br\/observatorio\/wp-json\/wp\/v2\/pages\/16","targetHints":{"allow":["GET"]}}],"collection":[{"href":"https:\/\/wp.ufpel.edu.br\/observatorio\/wp-json\/wp\/v2\/pages"}],"about":[{"href":"https:\/\/wp.ufpel.edu.br\/observatorio\/wp-json\/wp\/v2\/types\/page"}],"author":[{"embeddable":true,"href":"https:\/\/wp.ufpel.edu.br\/observatorio\/wp-json\/wp\/v2\/users\/547"}],"replies":[{"embeddable":true,"href":"https:\/\/wp.ufpel.edu.br\/observatorio\/wp-json\/wp\/v2\/comments?post=16"}],"version-history":[{"count":7,"href":"https:\/\/wp.ufpel.edu.br\/observatorio\/wp-json\/wp\/v2\/pages\/16\/revisions"}],"predecessor-version":[{"id":138,"href":"https:\/\/wp.ufpel.edu.br\/observatorio\/wp-json\/wp\/v2\/pages\/16\/revisions\/138"}],"wp:attachment":[{"href":"https:\/\/wp.ufpel.edu.br\/observatorio\/wp-json\/wp\/v2\/media?parent=16"}],"curies":[{"name":"wp","href":"https:\/\/api.w.org\/{rel}","templated":true}]}}