{"id":191,"date":"2024-04-04T21:11:22","date_gmt":"2024-04-05T00:11:22","guid":{"rendered":"https:\/\/wp.ufpel.edu.br\/observasul\/?page_id=191"},"modified":"2024-04-07T20:03:36","modified_gmt":"2024-04-07T23:03:36","slug":"publicacoes","status":"publish","type":"page","link":"https:\/\/wp.ufpel.edu.br\/observasul\/publicacoes\/","title":{"rendered":"PUBLICA\u00c7\u00d5ES"},"content":{"rendered":"<div id=\"pl-191\"  class=\"panel-layout\" ><div id=\"pg-191-0\"  class=\"panel-grid panel-has-style\" ><div class=\"siteorigin-panels-stretch panel-row-style panel-row-style-for-191-0\" data-stretch-type=\"full\" ><div id=\"pgc-191-0-0\"  class=\"panel-grid-cell\" ><div id=\"panel-191-0-0-0\" class=\"so-panel widget widget_sow-blog panel-first-child\" data-index=\"0\" ><div\n\t\t\t\n\t\t\tclass=\"so-widget-sow-blog so-widget-sow-blog-standard-8268d8411c36-191\"\n\t\t\t\n\t\t>\t\t\t<div class=\"sow-blog-title\">\n\t\t\t<h3 class=\"widget-title\">\u00daltimo Post<\/h3>\t\t<\/div>\n\t\t\t<div\n\t\tclass=\"sow-blog sow-blog-layout-standard\"\n\t\tdata-template=\"standard\"\n\t\tdata-settings=\"{&quot;columns&quot;:&quot;&quot;,&quot;featured_image&quot;:true,&quot;featured_image_empty&quot;:true,&quot;featured_image_size&quot;:&quot;full&quot;,&quot;featured_image_size_width&quot;:&quot;&quot;,&quot;featured_image_size_height&quot;:&quot;&quot;,&quot;tag&quot;:&quot;h2&quot;,&quot;content&quot;:&quot;full&quot;,&quot;excerpt_length&quot;:55,&quot;date&quot;:true,&quot;author&quot;:true,&quot;filter_categories&quot;:false,&quot;categories&quot;:true,&quot;comment_count&quot;:true,&quot;so_field_container_state&quot;:&quot;closed&quot;,&quot;read_more&quot;:&quot;&quot;,&quot;tags&quot;:&quot;&quot;,&quot;trim_manual_excerpt&quot;:&quot;&quot;,&quot;template&quot;:&quot;standard&quot;}\"\n\t\tdata-paged=\"1\"\n\t\tdata-paging-id=\"8268d8411c36\"\n\t\tdata-total-pages=\"1\"\n\t\tdata-hash=\"d53b182a\"\n\t>\n\t\t\n\t\t\t\t\t\t\t<div class=\"sow-blog-posts\">\n\t\t\t\t<article id=\"post-136\" class=\"post-136 post type-post status-publish format-standard hentry category-analises category-observasul-publicacoes\" style=\"margin: 0 0 40px\">\n\t\t\t\t<div class=\"sow-blog-content-wrapper\"\n\t\t style=\"padding: 25px 30px 38px;\">\n\t\t\t\t<header class=\"sow-entry-header\">\n\t\t\t<h2 class=\"sow-entry-title\" style=\"margin: 0 0 5px;\"><a href=\"https:\/\/wp.ufpel.edu.br\/observasul\/2023\/12\/01\/o-conceito-de-desenvolvimento-no-brics-uma-analise-de-projetos-financiados-pelo-ndb\/\" rel=\"bookmark\">O Conceito de Desenvolvimento no BRICS: Uma An\u00e1lise de Projetos Financiados pelo NDB<\/a><\/h2>\t\t\t<div class=\"sow-entry-meta\">\n\t\t\t\t\t\t\t<span class=\"sow-entry-date\">\n\t\t\t\t<a href=\"https:\/\/wp.ufpel.edu.br\/observasul\/2023\/12\/01\/o-conceito-de-desenvolvimento-no-brics-uma-analise-de-projetos-financiados-pelo-ndb\/\" rel=\"bookmark\">\n\t\t\t\t\t<time class=\"published\" datetime=\"2023-12-01T20:16:52-03:00\">\n\t\t\t\t\t\t1 dez 2023\t\t\t\t\t<\/time>\n\t\t\t\t\t<time class=\"updated\" datetime=\"2024-03-20T10:34:36-03:00\">\n\t\t\t\t\t\t20 mar 2024\t\t\t\t\t<\/time>\n\t\t\t\t<\/a>\n\t\t\t<\/span>\n\t\t\n\t\t\t\t\t<span class=\"sow-entry-author-link byline\">\n\t\t\t\t\t\t\t\t\t<span class=\"sow-author author vcard\">\n\t\t\t\t\t\t<a class=\"url fn n\" href=\"https:\/\/wp.ufpel.edu.br\/observasul\/author\/observasul\/\" rel=\"author\">\n\t\t\t\t\t\t\tobservasul\t\t\t\t\t\t<\/a>\n\t\t\t\t\t<\/span>\n\t\t\t\t\t\t\t<\/span>\n\t\t\n\t\t<span class=\"sow-entry-categories\"><a href=\"https:\/\/wp.ufpel.edu.br\/observasul\/category\/analises\/\">An\u00e1lises<\/a>, <a href=\"https:\/\/wp.ufpel.edu.br\/observasul\/category\/observasul-publicacoes\/\">Publica\u00e7\u00f5es<\/a><\/span>\n\t\t\t\t\t<\/div>\n\t\t<\/header>\n\n\t\t\t\t\t<div\n\t\t\t\tclass=\"sow-entry-content\"\n\t\t\t\tstyle=\"margin-top: 20px;\"\n\t\t\t>\n\t\t\t\t<p>O prof. Dr. William Daldegan e Vitoria Borba, pesquisadora do EPDI, publicaram o resultado de suas pesquisas de quase 2 anos na International Organisations Research Journal (IORJ). A IORJ \u00e9 um dos mais renomados peri\u00f3dicos russos da \u00e1rea de Ci\u00eancia Pol\u00edtica e Rela\u00e7\u00f5es Internacionais. O artigo sob o t\u00edtulo (em portugu\u00eas) \u201cO Conceito de Desenvolvimento no BRICS: Uma An\u00e1lise de Projetos Financiados pelo NDB\u201d pode ser conferido em duas vers\u00f5es: em ingl\u00eas e russo. O artigo \u00e9 um dos v\u00e1rios resultados da pesquisa financiada pela Funda\u00e7\u00e3o de Amparo \u00e0 Pesquisa do Estado do Rio Grande do Sul (FAPERGS).<\/p>\n\t\t\t<\/div>\n\t\t\t\t<\/div>\n<\/article>\n\t\t\t<\/div>\n\t\t\t\t\t\t\t\t<\/div>\n\t<\/div><\/div><div id=\"panel-191-0-0-1\" class=\"so-panel widget widget_text panel-last-child\" data-index=\"1\" ><div class=\"panel-widget-style panel-widget-style-for-191-0-0-1\" ><h3 class=\"widget-title\">BRICS DOCS<\/h3>\t\t\t<div class=\"textwidget\"><p>Acesse tamb\u00e9m nosso reposit\u00f3rio digital dos documentos produzidos no \u00e2mbito do BRICS<\/p>\n<p><a href=\"https:\/\/wp.ufpel.edu.br\/bricsdocs\/\"><img loading=\"lazy\" decoding=\"async\" class=\"alignnone size-medium wp-image-315\" src=\"https:\/\/wp.ufpel.edu.br\/observasul\/files\/2024\/04\/bricsdocs-400x85.png\" alt=\"\" width=\"400\" height=\"85\" srcset=\"https:\/\/wp.ufpel.edu.br\/observasul\/files\/2024\/04\/bricsdocs-400x85.png 400w, https:\/\/wp.ufpel.edu.br\/observasul\/files\/2024\/04\/bricsdocs-1024x218.png 1024w, https:\/\/wp.ufpel.edu.br\/observasul\/files\/2024\/04\/bricsdocs-768x163.png 768w, https:\/\/wp.ufpel.edu.br\/observasul\/files\/2024\/04\/bricsdocs.png 1461w\" sizes=\"auto, (max-width: 400px) 100vw, 400px\" \/><\/a><\/p>\n<\/div>\n\t\t<\/div><\/div><\/div><div id=\"pgc-191-0-1\"  class=\"panel-grid-cell\" ><div id=\"panel-191-0-1-0\" class=\"so-panel widget widget_tag_cloud panel-first-child\" data-index=\"2\" ><h3 class=\"widget-title\">Tags<\/h3><div class=\"tagcloud\"><a href=\"https:\/\/wp.ufpel.edu.br\/observasul\/tag\/brics\/\" class=\"tag-cloud-link tag-link-17 tag-link-position-1\" style=\"font-size: 8pt;\" aria-label=\"BRICS (1 item)\">BRICS<\/a>\n<a href=\"https:\/\/wp.ufpel.edu.br\/observasul\/tag\/china\/\" class=\"tag-cloud-link tag-link-18 tag-link-position-2\" style=\"font-size: 8pt;\" aria-label=\"China (1 item)\">China<\/a>\n<a href=\"https:\/\/wp.ufpel.edu.br\/observasul\/tag\/india\/\" class=\"tag-cloud-link tag-link-19 tag-link-position-3\" style=\"font-size: 8pt;\" aria-label=\"\u00cdndia (1 item)\">\u00cdndia<\/a><\/div>\n<\/div><div id=\"panel-191-0-1-1\" class=\"so-panel widget widget_sow-post-carousel\" data-index=\"3\" ><div\n\t\t\t\n\t\t\tclass=\"so-widget-sow-post-carousel so-widget-sow-post-carousel-base-0471499d4c66-136\"\n\t\t\t\n\t\t>\t<div\n\t\tclass=\"sow-post-carousel-wrapper sow-post-carousel-theme-base\"\n\t\tstyle=\"overflow: hidden; max-width: 100%; min-height: 182px\"\n\t>\n\t\t<div class=\"sow-carousel-title has-title\">\n\t<h3 class=\"widget-title\">An\u00e1lises<\/h3>\t\t<div class=\"sow-carousel-navigation \">\n\t\t\t\t\t\t<a href=\"#\" class=\"sow-carousel-next\" title=\"Pr\u00f3ximo\" aria-label=\"Next Posts\" role=\"button\"><\/a>\n\t\t\t\t\t\t<a href=\"#\" class=\"sow-carousel-previous\" title=\"Anterior\" aria-label=\"Previous Posts\" role=\"button\"><\/a>\n\t\t\t\t\t<\/div>\n\t<\/div>\n\n<div class=\"sow-carousel-container \">\n\t\t<div class=\"sow-carousel-wrapper\"\n\t\tdata-dir=\"ltr\"\n\t\tstyle=\"opacity: 0;\"\n\t\tdata-widget=\"post\" data-fetching=\"false\" data-page=\"1\" data-ajax-url=\"https:\/\/wp.ufpel.edu.br\/observasul\/wp-admin\/admin-ajax.php?_widgets_nonce=541657dc1f\" data-item_count=\"8\" data-carousel_settings=\"{&quot;loop&quot;:true,&quot;animation&quot;:&quot;Ease&quot;,&quot;animation_speed&quot;:400,&quot;autoplay&quot;:&quot;&quot;,&quot;pauseOnHover&quot;:&quot;&quot;,&quot;autoplaySpeed&quot;:8000,&quot;item_overflow&quot;:true,&quot;autoplay_continuous_scroll&quot;:false}\" data-responsive=\"{&quot;desktop_slides_to_scroll&quot;:1,&quot;tablet_landscape_breakpoint&quot;:1366,&quot;tablet_landscape_slides_to_scroll&quot;:2,&quot;tablet_portrait_breakpoint&quot;:1025,&quot;tablet_portrait_slides_to_scroll&quot;:2,&quot;mobile_breakpoint&quot;:480,&quot;mobile_slides_to_scroll&quot;:1}\" data-variable_width=\"true\" \t>\n\t\t<div\n\t\t\tclass=\"sow-carousel-items\"\n\t\t\t\t\t>\n\t\t\t\t<div class=\"sow-carousel-item\" tabindex=\"-1\" style=\"float: left;\">\n\t\t<div class=\"sow-carousel-thumbnail\">\n\t\t\t\t\t\t\t<a\n\t\t\t\t\thref=\"https:\/\/wp.ufpel.edu.br\/observasul\/2023\/08\/30\/the-expansion-of-brics-challenges-and-uncertainties\/\"\n\t\t\t\t\tclass=\"sow-carousel-default-thumbnail\"\n\t\t\t\t\t\t\t\t\t\tstyle=\"background-image: url(https:\/\/wp.ufpel.edu.br\/observasul\/analises\/)\"\t\t\t\t\taria-labelledby=\"sow-carousel-id-134\"\n\t\t\t\t\ttabindex=\"-1\"\n\t\t\t\t>\n\t\t\t\t\t<span class=\"overlay\"><\/span>\n\t\t\t\t<\/a>\n\t\t\t\t\t<\/div>\n\t\t<h3 class=\"sow-carousel-item-title\">\n\t\t\t<a\n\t\t\t\thref=\"https:\/\/wp.ufpel.edu.br\/observasul\/2023\/08\/30\/the-expansion-of-brics-challenges-and-uncertainties\/\"\n\t\t\t\tid=\"sow-carousel-id-134\"\n\t\t\t\t\t\t\t\ttabindex=\"-1\"\n\t\t\t>\n\n\t\t\t\tThe Expansion of BRICS: Challenges and Uncertainties\t\t\t<\/a>\n\t\t<\/h3>\n\t<\/div>\n\t\t<div class=\"sow-carousel-item\" tabindex=\"-1\" style=\"float: left;\">\n\t\t<div class=\"sow-carousel-thumbnail\">\n\t\t\t\t\t\t\t<a\n\t\t\t\t\thref=\"https:\/\/wp.ufpel.edu.br\/observasul\/2023\/08\/19\/a-expansao-do-brics-desafios-e-incertezas\/\"\n\t\t\t\t\tclass=\"sow-carousel-default-thumbnail\"\n\t\t\t\t\t\t\t\t\t\tstyle=\"background-image: url(https:\/\/wp.ufpel.edu.br\/observasul\/analises\/)\"\t\t\t\t\taria-labelledby=\"sow-carousel-id-132\"\n\t\t\t\t\ttabindex=\"-1\"\n\t\t\t\t>\n\t\t\t\t\t<span class=\"overlay\"><\/span>\n\t\t\t\t<\/a>\n\t\t\t\t\t<\/div>\n\t\t<h3 class=\"sow-carousel-item-title\">\n\t\t\t<a\n\t\t\t\thref=\"https:\/\/wp.ufpel.edu.br\/observasul\/2023\/08\/19\/a-expansao-do-brics-desafios-e-incertezas\/\"\n\t\t\t\tid=\"sow-carousel-id-132\"\n\t\t\t\t\t\t\t\ttabindex=\"-1\"\n\t\t\t>\n\n\t\t\t\tA EXPANS\u00c3O DO BRICS: DESAFIOS E INCERTEZAS\t\t\t<\/a>\n\t\t<\/h3>\n\t<\/div>\n\t\t<div class=\"sow-carousel-item\" tabindex=\"-1\" style=\"float: left;\">\n\t\t<div class=\"sow-carousel-thumbnail\">\n\t\t\t\t\t\t\t<a\n\t\t\t\t\thref=\"https:\/\/wp.ufpel.edu.br\/observasul\/2022\/07\/06\/meio-ambiente-e-o-discurso-presidencial-estadunidense-em-clinton-w-bush-e-obama\/\"\n\t\t\t\t\tclass=\"sow-carousel-default-thumbnail\"\n\t\t\t\t\t\t\t\t\t\tstyle=\"background-image: url(https:\/\/wp.ufpel.edu.br\/observasul\/analises\/)\"\t\t\t\t\taria-labelledby=\"sow-carousel-id-120\"\n\t\t\t\t\ttabindex=\"-1\"\n\t\t\t\t>\n\t\t\t\t\t<span class=\"overlay\"><\/span>\n\t\t\t\t<\/a>\n\t\t\t\t\t<\/div>\n\t\t<h3 class=\"sow-carousel-item-title\">\n\t\t\t<a\n\t\t\t\thref=\"https:\/\/wp.ufpel.edu.br\/observasul\/2022\/07\/06\/meio-ambiente-e-o-discurso-presidencial-estadunidense-em-clinton-w-bush-e-obama\/\"\n\t\t\t\tid=\"sow-carousel-id-120\"\n\t\t\t\t\t\t\t\ttabindex=\"-1\"\n\t\t\t>\n\n\t\t\t\tMEIO AMBIENTE E O DISCURSO PRESIDENCIAL ESTADUNIDENSE EM CLINTON, W. BUSH E OBAMA\t\t\t<\/a>\n\t\t<\/h3>\n\t<\/div>\n\t\t<div class=\"sow-carousel-item\" tabindex=\"-1\" style=\"float: left;\">\n\t\t<div class=\"sow-carousel-thumbnail\">\n\t\t\t\t\t\t\t<a\n\t\t\t\t\thref=\"https:\/\/wp.ufpel.edu.br\/observasul\/2022\/06\/09\/challenges-for-the-expansion-of-the-brics\/\"\n\t\t\t\t\tclass=\"sow-carousel-default-thumbnail\"\n\t\t\t\t\t\t\t\t\t\tstyle=\"background-image: url(https:\/\/wp.ufpel.edu.br\/observasul\/analises\/)\"\t\t\t\t\taria-labelledby=\"sow-carousel-id-122\"\n\t\t\t\t\ttabindex=\"-1\"\n\t\t\t\t>\n\t\t\t\t\t<span class=\"overlay\"><\/span>\n\t\t\t\t<\/a>\n\t\t\t\t\t<\/div>\n\t\t<h3 class=\"sow-carousel-item-title\">\n\t\t\t<a\n\t\t\t\thref=\"https:\/\/wp.ufpel.edu.br\/observasul\/2022\/06\/09\/challenges-for-the-expansion-of-the-brics\/\"\n\t\t\t\tid=\"sow-carousel-id-122\"\n\t\t\t\t\t\t\t\ttabindex=\"-1\"\n\t\t\t>\n\n\t\t\t\tChallenges for the expansion of the BRICS\t\t\t<\/a>\n\t\t<\/h3>\n\t<\/div>\n\t\t<div class=\"sow-carousel-item\" tabindex=\"-1\" style=\"float: left;\">\n\t\t<div class=\"sow-carousel-thumbnail\">\n\t\t\t\t\t\t\t<a\n\t\t\t\t\thref=\"https:\/\/wp.ufpel.edu.br\/observasul\/2022\/04\/30\/brics-as-a-dynamic-and-in-process-phenomenon-of-global-planning-an-analysis-based-on-the-2009-2020-annual-summit-declarations\/\"\n\t\t\t\t\tclass=\"sow-carousel-default-thumbnail\"\n\t\t\t\t\t\t\t\t\t\tstyle=\"background-image: url(https:\/\/wp.ufpel.edu.br\/observasul\/analises\/)\"\t\t\t\t\taria-labelledby=\"sow-carousel-id-124\"\n\t\t\t\t\ttabindex=\"-1\"\n\t\t\t\t>\n\t\t\t\t\t<span class=\"overlay\"><\/span>\n\t\t\t\t<\/a>\n\t\t\t\t\t<\/div>\n\t\t<h3 class=\"sow-carousel-item-title\">\n\t\t\t<a\n\t\t\t\thref=\"https:\/\/wp.ufpel.edu.br\/observasul\/2022\/04\/30\/brics-as-a-dynamic-and-in-process-phenomenon-of-global-planning-an-analysis-based-on-the-2009-2020-annual-summit-declarations\/\"\n\t\t\t\tid=\"sow-carousel-id-124\"\n\t\t\t\t\t\t\t\ttabindex=\"-1\"\n\t\t\t>\n\n\t\t\t\tBrics as a Dynamic and in Process Phenomenon of Global Planning: An Analysis Based on the 2009-2020 Annual Summit Declarations\t\t\t<\/a>\n\t\t<\/h3>\n\t<\/div>\n\t\t\t<\/div>\n\t\t\t<\/div>\n\n\t<\/div>\n\t\t<input type=\"hidden\" name=\"instance_hash\" value=\"95ded3f0\"\/>\n\t<\/div>\n<\/div><\/div><div id=\"panel-191-0-1-2\" class=\"so-panel widget widget_sow-post-carousel\" data-index=\"4\" ><div\n\t\t\t\n\t\t\tclass=\"so-widget-sow-post-carousel so-widget-sow-post-carousel-base-0471499d4c66-124\"\n\t\t\t\n\t\t>\t<div\n\t\tclass=\"sow-post-carousel-wrapper sow-post-carousel-theme-base\"\n\t\tstyle=\"overflow: hidden; max-width: 100%; min-height: 182px\"\n\t>\n\t\t<div class=\"sow-carousel-title has-title\">\n\t<h3 class=\"widget-title\">Artigos<\/h3>\t\t<div class=\"sow-carousel-navigation \">\n\t\t\t\t\t\t<a href=\"#\" class=\"sow-carousel-next\" title=\"Pr\u00f3ximo\" aria-label=\"Next Posts\" role=\"button\"><\/a>\n\t\t\t\t\t\t<a href=\"#\" class=\"sow-carousel-previous\" title=\"Anterior\" aria-label=\"Previous Posts\" role=\"button\"><\/a>\n\t\t\t\t\t<\/div>\n\t<\/div>\n\n<div class=\"sow-carousel-container \">\n\t\t<div class=\"sow-carousel-wrapper\"\n\t\tdata-dir=\"ltr\"\n\t\tstyle=\"opacity: 0;\"\n\t\tdata-widget=\"post\" data-fetching=\"false\" data-page=\"1\" data-ajax-url=\"https:\/\/wp.ufpel.edu.br\/observasul\/wp-admin\/admin-ajax.php?_widgets_nonce=541657dc1f\" data-item_count=\"2\" data-carousel_settings=\"{&quot;loop&quot;:true,&quot;animation&quot;:&quot;Ease&quot;,&quot;animation_speed&quot;:400,&quot;autoplay&quot;:&quot;&quot;,&quot;pauseOnHover&quot;:&quot;&quot;,&quot;autoplaySpeed&quot;:8000,&quot;item_overflow&quot;:true,&quot;autoplay_continuous_scroll&quot;:false}\" data-responsive=\"{&quot;desktop_slides_to_scroll&quot;:1,&quot;tablet_landscape_breakpoint&quot;:1366,&quot;tablet_landscape_slides_to_scroll&quot;:2,&quot;tablet_portrait_breakpoint&quot;:1025,&quot;tablet_portrait_slides_to_scroll&quot;:2,&quot;mobile_breakpoint&quot;:480,&quot;mobile_slides_to_scroll&quot;:1}\" data-variable_width=\"true\" \t>\n\t\t<div\n\t\t\tclass=\"sow-carousel-items\"\n\t\t\t\t\t>\n\t\t\t\t<div class=\"sow-carousel-item\" tabindex=\"-1\" style=\"float: left;\">\n\t\t<div class=\"sow-carousel-thumbnail\">\n\t\t\t\t\t\t\t<a\n\t\t\t\t\thref=\"https:\/\/wp.ufpel.edu.br\/observasul\/2023\/05\/25\/o-brics-na-governanc%cc%a7a-global-uma-analise-a-partir-da-contestac%cc%a7a%cc%83o-e-contra-institucionalizac%cc%a7a%cc%83o-em-michael-zu%cc%88rn\/\"\n\t\t\t\t\tclass=\"sow-carousel-default-thumbnail\"\n\t\t\t\t\t\t\t\t\t\tstyle=\"background-image: url(https:\/\/wp.ufpel.edu.br\/observasul\/artigos\/)\"\t\t\t\t\taria-labelledby=\"sow-carousel-id-130\"\n\t\t\t\t\ttabindex=\"-1\"\n\t\t\t\t>\n\t\t\t\t\t<span class=\"overlay\"><\/span>\n\t\t\t\t<\/a>\n\t\t\t\t\t<\/div>\n\t\t<h3 class=\"sow-carousel-item-title\">\n\t\t\t<a\n\t\t\t\thref=\"https:\/\/wp.ufpel.edu.br\/observasul\/2023\/05\/25\/o-brics-na-governanc%cc%a7a-global-uma-analise-a-partir-da-contestac%cc%a7a%cc%83o-e-contra-institucionalizac%cc%a7a%cc%83o-em-michael-zu%cc%88rn\/\"\n\t\t\t\tid=\"sow-carousel-id-130\"\n\t\t\t\t\t\t\t\ttabindex=\"-1\"\n\t\t\t>\n\n\t\t\t\tO Brics na governanc\u0327a global: uma ana\u0301lise a partir da contestac\u0327a\u0303o e contra-institucionalizac\u0327a\u0303o em Michael Zu\u0308rn\t\t\t<\/a>\n\t\t<\/h3>\n\t<\/div>\n\t\t<div class=\"sow-carousel-item\" tabindex=\"-1\" style=\"float: left;\">\n\t\t<div class=\"sow-carousel-thumbnail\">\n\t\t\t\t\t\t\t<a\n\t\t\t\t\thref=\"https:\/\/wp.ufpel.edu.br\/observasul\/2023\/01\/05\/balanca-de-poder-asiatica-uma-analise-das-relacoes-securitarias-e-de-defesa-sino-indianas\/\"\n\t\t\t\t\tclass=\"sow-carousel-default-thumbnail\"\n\t\t\t\t\t\t\t\t\t\tstyle=\"background-image: url(https:\/\/wp.ufpel.edu.br\/observasul\/artigos\/)\"\t\t\t\t\taria-labelledby=\"sow-carousel-id-126\"\n\t\t\t\t\ttabindex=\"-1\"\n\t\t\t\t>\n\t\t\t\t\t<span class=\"overlay\"><\/span>\n\t\t\t\t<\/a>\n\t\t\t\t\t<\/div>\n\t\t<h3 class=\"sow-carousel-item-title\">\n\t\t\t<a\n\t\t\t\thref=\"https:\/\/wp.ufpel.edu.br\/observasul\/2023\/01\/05\/balanca-de-poder-asiatica-uma-analise-das-relacoes-securitarias-e-de-defesa-sino-indianas\/\"\n\t\t\t\tid=\"sow-carousel-id-126\"\n\t\t\t\t\t\t\t\ttabindex=\"-1\"\n\t\t\t>\n\n\t\t\t\tBalan\u00e7a de poder asi\u00e1tica: uma an\u00e1lise das rela\u00e7\u00f5es securit\u00e1rias e de defesa sino-indianas\t\t\t<\/a>\n\t\t<\/h3>\n\t<\/div>\n\t\t\t<\/div>\n\t\t\t<\/div>\n\n\t<\/div>\n\t\t<input type=\"hidden\" name=\"instance_hash\" value=\"c7d348b0\"\/>\n\t<\/div>\n<\/div><\/div><div id=\"panel-191-0-1-3\" class=\"so-panel widget widget_sow-post-carousel panel-last-child\" data-index=\"5\" ><div\n\t\t\t\n\t\t\tclass=\"so-widget-sow-post-carousel so-widget-sow-post-carousel-base-0471499d4c66-126\"\n\t\t\t\n\t\t>\t<div\n\t\tclass=\"sow-post-carousel-wrapper sow-post-carousel-theme-base\"\n\t\tstyle=\"overflow: hidden; max-width: 100%; min-height: 182px\"\n\t>\n\t\t<div class=\"sow-carousel-title has-title\">\n\t<h3 class=\"widget-title\">Material audiovisual<\/h3>\t\t<div class=\"sow-carousel-navigation \">\n\t\t\t\t\t\t<a href=\"#\" class=\"sow-carousel-next\" title=\"Pr\u00f3ximo\" aria-label=\"Next Posts\" role=\"button\"><\/a>\n\t\t\t\t\t\t<a href=\"#\" class=\"sow-carousel-previous\" title=\"Anterior\" aria-label=\"Previous Posts\" role=\"button\"><\/a>\n\t\t\t\t\t<\/div>\n\t<\/div>\n\n<div class=\"sow-carousel-container \">\n\t\t<div class=\"sow-carousel-wrapper\"\n\t\tdata-dir=\"ltr\"\n\t\tstyle=\"opacity: 0;\"\n\t\tdata-widget=\"post\" data-fetching=\"false\" data-page=\"1\" data-ajax-url=\"https:\/\/wp.ufpel.edu.br\/observasul\/wp-admin\/admin-ajax.php?_widgets_nonce=541657dc1f\" data-item_count=\"1\" data-carousel_settings=\"{&quot;loop&quot;:true,&quot;animation&quot;:&quot;Ease&quot;,&quot;animation_speed&quot;:400,&quot;autoplay&quot;:&quot;&quot;,&quot;pauseOnHover&quot;:&quot;&quot;,&quot;autoplaySpeed&quot;:8000,&quot;item_overflow&quot;:true,&quot;autoplay_continuous_scroll&quot;:false}\" data-responsive=\"{&quot;desktop_slides_to_scroll&quot;:1,&quot;tablet_landscape_breakpoint&quot;:1366,&quot;tablet_landscape_slides_to_scroll&quot;:2,&quot;tablet_portrait_breakpoint&quot;:1025,&quot;tablet_portrait_slides_to_scroll&quot;:2,&quot;mobile_breakpoint&quot;:480,&quot;mobile_slides_to_scroll&quot;:1}\" data-variable_width=\"true\" \t>\n\t\t<div\n\t\t\tclass=\"sow-carousel-items\"\n\t\t\t\t\t>\n\t\t\t\t<div class=\"sow-carousel-item\" tabindex=\"-1\" style=\"float: left;\">\n\t\t<div class=\"sow-carousel-thumbnail\">\n\t\t\t\t\t\t\t<a\n\t\t\t\t\thref=\"https:\/\/wp.ufpel.edu.br\/observasul\/2020\/11\/13\/biden-eleito-o-que-esperar\/\"\n\t\t\t\t\t\t\t\t\t\tstyle=\"background-image: url( https:\/\/wp.ufpel.edu.br\/observasul\/files\/2024\/04\/13-272x182.png )\"\n\t\t\t\t\taria-labelledby=\"sow-carousel-id-303\"\n\t\t\t\t\ttabindex=\"-1\"\n\t\t\t\t>\n\t\t\t\t\t<span class=\"overlay\"><\/span>\n\t\t\t\t<\/a>\n\t\t\t\t\t<\/div>\n\t\t<h3 class=\"sow-carousel-item-title\">\n\t\t\t<a\n\t\t\t\thref=\"https:\/\/wp.ufpel.edu.br\/observasul\/2020\/11\/13\/biden-eleito-o-que-esperar\/\"\n\t\t\t\tid=\"sow-carousel-id-303\"\n\t\t\t\t\t\t\t\ttabindex=\"-1\"\n\t\t\t>\n\n\t\t\t\tPalestra: Biden presidente eleito nos EUA: o que esperar?\t\t\t<\/a>\n\t\t<\/h3>\n\t<\/div>\n\t\t\t<\/div>\n\t\t\t<\/div>\n\n\t<\/div>\n\t\t<input type=\"hidden\" name=\"instance_hash\" value=\"162dbce2\"\/>\n\t<\/div>\n<\/div><\/div><\/div><\/div><\/div><\/div>","protected":false},"excerpt":{"rendered":"<p>BRICS DOCS Acesse tamb\u00e9m nosso reposit\u00f3rio digital dos documentos produzidos no \u00e2mbito do BRICS<\/p>\n","protected":false},"author":1351,"featured_media":0,"parent":0,"menu_order":0,"comment_status":"closed","ping_status":"closed","template":"","meta":{"footnotes":""},"class_list":["post-191","page","type-page","status-publish","hentry","post","post-with-thumbnail","post-with-thumbnail-large"],"jetpack_sharing_enabled":true,"_links":{"self":[{"href":"https:\/\/wp.ufpel.edu.br\/observasul\/wp-json\/wp\/v2\/pages\/191","targetHints":{"allow":["GET"]}}],"collection":[{"href":"https:\/\/wp.ufpel.edu.br\/observasul\/wp-json\/wp\/v2\/pages"}],"about":[{"href":"https:\/\/wp.ufpel.edu.br\/observasul\/wp-json\/wp\/v2\/types\/page"}],"author":[{"embeddable":true,"href":"https:\/\/wp.ufpel.edu.br\/observasul\/wp-json\/wp\/v2\/users\/1351"}],"replies":[{"embeddable":true,"href":"https:\/\/wp.ufpel.edu.br\/observasul\/wp-json\/wp\/v2\/comments?post=191"}],"version-history":[{"count":16,"href":"https:\/\/wp.ufpel.edu.br\/observasul\/wp-json\/wp\/v2\/pages\/191\/revisions"}],"predecessor-version":[{"id":317,"href":"https:\/\/wp.ufpel.edu.br\/observasul\/wp-json\/wp\/v2\/pages\/191\/revisions\/317"}],"wp:attachment":[{"href":"https:\/\/wp.ufpel.edu.br\/observasul\/wp-json\/wp\/v2\/media?parent=191"}],"curies":[{"name":"wp","href":"https:\/\/api.w.org\/{rel}","templated":true}]}}