{"id":69,"date":"2013-11-24T00:49:47","date_gmt":"2013-11-24T00:49:47","guid":{"rendered":"http:\/\/edydjunges.com\/obeduc\/?page_id=69"},"modified":"2020-12-09T12:57:44","modified_gmt":"2020-12-09T15:57:44","slug":"equipe","status":"publish","type":"page","link":"https:\/\/wp.ufpel.edu.br\/obeducpacto\/obeduc-pacto-antiga\/equipe\/","title":{"rendered":"Equipe"},"content":{"rendered":"<p><strong>PROJETO DE PESQUISA: PACTO NACIONAL PELA ALFABETIZA\u00c7\u00c3O NA IDADE CERTA<\/strong><\/p>\n<p><strong>Forma\u00e7\u00e3o de professores e melhoria dos \u00edndices de leitura e escrita no ciclo de alfabetiza\u00e7\u00e3o (1\u00ba ao 3\u00ba ano do ensino fundamental)<\/strong><\/p>\n<p><strong>\u00a0(2013 a 2020)<\/strong><\/p>\n<p><strong>Financiamento CAPES\/Observat\u00f3rio da Educa\u00e7\u00e3o (2013-2017)<\/strong><\/p>\n<p><strong>Resumo: <\/strong>O foco do projeto foi o Pacto Nacional pela Alfabetiza\u00e7\u00e3o na Idade Certa: Forma\u00e7\u00e3o continuada de professores e melhoria dos \u00edndices de leitura e escrita no ciclo inicial de alfabetiza\u00e7\u00e3o (1\u00ba ao 3\u00ba ano do ensino fundamental). Teve como objetivo acompanhar o processo de forma\u00e7\u00e3o continuada dos professores vinculados \u00e0s a\u00e7\u00f5es previstas pelo PNAIC-UFPel, verificando o efeito dessa forma\u00e7\u00e3o sobre os \u00edndices de leitura e escrita das crian\u00e7as. Para seu desenvolvimento, tr\u00eas foram os focos de an\u00e1lise: i-) dados do Inep-Censo Escolar, do Inep-IDEB, da Avalia\u00e7\u00e3o Nacional da Alfabetiza\u00e7\u00e3o; ii-) produ\u00e7\u00f5es escritas das crian\u00e7as do ciclo de alfabetiza\u00e7\u00e3o; iii-) pr\u00e1ticas e materiais resultantes do processo de forma\u00e7\u00e3o continuada realizado pela equipe do PNAIC-UFPel com os professores do ciclo de alfabetiza\u00e7\u00e3o. O Projeto foi financiado pela Capes &#8211; Programa Observat\u00f3rio da Educa\u00e7\u00e3o, entre 2013-2017, recebendo apoio financeiro e bolsas de p\u00f3s-gradua\u00e7\u00e3o, gradua\u00e7\u00e3o e professores de educa\u00e7\u00e3o b\u00e1sica. O projeto foi prorrogado, na UFPel, at\u00e9 setembro de 2020 em raz\u00e3o de objetivos a serem cumpridos. Resultam do projeto 7 disserta\u00e7\u00f5es de mestrado, 2 teses de doutorado, 3 fotolivros, 3 livros, artigos em peri\u00f3dicos cient\u00edficos e trabalhos apresentados em eventos cient\u00edficos.<\/p>\n<p><strong>EQUIPE DE TRABALHO<\/strong><\/p>\n<p><strong>Professoras pesquisadoras<\/strong><\/p>\n<p>Coordena\u00e7\u00e3o geral:<strong> \u00a0\u00a0\u00a0\u00a0\u00a0\u00a0\u00a0\u00a0\u00a0\u00a0\u00a0\u00a0\u00a0\u00a0\u00a0\u00a0\u00a0\u00a0\u00a0\u00a0\u00a0\u00a0 <\/strong><\/p>\n<p>Profa Dra Marta N\u00f6rnberg (UFPEL)<\/p>\n<p>Colaboradores:<\/p>\n<p>Dra. Ana Ruth Moresco Miranda (UFPEL)<\/p>\n<p>Dra. Gilceane Caetano Porto (UFPEL)<\/p>\n<p>Dra. Patr\u00edcia dos Santos Moura (UNIPAMPA)<\/p>\n<p>Dra Ana Paula Nobre da Cunha (UFPEL)<\/p>\n<p>Dr. Edgar Roberto Kirchof \u00a0\u00a0\u00a0\u00a0\u00a0\u00a0\u00a0\u00a0\u00a0\u00a0\u00a0 (ULBRA)<\/p>\n<p>Dra. Maria Helena Mascarenhas (UFPel-bolsista pro-doc)<\/p>\n<p>&nbsp;<\/p>\n<p><strong>Estudantes de P\u00f3s-Gradua\u00e7\u00e3o (mestrado e doutorado) <\/strong><\/p>\n<p>Luiza Kerstner Souto \u00a0\u00a0\u00a0\u00a0\u00a0\u00a0\u00a0\u00a0\u00a0\u00a0\u00a0\u00a0\u00a0\u00a0\u00a0\u00a0\u00a0\u00a0\u00a0\u00a0 Mestrado (2018-2020) \u2013 Capes\/DS<\/p>\n<p>Leticia Pacheco dos Reis\u00a0\u00a0\u00a0\u00a0\u00a0\u00a0\u00a0\u00a0\u00a0\u00a0\u00a0\u00a0\u00a0 Mestrado (2018-2020)<\/p>\n<p>Josiane Jarline J\u00e4ger\u00a0\u00a0\u00a0\u00a0\u00a0\u00a0\u00a0\u00a0\u00a0\u00a0\u00a0\u00a0\u00a0\u00a0\u00a0\u00a0\u00a0\u00a0\u00a0\u00a0 Mestrado (2017-2019) \u2013 Capes\/DS<\/p>\n<p>Juliana Mendes Oliveira\u00a0\u00a0\u00a0\u00a0\u00a0\u00a0\u00a0\u00a0\u00a0\u00a0\u00a0\u00a0\u00a0\u00a0\u00a0 Mestrado (2016-2018) \u2013 Capes\/Obeduc<\/p>\n<p>Silvia Nilceia Goncalves \u00a0\u00a0\u00a0\u00a0\u00a0\u00a0\u00a0\u00a0\u00a0\u00a0\u00a0\u00a0\u00a0\u00a0 Mestrado (2015-2017) \u2013 Capes\/Obeduc<\/p>\n<p>Igor Daniel Martins Pereira \u00a0\u00a0\u00a0\u00a0\u00a0\u00a0\u00a0\u00a0\u00a0 Mestrado (2013-2015) \u2013 Capes\/Obeduc<\/p>\n<p>Glediane S. Goetzke da Rosa\u00a0\u00a0\u00a0\u00a0\u00a0 Mestrado (2013-2015) \u2013 Capes\/Obeduc<\/p>\n<p>Rosiani T. Soares Machado\u00a0\u00a0\u00a0\u00a0\u00a0\u00a0\u00a0\u00a0 Mestrado (2013-2014) \u2013 Capes\/Obeduc<\/p>\n<p>Katlen B\u00f6hm Grando\u00a0\u00a0\u00a0\u00a0\u00a0\u00a0\u00a0\u00a0\u00a0\u00a0\u00a0\u00a0\u00a0\u00a0\u00a0\u00a0\u00a0\u00a0\u00a0\u00a0\u00a0 Doutorado (2014-2018)<\/p>\n<p>Carmen R. G. Ferreira \u00a0\u00a0\u00a0\u00a0\u00a0\u00a0\u00a0\u00a0\u00a0\u00a0\u00a0\u00a0\u00a0\u00a0\u00a0\u00a0\u00a0 Doutorado (2013-2016) \u2013 Capes\/Obeduc<\/p>\n<p>&nbsp;<\/p>\n<p><strong>Bolsista Inicia\u00e7\u00e3o Cient\u00edfica<\/strong><\/p>\n<p>Maur\u00edcio Cardoso Dias\u00a0\u00a0\u00a0\u00a0\u00a0 Curso de Pedagogia (2017-2018) CNPq\/Pibic<\/p>\n<p>Milena Venzke Kaadt\u00a0\u00a0\u00a0\u00a0\u00a0\u00a0\u00a0\u00a0 Curso de Pedagogia (2017-2018) UFPel\/AFIP<\/p>\n<p>Gabriella V. Martins \u00a0\u00a0\u00a0\u00a0\u00a0\u00a0\u00a0\u00a0\u00a0\u00a0 Curso de Pedagogia (2017-2018) \u2013 CNPq-Pibic<\/p>\n<p>Aline Teixeira de Oliveira\u00a0\u00a0 Curso de Pedagogia (2013-2017) \u2013 Capes\/Obeduc<\/p>\n<p>Gabriela Schander Braga\u00a0 Curso de Jornalismo (2015-2017) \u2013 Capes\/Obeduc<\/p>\n<p>Carolina Rocke da Costa\u00a0\u00a0 Curso de Pedagogia (2014-2017) \u2013 CNPq\/Pibic<\/p>\n<p>Luiza Kerstner Souto\u00a0\u00a0\u00a0\u00a0\u00a0\u00a0\u00a0\u00a0\u00a0 Curso de Pedagogia (2014-2017) \u2013 Capes\/Obeduc; Fapergs-Probic<\/p>\n<p>Heitor A. G. Almeida\u00a0\u00a0\u00a0\u00a0\u00a0\u00a0\u00a0\u00a0\u00a0\u00a0 Curso de Ci\u00eancias da Computa\u00e7\u00e3o (2016-2017) \u2013 Capes\/Obeduc<\/p>\n<p>Joana Luisa Krupp\u00a0\u00a0\u00a0\u00a0\u00a0\u00a0\u00a0\u00a0\u00a0\u00a0\u00a0\u00a0\u00a0 Curso de Design Gr\u00e1fico (2016-2017) \u2013 Capes\/Obeduc<\/p>\n<p>Mar\u00edlia M\u00fcller dos Santos Curso de Pedagogia (2016-2017) \u2013 Capes\/Obeduc<\/p>\n<p>Patr\u00edcia Moreno Ribeiro\u00a0\u00a0\u00a0\u00a0 Curso de Ci\u00eancias da Computa\u00e7\u00e3o (2016-2017) \u2013 Capes\/Obeduc<\/p>\n<p>Renata Behling de Mello\u00a0\u00a0 Curso de Pedagogia (2016-2017) \u2013 Capes\/Obeduc<\/p>\n<p>Valeria Bach Pereira\u00a0\u00a0\u00a0\u00a0\u00a0\u00a0\u00a0\u00a0\u00a0\u00a0 Curso de Pedagogia (2013-2014; 2016-2017) \u2013 Capes\/Obeduc<\/p>\n<p>Nath\u00e1lia Gotardo Dutra\u00a0\u00a0\u00a0\u00a0\u00a0 Curso de Cinema (2017) \u2013 Capes\/Obeduc<\/p>\n<p>Bruno S. P. de Oliveira\u00a0\u00a0\u00a0\u00a0\u00a0 Curso de Cinema (2016-2017) \u2013 Capes\/Obeduc<\/p>\n<p>Lissa Pachalski\u00a0\u00a0\u00a0\u00a0\u00a0\u00a0 \u00a0\u00a0\u00a0\u00a0\u00a0\u00a0\u00a0\u00a0\u00a0\u00a0\u00a0 Curso de Pedagogia (2014-2016) \u2013 Capes\/Obeduc<\/p>\n<p>Josiane J. Jager\u00a0\u00a0\u00a0\u00a0\u00a0\u00a0\u00a0\u00a0\u00a0\u00a0\u00a0\u00a0\u00a0\u00a0\u00a0\u00a0\u00a0 Curso de Pedagogia (2013-2016) \u2013 Capes\/Obeduc<\/p>\n<p>Raissa Cardoso Amaral\u00a0\u00a0\u00a0\u00a0 Curso de Letras (2013-2015) \u2013 Capes\/Obeduc<\/p>\n<p>Ellem R. M. de Borba\u00a0\u00a0\u00a0\u00a0\u00a0\u00a0\u00a0\u00a0 Curso de Letras (2013-2014) \u2013 Capes\/Obeduc<\/p>\n<p>Guilherme G. Moreira\u00a0\u00a0\u00a0\u00a0\u00a0\u00a0\u00a0\u00a0 Curso de Pedagogia (2013-2014) \u2013 Capes\/Obeduc<\/p>\n<p>Jessica A. L. da Rosa\u00a0\u00a0\u00a0\u00a0\u00a0\u00a0\u00a0 Curso de Pedagogia (2013-2014) \u2013 Capes\/Obeduc<\/p>\n<p>&nbsp;<\/p>\n<p><strong>Bolsista de Educa\u00e7\u00e3o B\u00e1sica \u2013 Capes\/Obeduc<\/strong><\/p>\n<p>Arita Mendes Duarte\u00a0\u00a0\u00a0\u00a0\u00a0\u00a0\u00a0\u00a0\u00a0 Professora da Rede Municipal de Ensino Pelotas (2014-2017)<\/p>\n<p>Aline Barbosa Batista \u00a0\u00a0\u00a0\u00a0\u00a0\u00a0\u00a0 Professora da Rede Municipal de Ensino Pelotas (2015-2017)<\/p>\n<p>Juliana M. Oliveira Jardim Professora da Rede Municipal de Ensino Pelotas (2013-2016)<\/p>\n<p>Valeria A. Coelho Islab\u00e3o Professora da Rede Municipal de Ensino Pelotas (2013-2017)<\/p>\n<p>Leticia Pacheco dos Reis\u00a0 Professora da Rede Municipal de Ensino Porto Alegre (2013-2017)<\/p>\n<p>Liliana Fraga dos Santos \u00a0 Professora da Rede Municipal de Ensino Porto Alegre (2013-2015)<\/p>\n<p>Silvia Nilceia Goncalves \u00a0\u00a0 Professora da Rede Municipal de Ensino Porto Alegre (2013-2015)<\/p>\n<p>&nbsp;<\/p>\n<p><strong>Bolsista de Extens\u00e3o UFPEL<\/strong><\/p>\n<p>Shaiane Pizani Silveira\u00a0\u00a0\u00a0\u00a0\u00a0\u00a0\u00a0\u00a0\u00a0\u00a0\u00a0\u00a0\u00a0\u00a0\u00a0\u00a0 Curso de Pedagogia (2019) \u2013 UFPel-PBA<\/p>\n<p>D\u00e9bora Hartwig Wendler\u00a0\u00a0\u00a0\u00a0\u00a0\u00a0\u00a0\u00a0\u00a0\u00a0\u00a0\u00a0\u00a0\u00a0 Curso de Pedagogia (2018) \u2013 UFPel-PBA<\/p>\n<p>Gabriela Schander Braga\u00a0\u00a0\u00a0\u00a0\u00a0\u00a0\u00a0\u00a0\u00a0\u00a0\u00a0\u00a0\u00a0 Curso de Jornalismo (2017) \u2013 UFPel-PBA<\/p>\n<p>&nbsp;<\/p>\n<p><strong>Escolas parceiras<\/strong><\/p>\n<p>Col\u00e9gio Municipal Pelotense \u2013 Pelotas\/RS<\/p>\n<p>EMEF Ministro Fernando Os\u00f3rio \u2013 Pelotas\/RS<\/p>\n<p>EMEF Olavo Bilac \u2013 Pelotas\/RS<\/p>\n<p>E.E.E.F. Laura Alves Caldeira \u2013 Cap\u00e3o do Le\u00e3o\/RS<\/p>\n<p>EMEF Am\u00e9rica \u2013 Porto Alegre\/RS<\/p>\n<p>EMEB Dr Liberato Salzano Vieira da Cunha \u2013 Porto Alegre\/RS<\/p>\n<p>EMEF Governador Ildo Meneghetti \u2013 Porto Alegre\/RS<\/p>\n<p>EMEF Pepita Le\u00e3o \u2013 Porto Alegre\/RS<\/p>\n<p>&nbsp;<\/p>\n","protected":false},"excerpt":{"rendered":"<p>PROJETO DE PESQUISA: PACTO NACIONAL PELA ALFABETIZA\u00c7\u00c3O NA IDADE CERTA Forma\u00e7\u00e3o de professores e melhoria dos \u00edndices de leitura e escrita no ciclo de alfabetiza\u00e7\u00e3o (1\u00ba ao 3\u00ba ano do ensino fundamental) \u00a0(2013 a 2020) Financiamento CAPES\/Observat\u00f3rio da Educa\u00e7\u00e3o (2013-2017) Resumo: O foco do projeto foi o Pacto Nacional pela Alfabetiza\u00e7\u00e3o na Idade Certa: Forma\u00e7\u00e3o [&hellip;]<\/p>\n","protected":false},"author":329,"featured_media":0,"parent":37,"menu_order":0,"comment_status":"closed","ping_status":"closed","template":"","meta":{"footnotes":""},"class_list":["post-69","page","type-page","status-publish","hentry"],"yoast_head":"<!-- This site is optimized with the Yoast SEO plugin v26.7 - https:\/\/yoast.com\/wordpress\/plugins\/seo\/ -->\n<title>Equipe - OBEDUC - Pacto<\/title>\n<meta name=\"robots\" content=\"index, follow, max-snippet:-1, max-image-preview:large, max-video-preview:-1\" \/>\n<link rel=\"canonical\" href=\"https:\/\/wp.ufpel.edu.br\/obeducpacto\/obeduc-pacto-antiga\/equipe\/\" \/>\n<meta property=\"og:locale\" content=\"pt_BR\" \/>\n<meta property=\"og:type\" content=\"article\" \/>\n<meta property=\"og:title\" content=\"Equipe - OBEDUC - Pacto\" \/>\n<meta property=\"og:description\" content=\"PROJETO DE PESQUISA: PACTO NACIONAL PELA ALFABETIZA\u00c7\u00c3O NA IDADE CERTA Forma\u00e7\u00e3o de professores e melhoria dos \u00edndices de leitura e escrita no ciclo de alfabetiza\u00e7\u00e3o (1\u00ba ao 3\u00ba ano do ensino fundamental) \u00a0(2013 a 2020) Financiamento CAPES\/Observat\u00f3rio da Educa\u00e7\u00e3o (2013-2017) Resumo: O foco do projeto foi o Pacto Nacional pela Alfabetiza\u00e7\u00e3o na Idade Certa: Forma\u00e7\u00e3o [&hellip;]\" \/>\n<meta property=\"og:url\" content=\"https:\/\/wp.ufpel.edu.br\/obeducpacto\/obeduc-pacto-antiga\/equipe\/\" \/>\n<meta property=\"og:site_name\" content=\"OBEDUC - Pacto\" \/>\n<meta property=\"article:modified_time\" content=\"2020-12-09T15:57:44+00:00\" \/>\n<meta name=\"twitter:card\" content=\"summary_large_image\" \/>\n<meta name=\"twitter:label1\" content=\"Est. tempo de leitura\" \/>\n\t<meta name=\"twitter:data1\" content=\"4 minutos\" \/>\n<script type=\"application\/ld+json\" class=\"yoast-schema-graph\">{\"@context\":\"https:\/\/schema.org\",\"@graph\":[{\"@type\":\"WebPage\",\"@id\":\"https:\/\/wp.ufpel.edu.br\/obeducpacto\/obeduc-pacto-antiga\/equipe\/\",\"url\":\"https:\/\/wp.ufpel.edu.br\/obeducpacto\/obeduc-pacto-antiga\/equipe\/\",\"name\":\"Equipe - OBEDUC - Pacto\",\"isPartOf\":{\"@id\":\"https:\/\/wp.ufpel.edu.br\/obeducpacto\/#website\"},\"datePublished\":\"2013-11-24T00:49:47+00:00\",\"dateModified\":\"2020-12-09T15:57:44+00:00\",\"breadcrumb\":{\"@id\":\"https:\/\/wp.ufpel.edu.br\/obeducpacto\/obeduc-pacto-antiga\/equipe\/#breadcrumb\"},\"inLanguage\":\"pt-BR\",\"potentialAction\":[{\"@type\":\"ReadAction\",\"target\":[\"https:\/\/wp.ufpel.edu.br\/obeducpacto\/obeduc-pacto-antiga\/equipe\/\"]}]},{\"@type\":\"BreadcrumbList\",\"@id\":\"https:\/\/wp.ufpel.edu.br\/obeducpacto\/obeduc-pacto-antiga\/equipe\/#breadcrumb\",\"itemListElement\":[{\"@type\":\"ListItem\",\"position\":1,\"name\":\"In\u00edcio\",\"item\":\"https:\/\/wp.ufpel.edu.br\/obeducpacto\/\"},{\"@type\":\"ListItem\",\"position\":2,\"name\":\"OBEDUC Pacto (antiga)\",\"item\":\"https:\/\/wp.ufpel.edu.br\/obeducpacto\/obeduc-pacto-antiga\/\"},{\"@type\":\"ListItem\",\"position\":3,\"name\":\"Equipe\"}]},{\"@type\":\"WebSite\",\"@id\":\"https:\/\/wp.ufpel.edu.br\/obeducpacto\/#website\",\"url\":\"https:\/\/wp.ufpel.edu.br\/obeducpacto\/\",\"name\":\"OBEDUC - Pacto\",\"description\":\"Universidade Federal de Pelotas\",\"publisher\":{\"@id\":\"https:\/\/wp.ufpel.edu.br\/obeducpacto\/#organization\"},\"potentialAction\":[{\"@type\":\"SearchAction\",\"target\":{\"@type\":\"EntryPoint\",\"urlTemplate\":\"https:\/\/wp.ufpel.edu.br\/obeducpacto\/?s={search_term_string}\"},\"query-input\":{\"@type\":\"PropertyValueSpecification\",\"valueRequired\":true,\"valueName\":\"search_term_string\"}}],\"inLanguage\":\"pt-BR\"},{\"@type\":\"Organization\",\"@id\":\"https:\/\/wp.ufpel.edu.br\/obeducpacto\/#organization\",\"name\":\"OBEDUC - Pacto\",\"url\":\"https:\/\/wp.ufpel.edu.br\/obeducpacto\/\",\"logo\":{\"@type\":\"ImageObject\",\"inLanguage\":\"pt-BR\",\"@id\":\"https:\/\/wp.ufpel.edu.br\/obeducpacto\/#\/schema\/logo\/image\/\",\"url\":\"https:\/\/wp.ufpel.edu.br\/obeducpacto\/files\/2025\/08\/OBEDUC-Pacto-Marca-G-TRANPARENTE.png\",\"contentUrl\":\"https:\/\/wp.ufpel.edu.br\/obeducpacto\/files\/2025\/08\/OBEDUC-Pacto-Marca-G-TRANPARENTE.png\",\"width\":1000,\"height\":906,\"caption\":\"OBEDUC - Pacto\"},\"image\":{\"@id\":\"https:\/\/wp.ufpel.edu.br\/obeducpacto\/#\/schema\/logo\/image\/\"}}]}<\/script>\n<!-- \/ Yoast SEO plugin. -->","yoast_head_json":{"title":"Equipe - OBEDUC - Pacto","robots":{"index":"index","follow":"follow","max-snippet":"max-snippet:-1","max-image-preview":"max-image-preview:large","max-video-preview":"max-video-preview:-1"},"canonical":"https:\/\/wp.ufpel.edu.br\/obeducpacto\/obeduc-pacto-antiga\/equipe\/","og_locale":"pt_BR","og_type":"article","og_title":"Equipe - OBEDUC - Pacto","og_description":"PROJETO DE PESQUISA: PACTO NACIONAL PELA ALFABETIZA\u00c7\u00c3O NA IDADE CERTA Forma\u00e7\u00e3o de professores e melhoria dos \u00edndices de leitura e escrita no ciclo de alfabetiza\u00e7\u00e3o (1\u00ba ao 3\u00ba ano do ensino fundamental) \u00a0(2013 a 2020) Financiamento CAPES\/Observat\u00f3rio da Educa\u00e7\u00e3o (2013-2017) Resumo: O foco do projeto foi o Pacto Nacional pela Alfabetiza\u00e7\u00e3o na Idade Certa: Forma\u00e7\u00e3o [&hellip;]","og_url":"https:\/\/wp.ufpel.edu.br\/obeducpacto\/obeduc-pacto-antiga\/equipe\/","og_site_name":"OBEDUC - Pacto","article_modified_time":"2020-12-09T15:57:44+00:00","twitter_card":"summary_large_image","twitter_misc":{"Est. tempo de leitura":"4 minutos"},"schema":{"@context":"https:\/\/schema.org","@graph":[{"@type":"WebPage","@id":"https:\/\/wp.ufpel.edu.br\/obeducpacto\/obeduc-pacto-antiga\/equipe\/","url":"https:\/\/wp.ufpel.edu.br\/obeducpacto\/obeduc-pacto-antiga\/equipe\/","name":"Equipe - OBEDUC - Pacto","isPartOf":{"@id":"https:\/\/wp.ufpel.edu.br\/obeducpacto\/#website"},"datePublished":"2013-11-24T00:49:47+00:00","dateModified":"2020-12-09T15:57:44+00:00","breadcrumb":{"@id":"https:\/\/wp.ufpel.edu.br\/obeducpacto\/obeduc-pacto-antiga\/equipe\/#breadcrumb"},"inLanguage":"pt-BR","potentialAction":[{"@type":"ReadAction","target":["https:\/\/wp.ufpel.edu.br\/obeducpacto\/obeduc-pacto-antiga\/equipe\/"]}]},{"@type":"BreadcrumbList","@id":"https:\/\/wp.ufpel.edu.br\/obeducpacto\/obeduc-pacto-antiga\/equipe\/#breadcrumb","itemListElement":[{"@type":"ListItem","position":1,"name":"In\u00edcio","item":"https:\/\/wp.ufpel.edu.br\/obeducpacto\/"},{"@type":"ListItem","position":2,"name":"OBEDUC Pacto (antiga)","item":"https:\/\/wp.ufpel.edu.br\/obeducpacto\/obeduc-pacto-antiga\/"},{"@type":"ListItem","position":3,"name":"Equipe"}]},{"@type":"WebSite","@id":"https:\/\/wp.ufpel.edu.br\/obeducpacto\/#website","url":"https:\/\/wp.ufpel.edu.br\/obeducpacto\/","name":"OBEDUC - Pacto","description":"Universidade Federal de Pelotas","publisher":{"@id":"https:\/\/wp.ufpel.edu.br\/obeducpacto\/#organization"},"potentialAction":[{"@type":"SearchAction","target":{"@type":"EntryPoint","urlTemplate":"https:\/\/wp.ufpel.edu.br\/obeducpacto\/?s={search_term_string}"},"query-input":{"@type":"PropertyValueSpecification","valueRequired":true,"valueName":"search_term_string"}}],"inLanguage":"pt-BR"},{"@type":"Organization","@id":"https:\/\/wp.ufpel.edu.br\/obeducpacto\/#organization","name":"OBEDUC - Pacto","url":"https:\/\/wp.ufpel.edu.br\/obeducpacto\/","logo":{"@type":"ImageObject","inLanguage":"pt-BR","@id":"https:\/\/wp.ufpel.edu.br\/obeducpacto\/#\/schema\/logo\/image\/","url":"https:\/\/wp.ufpel.edu.br\/obeducpacto\/files\/2025\/08\/OBEDUC-Pacto-Marca-G-TRANPARENTE.png","contentUrl":"https:\/\/wp.ufpel.edu.br\/obeducpacto\/files\/2025\/08\/OBEDUC-Pacto-Marca-G-TRANPARENTE.png","width":1000,"height":906,"caption":"OBEDUC - Pacto"},"image":{"@id":"https:\/\/wp.ufpel.edu.br\/obeducpacto\/#\/schema\/logo\/image\/"}}]}},"_links":{"self":[{"href":"https:\/\/wp.ufpel.edu.br\/obeducpacto\/wp-json\/wp\/v2\/pages\/69","targetHints":{"allow":["GET"]}}],"collection":[{"href":"https:\/\/wp.ufpel.edu.br\/obeducpacto\/wp-json\/wp\/v2\/pages"}],"about":[{"href":"https:\/\/wp.ufpel.edu.br\/obeducpacto\/wp-json\/wp\/v2\/types\/page"}],"author":[{"embeddable":true,"href":"https:\/\/wp.ufpel.edu.br\/obeducpacto\/wp-json\/wp\/v2\/users\/329"}],"replies":[{"embeddable":true,"href":"https:\/\/wp.ufpel.edu.br\/obeducpacto\/wp-json\/wp\/v2\/comments?post=69"}],"version-history":[{"count":8,"href":"https:\/\/wp.ufpel.edu.br\/obeducpacto\/wp-json\/wp\/v2\/pages\/69\/revisions"}],"predecessor-version":[{"id":1598,"href":"https:\/\/wp.ufpel.edu.br\/obeducpacto\/wp-json\/wp\/v2\/pages\/69\/revisions\/1598"}],"up":[{"embeddable":true,"href":"https:\/\/wp.ufpel.edu.br\/obeducpacto\/wp-json\/wp\/v2\/pages\/37"}],"wp:attachment":[{"href":"https:\/\/wp.ufpel.edu.br\/obeducpacto\/wp-json\/wp\/v2\/media?parent=69"}],"curies":[{"name":"wp","href":"https:\/\/api.w.org\/{rel}","templated":true}]}}