{"id":406,"date":"2015-06-08T14:31:43","date_gmt":"2015-06-08T17:31:43","guid":{"rendered":"https:\/\/wp.ufpel.edu.br\/obeducpacto\/?page_id=406"},"modified":"2016-04-13T10:45:54","modified_gmt":"2016-04-13T13:45:54","slug":"literatura-digital","status":"publish","type":"page","link":"https:\/\/wp.ufpel.edu.br\/obeducpacto\/literatura-digital\/","title":{"rendered":"Literatura Digital"},"content":{"rendered":"<p style=\"text-align: justify\">Este projeto \u00e9 desenvolvido em parceria entre o Obeduc-Pacto\u00a0e a pesquisa \u201c<i>A recep\u00e7\u00e3o da literatura digital: Leitura e interpreta\u00e7\u00e3o de textos liter\u00e1rios no computador<\/i>\u201d.<\/p>\n<p>Os objetivos s\u00e3o os seguintes:<\/p>\n<p>1) Divulgar obras de literatura digital endere\u00e7adas ao p\u00fablico infantil e juvenil;<\/p>\n<p>2) Divulgar bibliografia acad\u00eamica sobre literatura digital endere\u00e7ada a crian\u00e7as e jovens;<\/p>\n<p>3) Produzir material did\u00e1tico para o trabalho com literatura digital que possa ser utilizado no Ensino Fundamental e no Ensino M\u00e9dio;<\/p>\n<p>4) Realizar atividades, em espa\u00e7os educativos, com literatura digital;<\/p>\n<p>5) Produzir dados que possam subsidiar a pesquisa sobre o modo como alunos negociam com as novas possibilidades de usos e pr\u00e1ticas instauradas pela escrita e pela leitura na internet, criando percursos pr\u00f3prios de leitura e interpreta\u00e7\u00e3o do texto liter\u00e1rio\u201d.<\/p>\n<p style=\"text-align: justify\">MEMBROS<\/p>\n<p><b>L\u00edderes<\/b><br \/>\nMarta N\u00f6rnberg (UFPEL) \u2013 Coordenadora do OBEDUC Pacto<br \/>\nEdgar Roberto Kirchof (ULBRA) \u2013 Coordenador da pesquisa \u201cA recep\u00e7\u00e3o da literatura digital: Leitura e interpreta\u00e7\u00e3o de textos liter\u00e1rios no computador\u201d, financiada pelo CNPq atrav\u00e9s de Bolsa Produtividade<\/p>\n<p><b>Demais membros<\/b><br \/>\nAline Lupak (Bolsista IC-CNPq)<br \/>\nGeison Anghinoni Barbosa (Bolsista IC-FAPERGS)<br \/>\nLuis Ot\u00e1vio de Vargas Moraes (Bolsista IC-FAPERGS)<\/p>\n<p style=\"text-align: justify\">\n<p>&nbsp;<\/p>\n","protected":false},"excerpt":{"rendered":"<p>Este projeto \u00e9 desenvolvido em parceria entre o Obeduc-Pacto\u00a0e a pesquisa \u201cA recep\u00e7\u00e3o da literatura digital: Leitura e interpreta\u00e7\u00e3o de textos liter\u00e1rios no computador\u201d. Os objetivos s\u00e3o os seguintes: 1) Divulgar obras de literatura digital endere\u00e7adas ao p\u00fablico infantil e juvenil; 2) Divulgar bibliografia acad\u00eamica sobre literatura digital endere\u00e7ada a crian\u00e7as e jovens; 3) Produzir [&hellip;]<\/p>\n","protected":false},"author":329,"featured_media":0,"parent":0,"menu_order":0,"comment_status":"closed","ping_status":"closed","template":"","meta":{"footnotes":""},"class_list":["post-406","page","type-page","status-publish","hentry"],"yoast_head":"<!-- This site is optimized with the Yoast SEO plugin v26.7 - https:\/\/yoast.com\/wordpress\/plugins\/seo\/ -->\n<title>Literatura Digital - OBEDUC - Pacto<\/title>\n<meta name=\"robots\" content=\"index, follow, max-snippet:-1, max-image-preview:large, max-video-preview:-1\" \/>\n<link rel=\"canonical\" href=\"https:\/\/wp.ufpel.edu.br\/obeducpacto\/literatura-digital\/\" \/>\n<meta property=\"og:locale\" content=\"pt_BR\" \/>\n<meta property=\"og:type\" content=\"article\" \/>\n<meta property=\"og:title\" content=\"Literatura Digital - OBEDUC - Pacto\" \/>\n<meta property=\"og:description\" content=\"Este projeto \u00e9 desenvolvido em parceria entre o Obeduc-Pacto\u00a0e a pesquisa \u201cA recep\u00e7\u00e3o da literatura digital: Leitura e interpreta\u00e7\u00e3o de textos liter\u00e1rios no computador\u201d. Os objetivos s\u00e3o os seguintes: 1) Divulgar obras de literatura digital endere\u00e7adas ao p\u00fablico infantil e juvenil; 2) Divulgar bibliografia acad\u00eamica sobre literatura digital endere\u00e7ada a crian\u00e7as e jovens; 3) Produzir [&hellip;]\" \/>\n<meta property=\"og:url\" content=\"https:\/\/wp.ufpel.edu.br\/obeducpacto\/literatura-digital\/\" \/>\n<meta property=\"og:site_name\" content=\"OBEDUC - Pacto\" \/>\n<meta property=\"article:modified_time\" content=\"2016-04-13T13:45:54+00:00\" \/>\n<meta name=\"twitter:card\" content=\"summary_large_image\" \/>\n<meta name=\"twitter:label1\" content=\"Est. tempo de leitura\" \/>\n\t<meta name=\"twitter:data1\" content=\"1 minuto\" \/>\n<script type=\"application\/ld+json\" class=\"yoast-schema-graph\">{\"@context\":\"https:\/\/schema.org\",\"@graph\":[{\"@type\":\"WebPage\",\"@id\":\"https:\/\/wp.ufpel.edu.br\/obeducpacto\/literatura-digital\/\",\"url\":\"https:\/\/wp.ufpel.edu.br\/obeducpacto\/literatura-digital\/\",\"name\":\"Literatura Digital - OBEDUC - Pacto\",\"isPartOf\":{\"@id\":\"https:\/\/wp.ufpel.edu.br\/obeducpacto\/#website\"},\"datePublished\":\"2015-06-08T17:31:43+00:00\",\"dateModified\":\"2016-04-13T13:45:54+00:00\",\"breadcrumb\":{\"@id\":\"https:\/\/wp.ufpel.edu.br\/obeducpacto\/literatura-digital\/#breadcrumb\"},\"inLanguage\":\"pt-BR\",\"potentialAction\":[{\"@type\":\"ReadAction\",\"target\":[\"https:\/\/wp.ufpel.edu.br\/obeducpacto\/literatura-digital\/\"]}]},{\"@type\":\"BreadcrumbList\",\"@id\":\"https:\/\/wp.ufpel.edu.br\/obeducpacto\/literatura-digital\/#breadcrumb\",\"itemListElement\":[{\"@type\":\"ListItem\",\"position\":1,\"name\":\"In\u00edcio\",\"item\":\"https:\/\/wp.ufpel.edu.br\/obeducpacto\/\"},{\"@type\":\"ListItem\",\"position\":2,\"name\":\"Literatura Digital\"}]},{\"@type\":\"WebSite\",\"@id\":\"https:\/\/wp.ufpel.edu.br\/obeducpacto\/#website\",\"url\":\"https:\/\/wp.ufpel.edu.br\/obeducpacto\/\",\"name\":\"OBEDUC - Pacto\",\"description\":\"Universidade Federal de Pelotas\",\"publisher\":{\"@id\":\"https:\/\/wp.ufpel.edu.br\/obeducpacto\/#organization\"},\"potentialAction\":[{\"@type\":\"SearchAction\",\"target\":{\"@type\":\"EntryPoint\",\"urlTemplate\":\"https:\/\/wp.ufpel.edu.br\/obeducpacto\/?s={search_term_string}\"},\"query-input\":{\"@type\":\"PropertyValueSpecification\",\"valueRequired\":true,\"valueName\":\"search_term_string\"}}],\"inLanguage\":\"pt-BR\"},{\"@type\":\"Organization\",\"@id\":\"https:\/\/wp.ufpel.edu.br\/obeducpacto\/#organization\",\"name\":\"OBEDUC - Pacto\",\"url\":\"https:\/\/wp.ufpel.edu.br\/obeducpacto\/\",\"logo\":{\"@type\":\"ImageObject\",\"inLanguage\":\"pt-BR\",\"@id\":\"https:\/\/wp.ufpel.edu.br\/obeducpacto\/#\/schema\/logo\/image\/\",\"url\":\"https:\/\/wp.ufpel.edu.br\/obeducpacto\/files\/2025\/08\/OBEDUC-Pacto-Marca-G-TRANPARENTE.png\",\"contentUrl\":\"https:\/\/wp.ufpel.edu.br\/obeducpacto\/files\/2025\/08\/OBEDUC-Pacto-Marca-G-TRANPARENTE.png\",\"width\":1000,\"height\":906,\"caption\":\"OBEDUC - Pacto\"},\"image\":{\"@id\":\"https:\/\/wp.ufpel.edu.br\/obeducpacto\/#\/schema\/logo\/image\/\"}}]}<\/script>\n<!-- \/ Yoast SEO plugin. -->","yoast_head_json":{"title":"Literatura Digital - OBEDUC - Pacto","robots":{"index":"index","follow":"follow","max-snippet":"max-snippet:-1","max-image-preview":"max-image-preview:large","max-video-preview":"max-video-preview:-1"},"canonical":"https:\/\/wp.ufpel.edu.br\/obeducpacto\/literatura-digital\/","og_locale":"pt_BR","og_type":"article","og_title":"Literatura Digital - OBEDUC - Pacto","og_description":"Este projeto \u00e9 desenvolvido em parceria entre o Obeduc-Pacto\u00a0e a pesquisa \u201cA recep\u00e7\u00e3o da literatura digital: Leitura e interpreta\u00e7\u00e3o de textos liter\u00e1rios no computador\u201d. Os objetivos s\u00e3o os seguintes: 1) Divulgar obras de literatura digital endere\u00e7adas ao p\u00fablico infantil e juvenil; 2) Divulgar bibliografia acad\u00eamica sobre literatura digital endere\u00e7ada a crian\u00e7as e jovens; 3) Produzir [&hellip;]","og_url":"https:\/\/wp.ufpel.edu.br\/obeducpacto\/literatura-digital\/","og_site_name":"OBEDUC - Pacto","article_modified_time":"2016-04-13T13:45:54+00:00","twitter_card":"summary_large_image","twitter_misc":{"Est. tempo de leitura":"1 minuto"},"schema":{"@context":"https:\/\/schema.org","@graph":[{"@type":"WebPage","@id":"https:\/\/wp.ufpel.edu.br\/obeducpacto\/literatura-digital\/","url":"https:\/\/wp.ufpel.edu.br\/obeducpacto\/literatura-digital\/","name":"Literatura Digital - OBEDUC - Pacto","isPartOf":{"@id":"https:\/\/wp.ufpel.edu.br\/obeducpacto\/#website"},"datePublished":"2015-06-08T17:31:43+00:00","dateModified":"2016-04-13T13:45:54+00:00","breadcrumb":{"@id":"https:\/\/wp.ufpel.edu.br\/obeducpacto\/literatura-digital\/#breadcrumb"},"inLanguage":"pt-BR","potentialAction":[{"@type":"ReadAction","target":["https:\/\/wp.ufpel.edu.br\/obeducpacto\/literatura-digital\/"]}]},{"@type":"BreadcrumbList","@id":"https:\/\/wp.ufpel.edu.br\/obeducpacto\/literatura-digital\/#breadcrumb","itemListElement":[{"@type":"ListItem","position":1,"name":"In\u00edcio","item":"https:\/\/wp.ufpel.edu.br\/obeducpacto\/"},{"@type":"ListItem","position":2,"name":"Literatura Digital"}]},{"@type":"WebSite","@id":"https:\/\/wp.ufpel.edu.br\/obeducpacto\/#website","url":"https:\/\/wp.ufpel.edu.br\/obeducpacto\/","name":"OBEDUC - Pacto","description":"Universidade Federal de Pelotas","publisher":{"@id":"https:\/\/wp.ufpel.edu.br\/obeducpacto\/#organization"},"potentialAction":[{"@type":"SearchAction","target":{"@type":"EntryPoint","urlTemplate":"https:\/\/wp.ufpel.edu.br\/obeducpacto\/?s={search_term_string}"},"query-input":{"@type":"PropertyValueSpecification","valueRequired":true,"valueName":"search_term_string"}}],"inLanguage":"pt-BR"},{"@type":"Organization","@id":"https:\/\/wp.ufpel.edu.br\/obeducpacto\/#organization","name":"OBEDUC - Pacto","url":"https:\/\/wp.ufpel.edu.br\/obeducpacto\/","logo":{"@type":"ImageObject","inLanguage":"pt-BR","@id":"https:\/\/wp.ufpel.edu.br\/obeducpacto\/#\/schema\/logo\/image\/","url":"https:\/\/wp.ufpel.edu.br\/obeducpacto\/files\/2025\/08\/OBEDUC-Pacto-Marca-G-TRANPARENTE.png","contentUrl":"https:\/\/wp.ufpel.edu.br\/obeducpacto\/files\/2025\/08\/OBEDUC-Pacto-Marca-G-TRANPARENTE.png","width":1000,"height":906,"caption":"OBEDUC - Pacto"},"image":{"@id":"https:\/\/wp.ufpel.edu.br\/obeducpacto\/#\/schema\/logo\/image\/"}}]}},"_links":{"self":[{"href":"https:\/\/wp.ufpel.edu.br\/obeducpacto\/wp-json\/wp\/v2\/pages\/406","targetHints":{"allow":["GET"]}}],"collection":[{"href":"https:\/\/wp.ufpel.edu.br\/obeducpacto\/wp-json\/wp\/v2\/pages"}],"about":[{"href":"https:\/\/wp.ufpel.edu.br\/obeducpacto\/wp-json\/wp\/v2\/types\/page"}],"author":[{"embeddable":true,"href":"https:\/\/wp.ufpel.edu.br\/obeducpacto\/wp-json\/wp\/v2\/users\/329"}],"replies":[{"embeddable":true,"href":"https:\/\/wp.ufpel.edu.br\/obeducpacto\/wp-json\/wp\/v2\/comments?post=406"}],"version-history":[{"count":4,"href":"https:\/\/wp.ufpel.edu.br\/obeducpacto\/wp-json\/wp\/v2\/pages\/406\/revisions"}],"predecessor-version":[{"id":643,"href":"https:\/\/wp.ufpel.edu.br\/obeducpacto\/wp-json\/wp\/v2\/pages\/406\/revisions\/643"}],"wp:attachment":[{"href":"https:\/\/wp.ufpel.edu.br\/obeducpacto\/wp-json\/wp\/v2\/media?parent=406"}],"curies":[{"name":"wp","href":"https:\/\/api.w.org\/{rel}","templated":true}]}}