{"id":1553,"date":"2020-12-02T09:34:25","date_gmt":"2020-12-02T12:34:25","guid":{"rendered":"https:\/\/wp.ufpel.edu.br\/obeducpacto\/?page_id=1553"},"modified":"2020-12-06T10:47:44","modified_gmt":"2020-12-06T13:47:44","slug":"sistema-vestigios","status":"publish","type":"page","link":"https:\/\/wp.ufpel.edu.br\/obeducpacto\/sistema-vestigios\/","title":{"rendered":"Sistema Vest\u00edgios"},"content":{"rendered":"<p><img class=\"aligncenter\" src=\"https:\/\/wp.ufpel.edu.br\/obeducpacto\/files\/2020\/12\/ves.png\" width=\"281\" height=\"91\" \/><\/p>\n<p><img class=\"\" src=\"https:\/\/wp.ufpel.edu.br\/obeducpacto\/files\/2020\/12\/bat.png\" width=\"294\" height=\"106\" \/><img class=\"alignright\" src=\"https:\/\/wp.ufpel.edu.br\/obeducpacto\/files\/2020\/12\/bt.png\" width=\"242\" height=\"118\" \/><\/p>\n<p>&nbsp;<\/p>\n<p>O<strong> Sistema Vest\u00edgios <\/strong>funciona como reposit\u00f3rio e ferramenta de an\u00e1lise de textos que constituem o Banco de Textos de Aquisi\u00e7\u00e3o da Linguagem Escrita (<strong>BATALE<\/strong>) e o Banco de Textos de Professoras (<strong>BTP<\/strong>), ambos vinculados ao <a href=\"https:\/\/wp.ufpel.edu.br\/geale\/\">Grupo de Estudos sobre Aquisi\u00e7\u00e3o da Linguagem Escrita (GEALE)<\/a> grupo de pesquisa associado ao <a href=\"http:\/\/www.cnpq.br\/\">Conselho Nacional de Desenvolvimento Cient\u00edfico e Tecnol\u00f3gico (CNPq)<\/a> e \u00e0 <a href=\"https:\/\/portal.ufpel.edu.br\/\">Universidade Federal de Pelotas (UFPel)<\/a>.<\/p>\n<p>O Sistema Vest\u00edgios \u00e9 um dos produtos do Projeto de Pesquisa Obeduc-Pacto. Atualmente, encontra-se em fase de programa\u00e7\u00e3o do reposit\u00f3rio e das ferramentas de an\u00e1lise.<\/p>\n<p>No <strong>BATALE<\/strong> est\u00e3o textos de crian\u00e7as coletados em diferentes per\u00edodos. O foco das an\u00e1lises recai sobre a natureza dos erros de escrita localizados nos textos. Os estudos j\u00e1 realizados podem ser localizados em <a href=\"https:\/\/wp.ufpel.edu.br\/geale\/\">https:\/\/wp.ufpel.edu.br\/geale\/<\/a><\/p>\n<p>No <strong>BTP<\/strong> est\u00e3o textos de professoras dos anos iniciais que participaram de programas e cursos de forma\u00e7\u00e3o continuada (como o Pacto Nacional pela Alfabetiza\u00e7\u00e3o na Idade Certa &#8211; PNAIC) ou de professoras estagi\u00e1rias dos anos iniciais de cursos de forma\u00e7\u00e3o inicial (Curso de Pedagogia). O foco das an\u00e1lises dos textos recai sobre o pensamento pedag\u00f3gico das professoras e estagi\u00e1rias sobre tem\u00e1ticas relativas aos processos de ensino e aprendizagem e \u00e0 doc\u00eancia nos anos iniciais. Estudos j\u00e1 realizados sobre os materiais do BTP podem ser localizados neste site no r\u00f3tulo <a href=\"https:\/\/wp.ufpel.edu.br\/obeducpacto\/2015\/08\/388\/\"><u>Produ\u00e7\u00f5es<\/u><\/a>.<\/p>\n<p>&nbsp;<\/p>\n<p>&nbsp;<\/p>\n<p>&nbsp;<\/p>\n<p>&nbsp;<\/p>\n<p>&nbsp;<\/p>\n","protected":false},"excerpt":{"rendered":"<p>&nbsp; O Sistema Vest\u00edgios funciona como reposit\u00f3rio e ferramenta de an\u00e1lise de textos que constituem o Banco de Textos de Aquisi\u00e7\u00e3o da Linguagem Escrita (BATALE) e o Banco de Textos de Professoras (BTP), ambos vinculados ao Grupo de Estudos sobre Aquisi\u00e7\u00e3o da Linguagem Escrita (GEALE) grupo de pesquisa associado ao Conselho Nacional de Desenvolvimento Cient\u00edfico [&hellip;]<\/p>\n","protected":false},"author":329,"featured_media":0,"parent":0,"menu_order":0,"comment_status":"closed","ping_status":"closed","template":"","meta":{"footnotes":""},"class_list":["post-1553","page","type-page","status-publish","hentry"],"yoast_head":"<!-- This site is optimized with the Yoast SEO plugin v26.7 - https:\/\/yoast.com\/wordpress\/plugins\/seo\/ -->\n<title>Sistema Vest\u00edgios - OBEDUC - Pacto<\/title>\n<meta name=\"robots\" content=\"index, follow, max-snippet:-1, max-image-preview:large, max-video-preview:-1\" \/>\n<link rel=\"canonical\" href=\"https:\/\/wp.ufpel.edu.br\/obeducpacto\/sistema-vestigios\/\" \/>\n<meta property=\"og:locale\" content=\"pt_BR\" \/>\n<meta property=\"og:type\" content=\"article\" \/>\n<meta property=\"og:title\" content=\"Sistema Vest\u00edgios - OBEDUC - Pacto\" \/>\n<meta property=\"og:description\" content=\"&nbsp; O Sistema Vest\u00edgios funciona como reposit\u00f3rio e ferramenta de an\u00e1lise de textos que constituem o Banco de Textos de Aquisi\u00e7\u00e3o da Linguagem Escrita (BATALE) e o Banco de Textos de Professoras (BTP), ambos vinculados ao Grupo de Estudos sobre Aquisi\u00e7\u00e3o da Linguagem Escrita (GEALE) grupo de pesquisa associado ao Conselho Nacional de Desenvolvimento Cient\u00edfico [&hellip;]\" \/>\n<meta property=\"og:url\" content=\"https:\/\/wp.ufpel.edu.br\/obeducpacto\/sistema-vestigios\/\" \/>\n<meta property=\"og:site_name\" content=\"OBEDUC - Pacto\" \/>\n<meta property=\"article:modified_time\" content=\"2020-12-06T13:47:44+00:00\" \/>\n<meta property=\"og:image\" content=\"https:\/\/wp.ufpel.edu.br\/obeducpacto\/files\/2020\/12\/ves.png\" \/>\n<meta name=\"twitter:card\" content=\"summary_large_image\" \/>\n<meta name=\"twitter:label1\" content=\"Est. tempo de leitura\" \/>\n\t<meta name=\"twitter:data1\" content=\"1 minuto\" \/>\n<script type=\"application\/ld+json\" class=\"yoast-schema-graph\">{\"@context\":\"https:\/\/schema.org\",\"@graph\":[{\"@type\":\"WebPage\",\"@id\":\"https:\/\/wp.ufpel.edu.br\/obeducpacto\/sistema-vestigios\/\",\"url\":\"https:\/\/wp.ufpel.edu.br\/obeducpacto\/sistema-vestigios\/\",\"name\":\"Sistema Vest\u00edgios - OBEDUC - Pacto\",\"isPartOf\":{\"@id\":\"https:\/\/wp.ufpel.edu.br\/obeducpacto\/#website\"},\"primaryImageOfPage\":{\"@id\":\"https:\/\/wp.ufpel.edu.br\/obeducpacto\/sistema-vestigios\/#primaryimage\"},\"image\":{\"@id\":\"https:\/\/wp.ufpel.edu.br\/obeducpacto\/sistema-vestigios\/#primaryimage\"},\"thumbnailUrl\":\"https:\/\/wp.ufpel.edu.br\/obeducpacto\/files\/2020\/12\/ves.png\",\"datePublished\":\"2020-12-02T12:34:25+00:00\",\"dateModified\":\"2020-12-06T13:47:44+00:00\",\"breadcrumb\":{\"@id\":\"https:\/\/wp.ufpel.edu.br\/obeducpacto\/sistema-vestigios\/#breadcrumb\"},\"inLanguage\":\"pt-BR\",\"potentialAction\":[{\"@type\":\"ReadAction\",\"target\":[\"https:\/\/wp.ufpel.edu.br\/obeducpacto\/sistema-vestigios\/\"]}]},{\"@type\":\"ImageObject\",\"inLanguage\":\"pt-BR\",\"@id\":\"https:\/\/wp.ufpel.edu.br\/obeducpacto\/sistema-vestigios\/#primaryimage\",\"url\":\"https:\/\/wp.ufpel.edu.br\/obeducpacto\/files\/2020\/12\/ves.png\",\"contentUrl\":\"https:\/\/wp.ufpel.edu.br\/obeducpacto\/files\/2020\/12\/ves.png\",\"width\":633,\"height\":205},{\"@type\":\"BreadcrumbList\",\"@id\":\"https:\/\/wp.ufpel.edu.br\/obeducpacto\/sistema-vestigios\/#breadcrumb\",\"itemListElement\":[{\"@type\":\"ListItem\",\"position\":1,\"name\":\"In\u00edcio\",\"item\":\"https:\/\/wp.ufpel.edu.br\/obeducpacto\/\"},{\"@type\":\"ListItem\",\"position\":2,\"name\":\"Sistema Vest\u00edgios\"}]},{\"@type\":\"WebSite\",\"@id\":\"https:\/\/wp.ufpel.edu.br\/obeducpacto\/#website\",\"url\":\"https:\/\/wp.ufpel.edu.br\/obeducpacto\/\",\"name\":\"OBEDUC - Pacto\",\"description\":\"Universidade Federal de Pelotas\",\"publisher\":{\"@id\":\"https:\/\/wp.ufpel.edu.br\/obeducpacto\/#organization\"},\"potentialAction\":[{\"@type\":\"SearchAction\",\"target\":{\"@type\":\"EntryPoint\",\"urlTemplate\":\"https:\/\/wp.ufpel.edu.br\/obeducpacto\/?s={search_term_string}\"},\"query-input\":{\"@type\":\"PropertyValueSpecification\",\"valueRequired\":true,\"valueName\":\"search_term_string\"}}],\"inLanguage\":\"pt-BR\"},{\"@type\":\"Organization\",\"@id\":\"https:\/\/wp.ufpel.edu.br\/obeducpacto\/#organization\",\"name\":\"OBEDUC - Pacto\",\"url\":\"https:\/\/wp.ufpel.edu.br\/obeducpacto\/\",\"logo\":{\"@type\":\"ImageObject\",\"inLanguage\":\"pt-BR\",\"@id\":\"https:\/\/wp.ufpel.edu.br\/obeducpacto\/#\/schema\/logo\/image\/\",\"url\":\"https:\/\/wp.ufpel.edu.br\/obeducpacto\/files\/2025\/08\/OBEDUC-Pacto-Marca-G-TRANPARENTE.png\",\"contentUrl\":\"https:\/\/wp.ufpel.edu.br\/obeducpacto\/files\/2025\/08\/OBEDUC-Pacto-Marca-G-TRANPARENTE.png\",\"width\":1000,\"height\":906,\"caption\":\"OBEDUC - Pacto\"},\"image\":{\"@id\":\"https:\/\/wp.ufpel.edu.br\/obeducpacto\/#\/schema\/logo\/image\/\"}}]}<\/script>\n<!-- \/ Yoast SEO plugin. -->","yoast_head_json":{"title":"Sistema Vest\u00edgios - OBEDUC - Pacto","robots":{"index":"index","follow":"follow","max-snippet":"max-snippet:-1","max-image-preview":"max-image-preview:large","max-video-preview":"max-video-preview:-1"},"canonical":"https:\/\/wp.ufpel.edu.br\/obeducpacto\/sistema-vestigios\/","og_locale":"pt_BR","og_type":"article","og_title":"Sistema Vest\u00edgios - OBEDUC - Pacto","og_description":"&nbsp; O Sistema Vest\u00edgios funciona como reposit\u00f3rio e ferramenta de an\u00e1lise de textos que constituem o Banco de Textos de Aquisi\u00e7\u00e3o da Linguagem Escrita (BATALE) e o Banco de Textos de Professoras (BTP), ambos vinculados ao Grupo de Estudos sobre Aquisi\u00e7\u00e3o da Linguagem Escrita (GEALE) grupo de pesquisa associado ao Conselho Nacional de Desenvolvimento Cient\u00edfico [&hellip;]","og_url":"https:\/\/wp.ufpel.edu.br\/obeducpacto\/sistema-vestigios\/","og_site_name":"OBEDUC - Pacto","article_modified_time":"2020-12-06T13:47:44+00:00","og_image":[{"url":"https:\/\/wp.ufpel.edu.br\/obeducpacto\/files\/2020\/12\/ves.png","type":"","width":"","height":""}],"twitter_card":"summary_large_image","twitter_misc":{"Est. tempo de leitura":"1 minuto"},"schema":{"@context":"https:\/\/schema.org","@graph":[{"@type":"WebPage","@id":"https:\/\/wp.ufpel.edu.br\/obeducpacto\/sistema-vestigios\/","url":"https:\/\/wp.ufpel.edu.br\/obeducpacto\/sistema-vestigios\/","name":"Sistema Vest\u00edgios - OBEDUC - Pacto","isPartOf":{"@id":"https:\/\/wp.ufpel.edu.br\/obeducpacto\/#website"},"primaryImageOfPage":{"@id":"https:\/\/wp.ufpel.edu.br\/obeducpacto\/sistema-vestigios\/#primaryimage"},"image":{"@id":"https:\/\/wp.ufpel.edu.br\/obeducpacto\/sistema-vestigios\/#primaryimage"},"thumbnailUrl":"https:\/\/wp.ufpel.edu.br\/obeducpacto\/files\/2020\/12\/ves.png","datePublished":"2020-12-02T12:34:25+00:00","dateModified":"2020-12-06T13:47:44+00:00","breadcrumb":{"@id":"https:\/\/wp.ufpel.edu.br\/obeducpacto\/sistema-vestigios\/#breadcrumb"},"inLanguage":"pt-BR","potentialAction":[{"@type":"ReadAction","target":["https:\/\/wp.ufpel.edu.br\/obeducpacto\/sistema-vestigios\/"]}]},{"@type":"ImageObject","inLanguage":"pt-BR","@id":"https:\/\/wp.ufpel.edu.br\/obeducpacto\/sistema-vestigios\/#primaryimage","url":"https:\/\/wp.ufpel.edu.br\/obeducpacto\/files\/2020\/12\/ves.png","contentUrl":"https:\/\/wp.ufpel.edu.br\/obeducpacto\/files\/2020\/12\/ves.png","width":633,"height":205},{"@type":"BreadcrumbList","@id":"https:\/\/wp.ufpel.edu.br\/obeducpacto\/sistema-vestigios\/#breadcrumb","itemListElement":[{"@type":"ListItem","position":1,"name":"In\u00edcio","item":"https:\/\/wp.ufpel.edu.br\/obeducpacto\/"},{"@type":"ListItem","position":2,"name":"Sistema Vest\u00edgios"}]},{"@type":"WebSite","@id":"https:\/\/wp.ufpel.edu.br\/obeducpacto\/#website","url":"https:\/\/wp.ufpel.edu.br\/obeducpacto\/","name":"OBEDUC - Pacto","description":"Universidade Federal de Pelotas","publisher":{"@id":"https:\/\/wp.ufpel.edu.br\/obeducpacto\/#organization"},"potentialAction":[{"@type":"SearchAction","target":{"@type":"EntryPoint","urlTemplate":"https:\/\/wp.ufpel.edu.br\/obeducpacto\/?s={search_term_string}"},"query-input":{"@type":"PropertyValueSpecification","valueRequired":true,"valueName":"search_term_string"}}],"inLanguage":"pt-BR"},{"@type":"Organization","@id":"https:\/\/wp.ufpel.edu.br\/obeducpacto\/#organization","name":"OBEDUC - Pacto","url":"https:\/\/wp.ufpel.edu.br\/obeducpacto\/","logo":{"@type":"ImageObject","inLanguage":"pt-BR","@id":"https:\/\/wp.ufpel.edu.br\/obeducpacto\/#\/schema\/logo\/image\/","url":"https:\/\/wp.ufpel.edu.br\/obeducpacto\/files\/2025\/08\/OBEDUC-Pacto-Marca-G-TRANPARENTE.png","contentUrl":"https:\/\/wp.ufpel.edu.br\/obeducpacto\/files\/2025\/08\/OBEDUC-Pacto-Marca-G-TRANPARENTE.png","width":1000,"height":906,"caption":"OBEDUC - Pacto"},"image":{"@id":"https:\/\/wp.ufpel.edu.br\/obeducpacto\/#\/schema\/logo\/image\/"}}]}},"_links":{"self":[{"href":"https:\/\/wp.ufpel.edu.br\/obeducpacto\/wp-json\/wp\/v2\/pages\/1553","targetHints":{"allow":["GET"]}}],"collection":[{"href":"https:\/\/wp.ufpel.edu.br\/obeducpacto\/wp-json\/wp\/v2\/pages"}],"about":[{"href":"https:\/\/wp.ufpel.edu.br\/obeducpacto\/wp-json\/wp\/v2\/types\/page"}],"author":[{"embeddable":true,"href":"https:\/\/wp.ufpel.edu.br\/obeducpacto\/wp-json\/wp\/v2\/users\/329"}],"replies":[{"embeddable":true,"href":"https:\/\/wp.ufpel.edu.br\/obeducpacto\/wp-json\/wp\/v2\/comments?post=1553"}],"version-history":[{"count":3,"href":"https:\/\/wp.ufpel.edu.br\/obeducpacto\/wp-json\/wp\/v2\/pages\/1553\/revisions"}],"predecessor-version":[{"id":1582,"href":"https:\/\/wp.ufpel.edu.br\/obeducpacto\/wp-json\/wp\/v2\/pages\/1553\/revisions\/1582"}],"wp:attachment":[{"href":"https:\/\/wp.ufpel.edu.br\/obeducpacto\/wp-json\/wp\/v2\/media?parent=1553"}],"curies":[{"name":"wp","href":"https:\/\/api.w.org\/{rel}","templated":true}]}}