{"id":950,"date":"2018-09-18T13:10:42","date_gmt":"2018-09-18T16:10:42","guid":{"rendered":"https:\/\/wp.ufpel.edu.br\/nutricao\/?page_id=950"},"modified":"2023-12-12T15:29:21","modified_gmt":"2023-12-12T18:29:21","slug":"agendasalas","status":"publish","type":"page","link":"https:\/\/wp.ufpel.edu.br\/nutricao\/agendasalas\/","title":{"rendered":"Agendamento das Salas"},"content":{"rendered":"<p><strong>Agendamento de Salas (225 e 219)<\/strong><br \/>\nPara reservar uma sala, consulte na nossa agenda a disponibilidade da mesma no dia e hor\u00e1rio pretendido. Se estiver dispon\u00edvel, fa\u00e7a sua solicita\u00e7\u00e3o atrav\u00e9s do email <a href=\"mailto:fac.nutricao@gmail.com\">fac.nutricao@gmail.com<\/a> informando a sala, atividade e docente respons\u00e1vel.<\/p>\n<p>OBS: o agendamento da sala n\u00e3o exclui a necessidade de autoriza\u00e7\u00e3o de chaves para discentes e\/ou autoriza\u00e7\u00e3o de acesso para fim de semana, se for o caso.<\/p>\n<p>&nbsp;<\/p>\n\n<!-- iframe plugin v.6.0 wordpress.org\/plugins\/iframe\/ -->\n<iframe src=\"https:\/\/calendar.google.com\/calendar\/embed?src=he918ca2vipkmkqvli6j30r9f0%40group.calendar.google.com&#038;ctz=America%2FSao_Paulo\" style=\"border: 0\" width=\"700\" height=\"600\" frameborder=\"0\" scrolling=\"no\" class=\"iframe-class\"><\/iframe>\n\n<p>&nbsp;<\/p>\n\n<!-- iframe plugin v.6.0 wordpress.org\/plugins\/iframe\/ -->\n<iframe src=\"https:\/\/calendar.google.com\/calendar\/embed?src=fac.nutricao%40gmail.com&#038;ctz=America%2FSao_Paulo\" style=\"border: 0\" width=\"700\" height=\"600\" frameborder=\"0\" scrolling=\"no\" class=\"iframe-class\"><\/iframe>\n\n<p>&nbsp;<\/p>\n","protected":false},"excerpt":{"rendered":"<p>Agendamento de Salas (225 e 219) Para reservar uma sala, consulte na nossa agenda a disponibilidade da mesma no dia e hor\u00e1rio pretendido. Se estiver dispon\u00edvel, fa\u00e7a sua solicita\u00e7\u00e3o atrav\u00e9s do email fac.nutricao@gmail.com informando a sala, atividade e docente respons\u00e1vel. OBS: o agendamento da sala n\u00e3o exclui a necessidade de autoriza\u00e7\u00e3o de chaves para discentes [&hellip;]<\/p>\n","protected":false},"author":249,"featured_media":0,"parent":0,"menu_order":15,"comment_status":"closed","ping_status":"closed","template":"","meta":{"footnotes":""},"class_list":["post-950","page","type-page","status-publish","hentry"],"jetpack_sharing_enabled":true,"_links":{"self":[{"href":"https:\/\/wp.ufpel.edu.br\/nutricao\/wp-json\/wp\/v2\/pages\/950","targetHints":{"allow":["GET"]}}],"collection":[{"href":"https:\/\/wp.ufpel.edu.br\/nutricao\/wp-json\/wp\/v2\/pages"}],"about":[{"href":"https:\/\/wp.ufpel.edu.br\/nutricao\/wp-json\/wp\/v2\/types\/page"}],"author":[{"embeddable":true,"href":"https:\/\/wp.ufpel.edu.br\/nutricao\/wp-json\/wp\/v2\/users\/249"}],"replies":[{"embeddable":true,"href":"https:\/\/wp.ufpel.edu.br\/nutricao\/wp-json\/wp\/v2\/comments?post=950"}],"version-history":[{"count":29,"href":"https:\/\/wp.ufpel.edu.br\/nutricao\/wp-json\/wp\/v2\/pages\/950\/revisions"}],"predecessor-version":[{"id":2002,"href":"https:\/\/wp.ufpel.edu.br\/nutricao\/wp-json\/wp\/v2\/pages\/950\/revisions\/2002"}],"wp:attachment":[{"href":"https:\/\/wp.ufpel.edu.br\/nutricao\/wp-json\/wp\/v2\/media?parent=950"}],"curies":[{"name":"wp","href":"https:\/\/api.w.org\/{rel}","templated":true}]}}