{"id":1728,"date":"2021-11-09T18:15:34","date_gmt":"2021-11-09T21:15:34","guid":{"rendered":"https:\/\/wp.ufpel.edu.br\/nutricao\/?page_id=1728"},"modified":"2026-02-19T11:32:53","modified_gmt":"2026-02-19T14:32:53","slug":"infraestrutura","status":"publish","type":"page","link":"https:\/\/wp.ufpel.edu.br\/nutricao\/infraestrutura\/","title":{"rendered":"INFRAESTRUTURA"},"content":{"rendered":"<h1 class=\"corTexto\">Estrutura<\/h1>\n<p>A Unidade conta com uma estrutura de 8 laborat\u00f3rios:<\/p>\n<p><a href=\"https:\/\/wp.ufpel.edu.br\/nutricao\/laboratorio-de-alimentacao-coletiva\/\">Laborat\u00f3rio de Alimenta\u00e7\u00e3o Coletiva<\/a><\/p>\n<p><a href=\"https:\/\/wp.ufpel.edu.br\/nutricao\/files\/2021\/04\/P1000638-scaled.jpg\"><img class=\"alignnone size-medium wp-image-1376\" src=\"https:\/\/wp.ufpel.edu.br\/nutricao\/files\/2021\/04\/P1000638-400x300.jpg\" alt=\"\" width=\"400\" height=\"300\" srcset=\"https:\/\/wp.ufpel.edu.br\/nutricao\/files\/2021\/04\/P1000638-400x300.jpg 400w, https:\/\/wp.ufpel.edu.br\/nutricao\/files\/2021\/04\/P1000638-1024x768.jpg 1024w, https:\/\/wp.ufpel.edu.br\/nutricao\/files\/2021\/04\/P1000638-768x576.jpg 768w, https:\/\/wp.ufpel.edu.br\/nutricao\/files\/2021\/04\/P1000638-1536x1152.jpg 1536w, https:\/\/wp.ufpel.edu.br\/nutricao\/files\/2021\/04\/P1000638-2048x1536.jpg 2048w\" sizes=\"(max-width: 400px) 100vw, 400px\" \/><\/a><\/p>\n<p>&nbsp;<\/p>\n<p><a href=\"https:\/\/wp.ufpel.edu.br\/nulab\/laboratorio-de-avaliacao-nutricional\/\">Laborat\u00f3rio de Avalia\u00e7\u00e3o Nutricional<\/a><\/p>\n<p><a href=\"https:\/\/wp.ufpel.edu.br\/nutricao\/files\/2021\/04\/P1000626-scaled.jpg\"><img class=\"alignnone size-medium wp-image-1378\" src=\"https:\/\/wp.ufpel.edu.br\/nutricao\/files\/2021\/04\/P1000626-400x300.jpg\" alt=\"\" width=\"400\" height=\"300\" srcset=\"https:\/\/wp.ufpel.edu.br\/nutricao\/files\/2021\/04\/P1000626-400x300.jpg 400w, https:\/\/wp.ufpel.edu.br\/nutricao\/files\/2021\/04\/P1000626-1024x768.jpg 1024w, https:\/\/wp.ufpel.edu.br\/nutricao\/files\/2021\/04\/P1000626-768x576.jpg 768w, https:\/\/wp.ufpel.edu.br\/nutricao\/files\/2021\/04\/P1000626-1536x1152.jpg 1536w, https:\/\/wp.ufpel.edu.br\/nutricao\/files\/2021\/04\/P1000626-2048x1536.jpg 2048w\" sizes=\"(max-width: 400px) 100vw, 400px\" \/><\/a><\/p>\n<p><a href=\"https:\/\/wp.ufpel.edu.br\/nulab\/laboratorio-de-bromatologia\/\">Laborat\u00f3rio de Bromatologia<\/a><\/p>\n<p><a href=\"https:\/\/wp.ufpel.edu.br\/nutricao\/files\/2021\/04\/P1000614-scaled.jpg\"><img class=\"alignnone size-medium wp-image-1379\" src=\"https:\/\/wp.ufpel.edu.br\/nutricao\/files\/2021\/04\/P1000614-400x300.jpg\" alt=\"\" width=\"400\" height=\"300\" srcset=\"https:\/\/wp.ufpel.edu.br\/nutricao\/files\/2021\/04\/P1000614-400x300.jpg 400w, https:\/\/wp.ufpel.edu.br\/nutricao\/files\/2021\/04\/P1000614-1024x768.jpg 1024w, https:\/\/wp.ufpel.edu.br\/nutricao\/files\/2021\/04\/P1000614-768x576.jpg 768w, https:\/\/wp.ufpel.edu.br\/nutricao\/files\/2021\/04\/P1000614-1536x1152.jpg 1536w, https:\/\/wp.ufpel.edu.br\/nutricao\/files\/2021\/04\/P1000614-2048x1536.jpg 2048w\" sizes=\"(max-width: 400px) 100vw, 400px\" \/><\/a><\/p>\n<p><a href=\"https:\/\/wp.ufpel.edu.br\/nulab\/laboratorio-de-informatica-fn\/\">Laborat\u00f3rio de Inform\u00e1tica (LIG)<\/a><\/p>\n<p><a href=\"https:\/\/wp.ufpel.edu.br\/nutricao\/files\/2021\/04\/P1000642-scaled.jpg\"><img class=\"alignnone size-medium wp-image-1380\" src=\"https:\/\/wp.ufpel.edu.br\/nutricao\/files\/2021\/04\/P1000642-400x300.jpg\" alt=\"\" width=\"400\" height=\"300\" srcset=\"https:\/\/wp.ufpel.edu.br\/nutricao\/files\/2021\/04\/P1000642-400x300.jpg 400w, https:\/\/wp.ufpel.edu.br\/nutricao\/files\/2021\/04\/P1000642-1024x768.jpg 1024w, https:\/\/wp.ufpel.edu.br\/nutricao\/files\/2021\/04\/P1000642-768x576.jpg 768w, https:\/\/wp.ufpel.edu.br\/nutricao\/files\/2021\/04\/P1000642-1536x1152.jpg 1536w, https:\/\/wp.ufpel.edu.br\/nutricao\/files\/2021\/04\/P1000642-2048x1536.jpg 2048w\" sizes=\"(max-width: 400px) 100vw, 400px\" \/><\/a><\/p>\n<p><a href=\"https:\/\/wp.ufpel.edu.br\/nulab\/laboratorio-de-microbiologia-de-alimentos\/\">Laborat\u00f3rio de Microbiologia de Alimentos<\/a><\/p>\n<p><a href=\"https:\/\/wp.ufpel.edu.br\/nutricao\/files\/2021\/04\/P1000719-scaled.jpg\"><img class=\"alignnone size-medium wp-image-1381\" src=\"https:\/\/wp.ufpel.edu.br\/nutricao\/files\/2021\/04\/P1000719-400x300.jpg\" alt=\"\" width=\"400\" height=\"300\" srcset=\"https:\/\/wp.ufpel.edu.br\/nutricao\/files\/2021\/04\/P1000719-400x300.jpg 400w, https:\/\/wp.ufpel.edu.br\/nutricao\/files\/2021\/04\/P1000719-1024x768.jpg 1024w, https:\/\/wp.ufpel.edu.br\/nutricao\/files\/2021\/04\/P1000719-768x576.jpg 768w, https:\/\/wp.ufpel.edu.br\/nutricao\/files\/2021\/04\/P1000719-1536x1152.jpg 1536w, https:\/\/wp.ufpel.edu.br\/nutricao\/files\/2021\/04\/P1000719-2048x1536.jpg 2048w\" sizes=\"(max-width: 400px) 100vw, 400px\" \/><\/a><\/p>\n<p><a href=\"https:\/\/wp.ufpel.edu.br\/nulab\/laboratorio-de-nutricao-experimental\/\">Laborat\u00f3rio de Nutri\u00e7\u00e3o Experimental<\/a><\/p>\n<p><a href=\"https:\/\/wp.ufpel.edu.br\/nutricao\/files\/2021\/04\/P1000629-scaled.jpg\"><img class=\"alignnone size-medium wp-image-1382\" src=\"https:\/\/wp.ufpel.edu.br\/nutricao\/files\/2021\/04\/P1000629-400x300.jpg\" alt=\"\" width=\"400\" height=\"300\" srcset=\"https:\/\/wp.ufpel.edu.br\/nutricao\/files\/2021\/04\/P1000629-400x300.jpg 400w, https:\/\/wp.ufpel.edu.br\/nutricao\/files\/2021\/04\/P1000629-1024x768.jpg 1024w, https:\/\/wp.ufpel.edu.br\/nutricao\/files\/2021\/04\/P1000629-768x576.jpg 768w, https:\/\/wp.ufpel.edu.br\/nutricao\/files\/2021\/04\/P1000629-1536x1152.jpg 1536w, https:\/\/wp.ufpel.edu.br\/nutricao\/files\/2021\/04\/P1000629-2048x1536.jpg 2048w\" sizes=\"(max-width: 400px) 100vw, 400px\" \/><\/a><\/p>\n<p><a href=\"https:\/\/wp.ufpel.edu.br\/nulab\/laboratorio-de-nutrigenomica-e-metabologia\/\">Laborat\u00f3rio de Nutrigen\u00f4mica e Metabologia<\/a><\/p>\n<p><a href=\"https:\/\/wp.ufpel.edu.br\/nutricao\/files\/2021\/04\/P1000622-scaled.jpg\"><img class=\"alignnone size-medium wp-image-1383\" src=\"https:\/\/wp.ufpel.edu.br\/nutricao\/files\/2021\/04\/P1000622-400x300.jpg\" alt=\"\" width=\"400\" height=\"300\" srcset=\"https:\/\/wp.ufpel.edu.br\/nutricao\/files\/2021\/04\/P1000622-400x300.jpg 400w, https:\/\/wp.ufpel.edu.br\/nutricao\/files\/2021\/04\/P1000622-1024x768.jpg 1024w, https:\/\/wp.ufpel.edu.br\/nutricao\/files\/2021\/04\/P1000622-768x576.jpg 768w, https:\/\/wp.ufpel.edu.br\/nutricao\/files\/2021\/04\/P1000622-1536x1152.jpg 1536w, https:\/\/wp.ufpel.edu.br\/nutricao\/files\/2021\/04\/P1000622-2048x1536.jpg 2048w\" sizes=\"(max-width: 400px) 100vw, 400px\" \/><\/a><\/p>\n<p><a href=\"https:\/\/wp.ufpel.edu.br\/nulab\/laboratorio-de-tecnica-dieteticas\/\">Laborat\u00f3rio de T\u00e9cnica Diet\u00e9tica<\/a><\/p>\n<p><a href=\"https:\/\/wp.ufpel.edu.br\/nutricao\/files\/2021\/04\/P1000611-scaled.jpg\"><img class=\"alignnone size-medium wp-image-1384\" src=\"https:\/\/wp.ufpel.edu.br\/nutricao\/files\/2021\/04\/P1000611-400x300.jpg\" alt=\"\" width=\"400\" height=\"300\" srcset=\"https:\/\/wp.ufpel.edu.br\/nutricao\/files\/2021\/04\/P1000611-400x300.jpg 400w, https:\/\/wp.ufpel.edu.br\/nutricao\/files\/2021\/04\/P1000611-1024x768.jpg 1024w, https:\/\/wp.ufpel.edu.br\/nutricao\/files\/2021\/04\/P1000611-768x576.jpg 768w, https:\/\/wp.ufpel.edu.br\/nutricao\/files\/2021\/04\/P1000611-1536x1152.jpg 1536w, https:\/\/wp.ufpel.edu.br\/nutricao\/files\/2021\/04\/P1000611-2048x1536.jpg 2048w\" sizes=\"(max-width: 400px) 100vw, 400px\" \/><\/a><\/p>\n<p>Laborat\u00f3rio de Bedidas e Doces<\/p>\n","protected":false},"excerpt":{"rendered":"<p>Estrutura A Unidade conta com uma estrutura de 8 laborat\u00f3rios: Laborat\u00f3rio de Alimenta\u00e7\u00e3o Coletiva &nbsp; Laborat\u00f3rio de Avalia\u00e7\u00e3o Nutricional Laborat\u00f3rio de Bromatologia Laborat\u00f3rio de Inform\u00e1tica (LIG) Laborat\u00f3rio de Microbiologia de Alimentos Laborat\u00f3rio de Nutri\u00e7\u00e3o Experimental Laborat\u00f3rio de Nutrigen\u00f4mica e Metabologia Laborat\u00f3rio de T\u00e9cnica Diet\u00e9tica Laborat\u00f3rio de Bedidas e Doces<\/p>\n","protected":false},"author":249,"featured_media":0,"parent":0,"menu_order":0,"comment_status":"closed","ping_status":"closed","template":"","meta":{"footnotes":""},"class_list":["post-1728","page","type-page","status-publish","hentry"],"jetpack_sharing_enabled":true,"_links":{"self":[{"href":"https:\/\/wp.ufpel.edu.br\/nutricao\/wp-json\/wp\/v2\/pages\/1728","targetHints":{"allow":["GET"]}}],"collection":[{"href":"https:\/\/wp.ufpel.edu.br\/nutricao\/wp-json\/wp\/v2\/pages"}],"about":[{"href":"https:\/\/wp.ufpel.edu.br\/nutricao\/wp-json\/wp\/v2\/types\/page"}],"author":[{"embeddable":true,"href":"https:\/\/wp.ufpel.edu.br\/nutricao\/wp-json\/wp\/v2\/users\/249"}],"replies":[{"embeddable":true,"href":"https:\/\/wp.ufpel.edu.br\/nutricao\/wp-json\/wp\/v2\/comments?post=1728"}],"version-history":[{"count":4,"href":"https:\/\/wp.ufpel.edu.br\/nutricao\/wp-json\/wp\/v2\/pages\/1728\/revisions"}],"predecessor-version":[{"id":2291,"href":"https:\/\/wp.ufpel.edu.br\/nutricao\/wp-json\/wp\/v2\/pages\/1728\/revisions\/2291"}],"wp:attachment":[{"href":"https:\/\/wp.ufpel.edu.br\/nutricao\/wp-json\/wp\/v2\/media?parent=1728"}],"curies":[{"name":"wp","href":"https:\/\/api.w.org\/{rel}","templated":true}]}}