{"id":862,"date":"2024-11-04T09:12:31","date_gmt":"2024-11-04T12:12:31","guid":{"rendered":"https:\/\/wp.ufpel.edu.br\/nurfs\/?page_id=862"},"modified":"2024-11-04T09:12:31","modified_gmt":"2024-11-04T12:12:31","slug":"jogos","status":"publish","type":"page","link":"https:\/\/wp.ufpel.edu.br\/nurfs\/jogos\/","title":{"rendered":"Jogos"},"content":{"rendered":"<p>Acesse aqui nossos jogos da mem\u00f3ria em sua vers\u00e3o 1.0<\/p>\n<blockquote class=\"wp-embedded-content\" data-secret=\"pKbcJHK2kq\"><p><a href=\"https:\/\/wp.ufpel.edu.br\/nurfs\/jogo-da-memoria-aves-da-mata-atlantica\/\">Jogo da Mem\u00f3ria Aves da Mata Atl\u00e2ntica<\/a><\/p><\/blockquote>\n<p><iframe loading=\"lazy\" class=\"wp-embedded-content\" sandbox=\"allow-scripts\" security=\"restricted\" style=\"position: absolute; visibility: hidden;\" title=\"&#8220;Jogo da Mem\u00f3ria Aves da Mata Atl\u00e2ntica&#8221; &#8212; NURFS\/CETAS - N\u00facleo de Reabilita\u00e7\u00e3o da Fauna \" src=\"https:\/\/wp.ufpel.edu.br\/nurfs\/jogo-da-memoria-aves-da-mata-atlantica\/embed\/#?secret=cQCJu7Yl7r#?secret=pKbcJHK2kq\" data-secret=\"pKbcJHK2kq\" width=\"474\" height=\"267\" frameborder=\"0\" marginwidth=\"0\" marginheight=\"0\" scrolling=\"no\"><\/iframe><\/p>\n<blockquote class=\"wp-embedded-content\" data-secret=\"ZXnCW0Y3Wk\"><p><a href=\"https:\/\/wp.ufpel.edu.br\/nurfs\/jogo-da-memoria-aves-do-rs\/\">Jogo da Mem\u00f3ria Aves do RS<\/a><\/p><\/blockquote>\n<p><iframe loading=\"lazy\" class=\"wp-embedded-content\" sandbox=\"allow-scripts\" security=\"restricted\" style=\"position: absolute; visibility: hidden;\" title=\"&#8220;Jogo da Mem\u00f3ria Aves do RS&#8221; &#8212; NURFS\/CETAS - N\u00facleo de Reabilita\u00e7\u00e3o da Fauna \" src=\"https:\/\/wp.ufpel.edu.br\/nurfs\/jogo-da-memoria-aves-do-rs\/embed\/#?secret=cuYzWxZoWc#?secret=ZXnCW0Y3Wk\" data-secret=\"ZXnCW0Y3Wk\" width=\"474\" height=\"267\" frameborder=\"0\" marginwidth=\"0\" marginheight=\"0\" scrolling=\"no\"><\/iframe><\/p>\n<blockquote class=\"wp-embedded-content\" data-secret=\"rlFT1RhiXe\"><p><a href=\"https:\/\/wp.ufpel.edu.br\/nurfs\/jogo-da-memoria-felinos-do-brasil\/\">Jogo da Mem\u00f3ria Felinos do Brasil<\/a><\/p><\/blockquote>\n<p><iframe loading=\"lazy\" class=\"wp-embedded-content\" sandbox=\"allow-scripts\" security=\"restricted\" style=\"position: absolute; visibility: hidden;\" title=\"&#8220;Jogo da Mem\u00f3ria Felinos do Brasil&#8221; &#8212; NURFS\/CETAS - N\u00facleo de Reabilita\u00e7\u00e3o da Fauna \" src=\"https:\/\/wp.ufpel.edu.br\/nurfs\/jogo-da-memoria-felinos-do-brasil\/embed\/#?secret=2gek1WKX9z#?secret=rlFT1RhiXe\" data-secret=\"rlFT1RhiXe\" width=\"474\" height=\"267\" frameborder=\"0\" marginwidth=\"0\" marginheight=\"0\" scrolling=\"no\"><\/iframe><\/p>\n<p>&nbsp;<\/p>\n","protected":false},"excerpt":{"rendered":"<p>Acesse aqui nossos jogos da mem\u00f3ria em sua vers\u00e3o 1.0 Jogo da Mem\u00f3ria Aves da Mata Atl\u00e2ntica Jogo da Mem\u00f3ria Aves do RS Jogo da Mem\u00f3ria Felinos do Brasil &nbsp;<\/p>\n","protected":false},"author":497,"featured_media":0,"parent":0,"menu_order":0,"comment_status":"closed","ping_status":"closed","template":"","meta":{"jetpack_post_was_ever_published":false,"footnotes":""},"class_list":["post-862","page","type-page","status-publish","hentry"],"jetpack_sharing_enabled":true,"jetpack_shortlink":"https:\/\/wp.me\/PayWi1-dU","jetpack-related-posts":[],"_links":{"self":[{"href":"https:\/\/wp.ufpel.edu.br\/nurfs\/wp-json\/wp\/v2\/pages\/862","targetHints":{"allow":["GET"]}}],"collection":[{"href":"https:\/\/wp.ufpel.edu.br\/nurfs\/wp-json\/wp\/v2\/pages"}],"about":[{"href":"https:\/\/wp.ufpel.edu.br\/nurfs\/wp-json\/wp\/v2\/types\/page"}],"author":[{"embeddable":true,"href":"https:\/\/wp.ufpel.edu.br\/nurfs\/wp-json\/wp\/v2\/users\/497"}],"replies":[{"embeddable":true,"href":"https:\/\/wp.ufpel.edu.br\/nurfs\/wp-json\/wp\/v2\/comments?post=862"}],"version-history":[{"count":2,"href":"https:\/\/wp.ufpel.edu.br\/nurfs\/wp-json\/wp\/v2\/pages\/862\/revisions"}],"predecessor-version":[{"id":868,"href":"https:\/\/wp.ufpel.edu.br\/nurfs\/wp-json\/wp\/v2\/pages\/862\/revisions\/868"}],"wp:attachment":[{"href":"https:\/\/wp.ufpel.edu.br\/nurfs\/wp-json\/wp\/v2\/media?parent=862"}],"curies":[{"name":"wp","href":"https:\/\/api.w.org\/{rel}","templated":true}]}}