{"id":89,"date":"2018-09-26T18:05:09","date_gmt":"2018-09-26T21:05:09","guid":{"rendered":"https:\/\/wp.ufpel.edu.br\/nuppome\/?page_id=89"},"modified":"2024-02-19T15:57:09","modified_gmt":"2024-02-19T18:57:09","slug":"livros","status":"publish","type":"page","link":"https:\/\/wp.ufpel.edu.br\/nuppome\/producao\/livros\/","title":{"rendered":"Livros"},"content":{"rendered":"<p style=\"text-align: justify;\"><strong>Livros publicados e\/ou organizados por integrantes do NUPPOME<br \/>\n<\/strong><\/p>\n<ol style=\"text-align: justify;\">\n<li>DEL R\u00cdO, Andr\u00e9s; et al. (Org.). <strong>Viol\u00eancia Pol\u00edtica na Baixada Fluminense e Ba\u00eda da Ilha Grande:<\/strong> as Pol\u00edcias e o Poder Pol\u00edtico. Rio de Janeiro: Observat\u00f3rio das Favelas, 2023. 142p.<\/li>\n<li>MADEIRA, L\u00edgia Mori; MARONA, Marjorie; <strong>DEL R\u00cdO, Andr\u00e9s<\/strong> (Org.). <strong>Democracia e justi\u00e7a na Am\u00e9rica Latina:<\/strong> para onde vamos?. Rio de Janeiro: EDUERJ, 2022.<\/li>\n<li>DEL R\u00cdO, Andr\u00e9s; et al. (Org.). <strong>Viol\u00eancia Pol\u00edtica na Baixada Fluminense e Ba\u00eda da Ilha Grande:<\/strong> as Pol\u00edcias e o Poder Pol\u00edtico. Rio de Janeiro: Observat\u00f3rio das Favelas, 2022. 179p.<\/li>\n<li>DEL R\u00cdO, Andr\u00e9s; RODRIGUES, Andr\u00e9 J. <strong>O pior de n\u00f3s:<\/strong> reflex\u00f5es sobre militares, direitas e pandemia nos primeiros anos do bolsonarismo no poder. Curitiba: CRV, 2021. 216p.<\/li>\n<li>DEL R\u00cdO, Andr\u00e9s; et al. (Org.). <strong>Viol\u00eancia Pol\u00edtica na Baixada Fluminense e Ba\u00eda da Ilha Grande:<\/strong> as Pol\u00edcias e o Poder Pol\u00edtico. Rio de Janeiro: Observat\u00f3rio das Favelas, 2021. 141p.<\/li>\n<li>GALLO, Carlos Artur; DEL R\u00cdO, Andr\u00e9s; MAIA, Tatyana de Amaral (Org.). <strong>Ecos do comissionismo no Brasil:<\/strong> as comiss\u00f5es estaduais da verdade, seus desafios e seus legados. Rio de Janeiro: Oficina Raquel, 2023. 216p.<\/li>\n<li>GALLO, Carlos Artur (Org.). <strong>Pol\u00edticas de mem\u00f3ria em 13 pa\u00edses:<\/strong> subs\u00eddios para a n\u00e3o repeti\u00e7\u00e3o. Pelotas: NUPPOME, 2023. 60p. PDF dispon\u00edvel em: <a href=\"https:\/\/wp.ufpel.edu.br\/nuppome\/files\/2023\/06\/2023-Politicas-de-memoria-em-13-paises-e-book.pdf\">https:\/\/wp.ufpel.edu.br\/nuppome\/files\/2023\/06\/2023-Politicas-de-memoria-em-13-paises-e-book.pdf<\/a><\/li>\n<li>GALLO, Carlos Artur; CAVICHIOLI, Bruno Gazalle; SOUZA, Laura Feij\u00f3 de; SILVEIRA, Rafael Alexandre (Org.). <strong>Pol\u00edticas de mem\u00f3ria, democracia e sociedade:<\/strong> contribui\u00e7\u00f5es para uma reflex\u00e3o cr\u00edtica do passado e do presente. Porto Alegre: Casaletras, 2023. 307p. PDF dispon\u00edvel em: <a href=\"https:\/\/www.casaletras.com\/politicas-de-memoria\">https:\/\/www.casaletras.com\/politicas-de-memoria<\/a><\/li>\n<li>GALLO, Carlos Artur (Org.). <strong>Nas trincheiras da mem\u00f3ria:<\/strong> lutas pelo passado, pol\u00edticas de mem\u00f3ria e justi\u00e7a de transi\u00e7\u00e3o no Sul da Europa e na Am\u00e9rica do Sul. Rio de Janeiro: Oficina Raquel, 2021. 440p.<\/li>\n<li style=\"text-align: justify;\">GALLO, Carlos Artur (Org.). <strong>Anistia:<\/strong> quarenta anos, uma luta, m\u00faltiplos significados. Rio de Janeiro: Gramma, 2019. 326 p. PDF dispon\u00edvel em: <a href=\"https:\/\/wp.ufpel.edu.br\/nuppome\/files\/2024\/02\/Miolo_VF_Anistia_40_anos.pdf\">Miolo_VF_Anistia_40_anos<\/a><\/li>\n<li>GALLO, Carlos Artur (Org).\u00a0<strong>No rastro das transi\u00e7\u00f5es:\u00a0<\/strong>perspectivas sobre mem\u00f3ria, verdade e justi\u00e7a no Cone Sul e no Sul da Europa. Pelotas: Editora da UFPel, 2019. 224 p. PDF dispon\u00edvel em: <a href=\"https:\/\/wp.ufpel.edu.br\/nuppome\/files\/2024\/02\/Miolo-VF-No_rastro_das_transicoes.pdf\">Miolo VF No_rastro_das_transi\u00e7\u00f5es<\/a><\/li>\n<li>GALLO, Carlos Artur.\u00a0<strong>Um acerto de contas com o passado:<\/strong> crimes da ditadura, leis de impunidade e decis\u00f5es das Supremas Cortes no Brasil e na Argentina. Curitiba: Appris, 2018. 201 p.<\/li>\n<li>MAIA, Tatyana de Amaral; CASTRO, Robert Wagner Porto da Silva; SILVA, Leonardo Fetter da (Org.). <strong>A atua\u00e7\u00e3o pol\u00edtica dos marinheiros brasileiros e chilenos:<\/strong> mem\u00f3ria, cidadania e Direitos Humanos (1964-1973). Porto Alegre: EDIPUCRS, 2023. 224p.<\/li>\n<li>MAIA, Tatyana de Amaral; FERNANDES, Ananda Sim\u00f5es (Org.). <strong>Anistia, um passado presente?.<\/strong>Porto Alegre: EDIPUCRS, 2020. 200p.<\/li>\n<li>SCHEIDT, Eduardo; <strong>MAIA, Tatyana de Amaral<\/strong> (Org.). <strong>Projetos de estado na Am\u00e9rica Latina contempor\u00e2nea:<\/strong> de 1960 at\u00e9 os dias atuais.\u00a0Porto Alegre: EDIPUCRS, 2019. V.2. 189 p.<\/li>\n<li>MURARI, Luciana; <strong>MAIA, Tatyana de Amaral<\/strong>; RUGGIERO, Antonio de (Org.).\u00a0<strong>Do Estado \u00e0 Na\u00e7\u00e3o: <\/strong>pol\u00edtica e cultura nos regimes ditatoriais dos anos 1930. Porto Alegre: EDIPUCRS, 2018. 275 p.<\/li>\n<li>MAIA, Tatyana de Amaral (Org.).\u00a0<strong>Imagens e propaganda pol\u00edtica na ditadura civil-militar (1964-1979):<\/strong> T\u00f3picos de Pesquisa. Jundia\u00ed: Paco, 2018. 120 p.<\/li>\n<li>RAIMUNDO, Filipa.\u00a0<strong>Ditadura e democracia:\u00a0<\/strong>legados da mem\u00f3ria. Lisboa: Funda\u00e7\u00e3o Francisco Manuel dos Santos, 2018. 107 p.<\/li>\n<li>SCHINKE, Vanessa Dorneles. <strong>Judici\u00e1rio e autoritarismo:<\/strong> regime autorit\u00e1rio (1964-1985), democracia e perman\u00eancias. 2. ed. Rio de Janeiro: Lumen Juris, 2022. 292p.<\/li>\n<\/ol>\n","protected":false},"excerpt":{"rendered":"<p>Livros publicados e\/ou organizados por integrantes do NUPPOME DEL R\u00cdO, Andr\u00e9s; et al. (Org.). Viol\u00eancia Pol\u00edtica na Baixada Fluminense e Ba\u00eda da Ilha Grande: as Pol\u00edcias e o Poder Pol\u00edtico. Rio de Janeiro: Observat\u00f3rio das Favelas, 2023. 142p. MADEIRA, L\u00edgia Mori; MARONA, Marjorie; DEL R\u00cdO, Andr\u00e9s (Org.). Democracia e justi\u00e7a na Am\u00e9rica Latina: para onde [&hellip;]<\/p>\n","protected":false},"author":880,"featured_media":0,"parent":20,"menu_order":2,"comment_status":"closed","ping_status":"closed","template":"","meta":{"footnotes":""},"class_list":["post-89","page","type-page","status-publish","hentry"],"_links":{"self":[{"href":"https:\/\/wp.ufpel.edu.br\/nuppome\/wp-json\/wp\/v2\/pages\/89","targetHints":{"allow":["GET"]}}],"collection":[{"href":"https:\/\/wp.ufpel.edu.br\/nuppome\/wp-json\/wp\/v2\/pages"}],"about":[{"href":"https:\/\/wp.ufpel.edu.br\/nuppome\/wp-json\/wp\/v2\/types\/page"}],"author":[{"embeddable":true,"href":"https:\/\/wp.ufpel.edu.br\/nuppome\/wp-json\/wp\/v2\/users\/880"}],"replies":[{"embeddable":true,"href":"https:\/\/wp.ufpel.edu.br\/nuppome\/wp-json\/wp\/v2\/comments?post=89"}],"version-history":[{"count":17,"href":"https:\/\/wp.ufpel.edu.br\/nuppome\/wp-json\/wp\/v2\/pages\/89\/revisions"}],"predecessor-version":[{"id":1263,"href":"https:\/\/wp.ufpel.edu.br\/nuppome\/wp-json\/wp\/v2\/pages\/89\/revisions\/1263"}],"up":[{"embeddable":true,"href":"https:\/\/wp.ufpel.edu.br\/nuppome\/wp-json\/wp\/v2\/pages\/20"}],"wp:attachment":[{"href":"https:\/\/wp.ufpel.edu.br\/nuppome\/wp-json\/wp\/v2\/media?parent=89"}],"curies":[{"name":"wp","href":"https:\/\/api.w.org\/{rel}","templated":true}]}}