{"id":647,"date":"2021-01-11T11:18:09","date_gmt":"2021-01-11T14:18:09","guid":{"rendered":"https:\/\/wp.ufpel.edu.br\/nuppome\/?page_id=647"},"modified":"2024-02-21T14:08:35","modified_gmt":"2024-02-21T17:08:35","slug":"apresentacao-nuppome-espanhol","status":"publish","type":"page","link":"https:\/\/wp.ufpel.edu.br\/nuppome\/apresentacao-nuppome-espanhol\/","title":{"rendered":"Apresenta\u00e7\u00e3o NUPPOME espanhol"},"content":{"rendered":"<p style=\"text-align: justify;\"><strong>N\u00facleo de Investigaci\u00f3n sobre Pol\u00edticas de Memoria<\/strong><\/p>\n<p style=\"text-align: justify;\">El N\u00facleo de Investigaci\u00f3n sobre Pol\u00edticas de Memoria \u2013 NUPPOME fue estructurado, de hecho, a partir del segundo semestre de 2018, aunque su creaci\u00f3n pueda ser comprendida como una consecuencia del registro de los primeros proyectos de investigaci\u00f3n del coordinador en el Directorio de Grupos de Investigaci\u00f3n del CNPq, en mayo de 2017. Desde una mirada institucional, el NUPPOME est\u00e1 vinculado al Instituto de Filosof\u00eda, Sociolog\u00eda y Pol\u00edtica de la Universidad Federal de Pelotas (IFISP &#8211; UFPEL). Adem\u00e1s del coordinador y de las\/los estudiantes de grado en Ciencias Sociales de la UFPEL, son incorporados a su equipo investigadores de otras Instituciones brasile\u00f1as y extranjeras. El N\u00facleo tiene como objetivo central realizar investigaciones y proyectos promoviendo el debate y la reflexi\u00f3n sobre las pol\u00edticas de memoria que est\u00e1n siendo y fueron creadas e implementadas en pa\u00edses que, como el Brasil y sus vecinos del Cono Sur, pasaron por experiencias autoritarias como las dictaduras de Seguridad Nacional durante la Guerra Fr\u00eda.<\/p>\n<p style=\"text-align: justify;\">Coordinaci\u00f3n: Carlos Artur Gallo<\/p>\n","protected":false},"excerpt":{"rendered":"<p>N\u00facleo de Investigaci\u00f3n sobre Pol\u00edticas de Memoria El N\u00facleo de Investigaci\u00f3n sobre Pol\u00edticas de Memoria \u2013 NUPPOME fue estructurado, de hecho, a partir del segundo semestre de 2018, aunque su creaci\u00f3n pueda ser comprendida como una consecuencia del registro de los primeros proyectos de investigaci\u00f3n del coordinador en el Directorio de Grupos de Investigaci\u00f3n del [&hellip;]<\/p>\n","protected":false},"author":880,"featured_media":0,"parent":0,"menu_order":0,"comment_status":"closed","ping_status":"closed","template":"","meta":{"footnotes":""},"class_list":["post-647","page","type-page","status-publish","hentry"],"_links":{"self":[{"href":"https:\/\/wp.ufpel.edu.br\/nuppome\/wp-json\/wp\/v2\/pages\/647","targetHints":{"allow":["GET"]}}],"collection":[{"href":"https:\/\/wp.ufpel.edu.br\/nuppome\/wp-json\/wp\/v2\/pages"}],"about":[{"href":"https:\/\/wp.ufpel.edu.br\/nuppome\/wp-json\/wp\/v2\/types\/page"}],"author":[{"embeddable":true,"href":"https:\/\/wp.ufpel.edu.br\/nuppome\/wp-json\/wp\/v2\/users\/880"}],"replies":[{"embeddable":true,"href":"https:\/\/wp.ufpel.edu.br\/nuppome\/wp-json\/wp\/v2\/comments?post=647"}],"version-history":[{"count":3,"href":"https:\/\/wp.ufpel.edu.br\/nuppome\/wp-json\/wp\/v2\/pages\/647\/revisions"}],"predecessor-version":[{"id":1292,"href":"https:\/\/wp.ufpel.edu.br\/nuppome\/wp-json\/wp\/v2\/pages\/647\/revisions\/1292"}],"wp:attachment":[{"href":"https:\/\/wp.ufpel.edu.br\/nuppome\/wp-json\/wp\/v2\/media?parent=647"}],"curies":[{"name":"wp","href":"https:\/\/api.w.org\/{rel}","templated":true}]}}