{"id":192,"date":"2019-02-25T11:02:30","date_gmt":"2019-02-25T14:02:30","guid":{"rendered":"https:\/\/wp.ufpel.edu.br\/nuppome\/?page_id=192"},"modified":"2024-08-30T09:11:35","modified_gmt":"2024-08-30T12:11:35","slug":"projetos-de-ensino","status":"publish","type":"page","link":"https:\/\/wp.ufpel.edu.br\/nuppome\/projetos\/projetos-de-ensino\/","title":{"rendered":"Projetos de Ensino"},"content":{"rendered":"<p><strong>Em andamento<\/strong><\/p>\n<p style=\"text-align: justify;\"><strong>2022 &#8211; Atual | Grupo de Estudos sobre Justi\u00e7a de Transi\u00e7\u00e3o e Pol\u00edticas de Mem\u00f3ria<\/strong><\/p>\n<p style=\"text-align: justify;\">Descri\u00e7\u00e3o: O Grupo de Estudos \u00e9 um projeto de ensino que, vinculado ao N\u00facleo de Pesquisa sobre Pol\u00edticas de Mem\u00f3ria (NUPPOME), pretende contribuir para a difus\u00e3o e discuss\u00e3o da Justi\u00e7a de Transi\u00e7\u00e3o (JT) e das Pol\u00edticas de Mem\u00f3ria (PM) para estudantes de gradua\u00e7\u00e3o \u00e0 p\u00f3s-gradua\u00e7\u00e3o da Universidade Federal de Pelotas (UFPEL), possibilitando o estabelecimento de um espa\u00e7o de discuss\u00e3o privilegiado sobre os temas que envolvem estes conceitos. A proposta se justifica na atual conjuntura, uma vez que as medidas associadas \u00e0 JT s\u00e3o recorrentes e seguem sendo implementadas em pa\u00edses que enfrentaram regimes de exce\u00e7\u00e3o e\/ou per\u00edodos de conflito pol\u00edtico, evidenciando a necessidade da compreens\u00e3o\/reflex\u00e3o sobre o tema para o fortalecimento da democracia. Considerando a interdisciplinaridade do tema, o p\u00fablico-alvo do Grupo de Estudos abrange estudantes das Ci\u00eancias Sociais, Hist\u00f3ria, Rela\u00e7\u00f5es Internacionais, Direitos, entre outras.<\/p>\n<p>Financiamento: Bolsa <span dir=\"ltr\" role=\"presentation\">PBA-ProjEnsino-AC \/ UFPEL<\/span> (2023), Bolsa <span dir=\"ltr\" role=\"presentation\">PBA-ProjEnsino-AF \/ UFPEL<\/span> (2024).<\/p>\n<p>&nbsp;<\/p>\n<p><strong>Encerrrados<\/strong><\/p>\n<p style=\"text-align: justify;\"><strong>2017 &#8211; 2020 | Grupo de Estudos sobre a Ditadura Brasileira (1964-1985)<\/strong><\/p>\n<p style=\"text-align: justify;\">Descri\u00e7\u00e3o: O &#8220;Grupo de Estudos sobre a ditadura brasileira (1964-1985)&#8221; busca constituir-se em um espa\u00e7o de estudo, discuss\u00e3o e pesquisa acerca do per\u00edodo ditatorial inaugurado a partir do Golpe de 1964. Est\u00e3o previstas atividades de leitura e discuss\u00e3o de textos acad\u00eamicos que abordam diferentes an\u00e1lises sobre a ditadura no Brasil, tais como as explica\u00e7\u00f5es sobre o golpe, as caracter\u00edsticas do per\u00edodo autorit\u00e1rio, as pr\u00e1ticas de repress\u00e3o e resist\u00eancia, a transi\u00e7\u00e3o para a democracia e seu impacto na atualidade.\u00a0 Entre 2017 e 2019, o Grupo foi coordenado pela Profa. Dra. Alessandra Gasparotto (Departamento de Hist\u00f3ria \/ ICH \/ UFPEL) e pelo Prof. Dr. Carlos Artur Gallo (DESP \/ IFISP \/ UFPEL), e contou a com a participa\u00e7\u00e3o de estudantes de gradua\u00e7\u00e3o da Hist\u00f3ria, das Ci\u00eancias Sociais, do Direito, da Arqueologia entre outros cursos de Gradua\u00e7\u00e3o e P\u00f3s-Gradua\u00e7\u00e3o. Em 2020, participaram da coordena\u00e7\u00e3o do projeto a Profa. Dra. Ana Mar\u00eda Sosa Gonz\u00e1lez (Professora Visitante do PPG em Hist\u00f3ria \/ ICH \/ UFPEL) e a Profa. Dra. Lidiane Friderichs (Professora Substituta do Departamento de Hist\u00f3ria \/ ICH \/ UFPEL).<\/p>\n","protected":false},"excerpt":{"rendered":"<p>Em andamento 2022 &#8211; Atual | Grupo de Estudos sobre Justi\u00e7a de Transi\u00e7\u00e3o e Pol\u00edticas de Mem\u00f3ria Descri\u00e7\u00e3o: O Grupo de Estudos \u00e9 um projeto de ensino que, vinculado ao N\u00facleo de Pesquisa sobre Pol\u00edticas de Mem\u00f3ria (NUPPOME), pretende contribuir para a difus\u00e3o e discuss\u00e3o da Justi\u00e7a de Transi\u00e7\u00e3o (JT) e das Pol\u00edticas de Mem\u00f3ria [&hellip;]<\/p>\n","protected":false},"author":880,"featured_media":0,"parent":14,"menu_order":0,"comment_status":"closed","ping_status":"closed","template":"","meta":{"footnotes":""},"class_list":["post-192","page","type-page","status-publish","hentry"],"_links":{"self":[{"href":"https:\/\/wp.ufpel.edu.br\/nuppome\/wp-json\/wp\/v2\/pages\/192","targetHints":{"allow":["GET"]}}],"collection":[{"href":"https:\/\/wp.ufpel.edu.br\/nuppome\/wp-json\/wp\/v2\/pages"}],"about":[{"href":"https:\/\/wp.ufpel.edu.br\/nuppome\/wp-json\/wp\/v2\/types\/page"}],"author":[{"embeddable":true,"href":"https:\/\/wp.ufpel.edu.br\/nuppome\/wp-json\/wp\/v2\/users\/880"}],"replies":[{"embeddable":true,"href":"https:\/\/wp.ufpel.edu.br\/nuppome\/wp-json\/wp\/v2\/comments?post=192"}],"version-history":[{"count":10,"href":"https:\/\/wp.ufpel.edu.br\/nuppome\/wp-json\/wp\/v2\/pages\/192\/revisions"}],"predecessor-version":[{"id":1478,"href":"https:\/\/wp.ufpel.edu.br\/nuppome\/wp-json\/wp\/v2\/pages\/192\/revisions\/1478"}],"up":[{"embeddable":true,"href":"https:\/\/wp.ufpel.edu.br\/nuppome\/wp-json\/wp\/v2\/pages\/14"}],"wp:attachment":[{"href":"https:\/\/wp.ufpel.edu.br\/nuppome\/wp-json\/wp\/v2\/media?parent=192"}],"curies":[{"name":"wp","href":"https:\/\/api.w.org\/{rel}","templated":true}]}}

<p><strong>Em andamento</strong></p>
<p style="text-align: justify;"><strong>2022 &#8211; Atual | Grupo de Estudos sobre Justiça de Transição e Políticas de Memória</strong></p>
<p style="text-align: justify;">Descrição: O Grupo de Estudos é um projeto de ensino que, vinculado ao Núcleo de Pesquisa sobre Políticas de Memória (NUPPOME), pretende contribuir para a difusão e discussão da Justiça de Transição (JT) e das Políticas de Memória (PM) para estudantes de graduação à pós-graduação da Universidade Federal de Pelotas (UFPEL), possibilitando o estabelecimento de um espaço de discussão privilegiado sobre os temas que envolvem estes conceitos. A proposta se justifica na atual conjuntura, uma vez que as medidas associadas à JT são recorrentes e seguem sendo implementadas em países que enfrentaram regimes de exceção e/ou períodos de conflito político, evidenciando a necessidade da compreensão/reflexão sobre o tema para o fortalecimento da democracia. Considerando a interdisciplinaridade do tema, o público-alvo do Grupo de Estudos abrange estudantes das Ciências Sociais, História, Relações Internacionais, Direitos, entre outras.</p>
<p>Financiamento: Bolsa <span dir="ltr" role="presentation">PBA-ProjEnsino-AC / UFPEL</span> (2023), Bolsa <span dir="ltr" role="presentation">PBA-ProjEnsino-AF / UFPEL</span> (2024).</p>
<p>&nbsp;</p>
<p><strong>Encerrrados</strong></p>
<p style="text-align: justify;"><strong>2017 &#8211; 2020 | Grupo de Estudos sobre a Ditadura Brasileira (1964-1985)</strong></p>
<p style="text-align: justify;">Descrição: O &#8220;Grupo de Estudos sobre a ditadura brasileira (1964-1985)&#8221; busca constituir-se em um espaço de estudo, discussão e pesquisa acerca do período ditatorial inaugurado a partir do Golpe de 1964. Estão previstas atividades de leitura e discussão de textos acadêmicos que abordam diferentes análises sobre a ditadura no Brasil, tais como as explicações sobre o golpe, as características do período autoritário, as práticas de repressão e resistência, a transição para a democracia e seu impacto na atualidade.  Entre 2017 e 2019, o Grupo foi coordenado pela Profa. Dra. Alessandra Gasparotto (Departamento de História / ICH / UFPEL) e pelo Prof. Dr. Carlos Artur Gallo (DESP / IFISP / UFPEL), e contou a com a participação de estudantes de graduação da História, das Ciências Sociais, do Direito, da Arqueologia entre outros cursos de Graduação e Pós-Graduação. Em 2020, participaram da coordenação do projeto a Profa. Dra. Ana María Sosa González (Professora Visitante do PPG em História / ICH / UFPEL) e a Profa. Dra. Lidiane Friderichs (Professora Substituta do Departamento de História / ICH / UFPEL).</p>

<p>Em andamento 2022 &#8211; Atual | Grupo de Estudos sobre Justiça de Transição e Políticas de Memória Descrição: O Grupo de Estudos é um projeto de ensino que, vinculado ao Núcleo de Pesquisa sobre Políticas de Memória (NUPPOME), pretende contribuir para a difusão e discussão da Justiça de Transição (JT) e das Políticas de Memória [&hellip;]</p>
