{"id":2802,"date":"2024-04-22T11:13:35","date_gmt":"2024-04-22T14:13:35","guid":{"rendered":"https:\/\/wp.ufpel.edu.br\/nupeec\/?page_id=2802"},"modified":"2025-09-26T12:48:05","modified_gmt":"2025-09-26T15:48:05","slug":"laboratorio-de-inovacao-tecnologica","status":"publish","type":"page","link":"https:\/\/wp.ufpel.edu.br\/nupeec\/infraestrutura\/laboratorio-de-inovacao-tecnologica\/","title":{"rendered":"Laborat\u00f3rio de Inova\u00e7\u00e3o Tecnol\u00f3gica"},"content":{"rendered":"<p>O <strong>Laborat\u00f3rio de Inova\u00e7\u00e3o Tecnol\u00f3gica<\/strong> do NUPEEC HUB possui uma abordagem sobre o vi\u00e9s inovador das pesquisas desenvolvidas pelo grupo. Prop\u00f5e o desenvolvimento de produtos nos setores farmac\u00eautico veterin\u00e1rio e de nutri\u00e7\u00e3o animal. Ainda, permite a prospec\u00e7\u00e3o constante de ideias de novos produtos e inova\u00e7\u00e3o incremental para produtos j\u00e1 existentes. O laborat\u00f3rio conta com estrutura para desenvolvimento e testes in vitro e in vivo, al\u00e9m dos testes de efici\u00eancia e efic\u00e1cia. Como diferencial do laborat\u00f3rio, a proposta \u00e9 ser especializado no desenvolvimento de produtos pass\u00edveis da transfer\u00eancia de tecnologia para as ind\u00fastrias especializadas no ramo.<\/p>\n<ul>\n<li>Dentre os equipamentos que permitem a realiza\u00e7\u00e3o dos projetos temos:<\/li>\n<li>Leito fluidizado;<\/li>\n<li>Microsc\u00f3pio;<\/li>\n<li>Balan\u00e7as anal\u00edticas de precis\u00e3o;<\/li>\n<li>Centr\u00edfugas;<\/li>\n<li>Espectrofot\u00f4metro;<\/li>\n<li>Banho-maria;<\/li>\n<li>Banho-maria com agitador;<\/li>\n<li>Ultra Turrax;<\/li>\n<li>Desintegrador;<\/li>\n<li>Forno;<\/li>\n<li>Geladeira;<\/li>\n<li>Placa aquecedora;<\/li>\n<li>Agitador.<\/li>\n<\/ul>\n<p><!--nextpage--><\/p>\n<p><img loading=\"lazy\" decoding=\"async\" data-attachment-id=\"2672\" data-permalink=\"https:\/\/wp.ufpel.edu.br\/nupeec\/infraestrutura\/laboratorio-de-inovacao-tecnologica\/2-2\/\" data-orig-file=\"https:\/\/wp.ufpel.edu.br\/nupeec\/files\/2024\/03\/2.png\" data-orig-size=\"1080,1080\" data-comments-opened=\"0\" data-image-meta=\"{&quot;aperture&quot;:&quot;0&quot;,&quot;credit&quot;:&quot;&quot;,&quot;camera&quot;:&quot;&quot;,&quot;caption&quot;:&quot;&quot;,&quot;created_timestamp&quot;:&quot;0&quot;,&quot;copyright&quot;:&quot;&quot;,&quot;focal_length&quot;:&quot;0&quot;,&quot;iso&quot;:&quot;0&quot;,&quot;shutter_speed&quot;:&quot;0&quot;,&quot;title&quot;:&quot;&quot;,&quot;orientation&quot;:&quot;0&quot;}\" data-image-title=\"2\" data-image-description=\"\" data-image-caption=\"\" data-medium-file=\"https:\/\/wp.ufpel.edu.br\/nupeec\/files\/2024\/03\/2-400x400.png\" data-large-file=\"https:\/\/wp.ufpel.edu.br\/nupeec\/files\/2024\/03\/2-1024x1024.png\" class=\"aligncenter wp-image-2672 size-large\" src=\"https:\/\/wp.ufpel.edu.br\/nupeec\/files\/2024\/03\/2-1024x1024.png\" alt=\"\" width=\"616\" height=\"616\" srcset=\"https:\/\/wp.ufpel.edu.br\/nupeec\/files\/2024\/03\/2-1024x1024.png 1024w, https:\/\/wp.ufpel.edu.br\/nupeec\/files\/2024\/03\/2-400x400.png 400w, https:\/\/wp.ufpel.edu.br\/nupeec\/files\/2024\/03\/2-200x200.png 200w, https:\/\/wp.ufpel.edu.br\/nupeec\/files\/2024\/03\/2-768x768.png 768w, https:\/\/wp.ufpel.edu.br\/nupeec\/files\/2024\/03\/2.png 1080w\" sizes=\"auto, (max-width: 616px) 100vw, 616px\" \/><!--nextpage--><\/p>\n<p><img loading=\"lazy\" decoding=\"async\" data-attachment-id=\"2673\" data-permalink=\"https:\/\/wp.ufpel.edu.br\/nupeec\/infraestrutura\/laboratorio-de-inovacao-tecnologica\/3-2\/\" data-orig-file=\"https:\/\/wp.ufpel.edu.br\/nupeec\/files\/2024\/03\/3.png\" data-orig-size=\"1080,1080\" data-comments-opened=\"0\" data-image-meta=\"{&quot;aperture&quot;:&quot;0&quot;,&quot;credit&quot;:&quot;&quot;,&quot;camera&quot;:&quot;&quot;,&quot;caption&quot;:&quot;&quot;,&quot;created_timestamp&quot;:&quot;0&quot;,&quot;copyright&quot;:&quot;&quot;,&quot;focal_length&quot;:&quot;0&quot;,&quot;iso&quot;:&quot;0&quot;,&quot;shutter_speed&quot;:&quot;0&quot;,&quot;title&quot;:&quot;&quot;,&quot;orientation&quot;:&quot;0&quot;}\" data-image-title=\"3\" data-image-description=\"\" data-image-caption=\"\" data-medium-file=\"https:\/\/wp.ufpel.edu.br\/nupeec\/files\/2024\/03\/3-400x400.png\" data-large-file=\"https:\/\/wp.ufpel.edu.br\/nupeec\/files\/2024\/03\/3-1024x1024.png\" class=\"aligncenter wp-image-2673 size-large\" src=\"https:\/\/wp.ufpel.edu.br\/nupeec\/files\/2024\/03\/3-1024x1024.png\" alt=\"\" width=\"616\" height=\"616\" srcset=\"https:\/\/wp.ufpel.edu.br\/nupeec\/files\/2024\/03\/3-1024x1024.png 1024w, https:\/\/wp.ufpel.edu.br\/nupeec\/files\/2024\/03\/3-400x400.png 400w, https:\/\/wp.ufpel.edu.br\/nupeec\/files\/2024\/03\/3-200x200.png 200w, https:\/\/wp.ufpel.edu.br\/nupeec\/files\/2024\/03\/3-768x768.png 768w, https:\/\/wp.ufpel.edu.br\/nupeec\/files\/2024\/03\/3.png 1080w\" sizes=\"auto, (max-width: 616px) 100vw, 616px\" \/><\/p>\n<p><!--nextpage--><\/p>\n<p><img loading=\"lazy\" decoding=\"async\" data-attachment-id=\"2674\" data-permalink=\"https:\/\/wp.ufpel.edu.br\/nupeec\/infraestrutura\/laboratorio-de-inovacao-tecnologica\/4-2\/\" data-orig-file=\"https:\/\/wp.ufpel.edu.br\/nupeec\/files\/2024\/03\/4.png\" data-orig-size=\"1080,1080\" data-comments-opened=\"0\" data-image-meta=\"{&quot;aperture&quot;:&quot;0&quot;,&quot;credit&quot;:&quot;&quot;,&quot;camera&quot;:&quot;&quot;,&quot;caption&quot;:&quot;&quot;,&quot;created_timestamp&quot;:&quot;0&quot;,&quot;copyright&quot;:&quot;&quot;,&quot;focal_length&quot;:&quot;0&quot;,&quot;iso&quot;:&quot;0&quot;,&quot;shutter_speed&quot;:&quot;0&quot;,&quot;title&quot;:&quot;&quot;,&quot;orientation&quot;:&quot;0&quot;}\" data-image-title=\"4\" data-image-description=\"\" data-image-caption=\"\" data-medium-file=\"https:\/\/wp.ufpel.edu.br\/nupeec\/files\/2024\/03\/4-400x400.png\" data-large-file=\"https:\/\/wp.ufpel.edu.br\/nupeec\/files\/2024\/03\/4-1024x1024.png\" class=\"aligncenter wp-image-2674 size-large\" src=\"https:\/\/wp.ufpel.edu.br\/nupeec\/files\/2024\/03\/4-1024x1024.png\" alt=\"\" width=\"616\" height=\"616\" srcset=\"https:\/\/wp.ufpel.edu.br\/nupeec\/files\/2024\/03\/4-1024x1024.png 1024w, https:\/\/wp.ufpel.edu.br\/nupeec\/files\/2024\/03\/4-400x400.png 400w, https:\/\/wp.ufpel.edu.br\/nupeec\/files\/2024\/03\/4-200x200.png 200w, https:\/\/wp.ufpel.edu.br\/nupeec\/files\/2024\/03\/4-768x768.png 768w, https:\/\/wp.ufpel.edu.br\/nupeec\/files\/2024\/03\/4.png 1080w\" sizes=\"auto, (max-width: 616px) 100vw, 616px\" \/><\/p>\n<p><!--nextpage--><\/p>\n<p><img loading=\"lazy\" decoding=\"async\" data-attachment-id=\"2675\" data-permalink=\"https:\/\/wp.ufpel.edu.br\/nupeec\/infraestrutura\/laboratorio-de-inovacao-tecnologica\/5-2\/\" data-orig-file=\"https:\/\/wp.ufpel.edu.br\/nupeec\/files\/2024\/03\/5.png\" data-orig-size=\"1080,1080\" data-comments-opened=\"0\" data-image-meta=\"{&quot;aperture&quot;:&quot;0&quot;,&quot;credit&quot;:&quot;&quot;,&quot;camera&quot;:&quot;&quot;,&quot;caption&quot;:&quot;&quot;,&quot;created_timestamp&quot;:&quot;0&quot;,&quot;copyright&quot;:&quot;&quot;,&quot;focal_length&quot;:&quot;0&quot;,&quot;iso&quot;:&quot;0&quot;,&quot;shutter_speed&quot;:&quot;0&quot;,&quot;title&quot;:&quot;&quot;,&quot;orientation&quot;:&quot;0&quot;}\" data-image-title=\"5\" data-image-description=\"\" data-image-caption=\"\" data-medium-file=\"https:\/\/wp.ufpel.edu.br\/nupeec\/files\/2024\/03\/5-400x400.png\" data-large-file=\"https:\/\/wp.ufpel.edu.br\/nupeec\/files\/2024\/03\/5-1024x1024.png\" class=\"aligncenter wp-image-2675 size-large\" src=\"https:\/\/wp.ufpel.edu.br\/nupeec\/files\/2024\/03\/5-1024x1024.png\" alt=\"\" width=\"616\" height=\"616\" srcset=\"https:\/\/wp.ufpel.edu.br\/nupeec\/files\/2024\/03\/5-1024x1024.png 1024w, https:\/\/wp.ufpel.edu.br\/nupeec\/files\/2024\/03\/5-400x400.png 400w, https:\/\/wp.ufpel.edu.br\/nupeec\/files\/2024\/03\/5-200x200.png 200w, https:\/\/wp.ufpel.edu.br\/nupeec\/files\/2024\/03\/5-768x768.png 768w, https:\/\/wp.ufpel.edu.br\/nupeec\/files\/2024\/03\/5.png 1080w\" sizes=\"auto, (max-width: 616px) 100vw, 616px\" \/><\/p>\n","protected":false},"excerpt":{"rendered":"<p>O Laborat\u00f3rio de Inova\u00e7\u00e3o Tecnol\u00f3gica do NUPEEC HUB possui uma abordagem sobre o vi\u00e9s inovador das pesquisas desenvolvidas pelo grupo. Prop\u00f5e o desenvolvimento de produtos nos setores farmac\u00eautico veterin\u00e1rio e de nutri\u00e7\u00e3o animal. Ainda, permite a prospec\u00e7\u00e3o constante de ideias de novos produtos e inova\u00e7\u00e3o incremental para produtos j\u00e1 existentes. O laborat\u00f3rio conta com estrutura &hellip; <\/p>\n<p><a class=\"more-link btn\" href=\"https:\/\/wp.ufpel.edu.br\/nupeec\/infraestrutura\/laboratorio-de-inovacao-tecnologica\/\">Continue lendo<\/a><\/p>\n","protected":false},"author":813,"featured_media":0,"parent":2788,"menu_order":0,"comment_status":"closed","ping_status":"closed","template":"","meta":{"jetpack_post_was_ever_published":false,"footnotes":""},"class_list":["post-2802","page","type-page","status-publish","hentry","nodate","item-wrap"],"jetpack_sharing_enabled":true,"jetpack_shortlink":"https:\/\/wp.me\/P9mm00-Jc","jetpack_likes_enabled":true,"_links":{"self":[{"href":"https:\/\/wp.ufpel.edu.br\/nupeec\/wp-json\/wp\/v2\/pages\/2802","targetHints":{"allow":["GET"]}}],"collection":[{"href":"https:\/\/wp.ufpel.edu.br\/nupeec\/wp-json\/wp\/v2\/pages"}],"about":[{"href":"https:\/\/wp.ufpel.edu.br\/nupeec\/wp-json\/wp\/v2\/types\/page"}],"author":[{"embeddable":true,"href":"https:\/\/wp.ufpel.edu.br\/nupeec\/wp-json\/wp\/v2\/users\/813"}],"replies":[{"embeddable":true,"href":"https:\/\/wp.ufpel.edu.br\/nupeec\/wp-json\/wp\/v2\/comments?post=2802"}],"version-history":[{"count":3,"href":"https:\/\/wp.ufpel.edu.br\/nupeec\/wp-json\/wp\/v2\/pages\/2802\/revisions"}],"predecessor-version":[{"id":3730,"href":"https:\/\/wp.ufpel.edu.br\/nupeec\/wp-json\/wp\/v2\/pages\/2802\/revisions\/3730"}],"up":[{"embeddable":true,"href":"https:\/\/wp.ufpel.edu.br\/nupeec\/wp-json\/wp\/v2\/pages\/2788"}],"wp:attachment":[{"href":"https:\/\/wp.ufpel.edu.br\/nupeec\/wp-json\/wp\/v2\/media?parent=2802"}],"curies":[{"name":"wp","href":"https:\/\/api.w.org\/{rel}","templated":true}]}}