{"id":6154,"date":"2025-04-22T22:36:14","date_gmt":"2025-04-23T01:36:14","guid":{"rendered":"https:\/\/wp.ufpel.edu.br\/nuped\/?page_id=6154"},"modified":"2025-05-28T11:00:17","modified_gmt":"2025-05-28T14:00:17","slug":"clhd-edital-09-2025-coordenadoria-de-curso","status":"publish","type":"page","link":"https:\/\/wp.ufpel.edu.br\/nuped\/editais\/clhd-edital-09-2025-coordenadoria-de-curso\/","title":{"rendered":"CLHD &#8211; Edital 09\/2025 &#8211; Coordenadoria de Curso"},"content":{"rendered":"<p style=\"font-size: 10pt;\">A Universidade Federal de Pelotas (UFPel), por meio da Coordena\u00e7\u00e3o Institucional da Universidade Aberta do Brasil (UAB), torna p\u00fablico o <strong>Edital CLHD 09\/2025<\/strong>, que trata da sele\u00e7\u00e3o de bolsista para a fun\u00e7\u00e3o de <strong>Coordenador(a) de Curso do Curso de Licenciatura em Hist\u00f3ria a Dist\u00e2ncia (CLHD)<\/strong>.<\/p>\n<p style=\"font-size: 10pt;\">Este processo seletivo visa o provimento de <strong>1 vaga<\/strong> destinada a docentes com t\u00edtulo de doutorado, experi\u00eancia na \u00e1rea e v\u00ednculo com o colegiado do curso. A atua\u00e7\u00e3o prev\u00ea carga hor\u00e1ria de 20 horas semanais, com atividades presenciais e online, e bolsa no valor de <strong>R$ 2.000,00<\/strong>, conforme regulamento da CAPES.<\/p>\n<p style=\"font-size: 10pt;\">As inscri\u00e7\u00f5es estar\u00e3o abertas de <strong>22 de abril a 06 de maio de 2025<\/strong> e dever\u00e3o ser realizadas exclusivamente por meio digital, com envio da documenta\u00e7\u00e3o exigida conforme orienta\u00e7\u00f5es do edital.<\/p>\n<p style=\"font-size: 10pt;\">Para mais informa\u00e7\u00f5es, consulte os documentos da tabela abaixo.<\/p>\n<table style=\"border-collapse: unset; width: 100%;\" border=\"0\">\n<thead>\n<tr style=\"height: 22px; background-color: #cccccc;\">\n<td style=\"text-align: center; height: 24px;\" colspan=\"3\"><strong><span style=\"font-size: 10pt; font-family: arial, helvetica, sans-serif;\">ARQUIVOS<\/span><\/strong><\/td>\n<\/tr>\n<tr style=\"height: 16px; background-color: #cccccc;\">\n<td style=\"width: 60%; text-align: left; font-size: 10pt; font-family: arial, helvetica, sans-serif;\"><strong>Descri\u00e7\u00e3o<\/strong><\/td>\n<td style=\"width: 20%; text-align: center; font-size: 10pt; font-family: arial, helvetica, sans-serif;\"><strong>Data<\/strong><\/td>\n<td style=\"width: 20%; text-align: center; font-size: 10pt; font-family: arial, helvetica, sans-serif;\"><strong>Baixar<\/strong><\/td>\n<\/tr>\n<\/thead>\n<tbody>\n<tr style=\"height: 24px; background-color: #ffffff;\">\n<td style=\"height: 24px;\"><span style=\"font-size: 10pt; font-family: arial, helvetica, sans-serif;\"><a href=\"https:\/\/wp.ufpel.edu.br\/nuped\/files\/2025\/05\/Edital-CLHD-02-2025-Resultado-Final.pdf\">Resultado Final<\/a><\/span><\/td>\n<td style=\"height: 24px; text-align: center;\"><span style=\"font-size: 10pt; font-family: arial, helvetica, sans-serif;\">22\/04\/2025<\/span><\/td>\n<td style=\"height: 24px; text-align: center;\"><a href=\"https:\/\/wp.ufpel.edu.br\/nuped\/files\/2025\/05\/Edital-CLHD-02-2025-Resultado-Final.pdf\"><img class=\"alignnone size-full wp-image-5522\" src=\"https:\/\/wp.ufpel.edu.br\/nuped\/files\/2025\/02\/icon-download.png\" alt=\"\" width=\"18\" height=\"18\" \/><\/a><\/td>\n<\/tr>\n<tr style=\"height: 24px; background-color: #f1f1f1;\">\n<td style=\"height: 24px;\"><span style=\"font-size: 10pt; font-family: arial, helvetica, sans-serif;\"><a href=\"https:\/\/wp.ufpel.edu.br\/nuped\/files\/2025\/05\/Edital-CLHD-02-2025-Resultado-Parcial.pdf\">Resultado Parcial<\/a><\/span><\/td>\n<td style=\"height: 24px; text-align: center;\"><span style=\"font-size: 10pt; font-family: arial, helvetica, sans-serif;\">22\/04\/2025<\/span><\/td>\n<td style=\"height: 24px; text-align: center;\"><a href=\"https:\/\/wp.ufpel.edu.br\/nuped\/files\/2025\/05\/Edital-CLHD-02-2025-Resultado-Parcial.pdf\"><img class=\"alignnone size-full wp-image-5522\" src=\"https:\/\/wp.ufpel.edu.br\/nuped\/files\/2025\/02\/icon-download.png\" alt=\"\" width=\"18\" height=\"18\" \/><\/a><\/td>\n<\/tr>\n<tr style=\"height: 24px; background-color: #ffffff;\">\n<td style=\"height: 24px;\"><span style=\"font-size: 10pt; font-family: arial, helvetica, sans-serif;\"><a href=\"https:\/\/wp.ufpel.edu.br\/nuped\/files\/2025\/05\/Edital-CLHD-09-2025-Coordenadoria-de-Curso.pdf\">Homologa\u00e7\u00e3o das Inscri\u00e7\u00f5es\/a><\/span><\/td>\n<td style=\"height: 24px; text-align: center;\"><span style=\"font-size: 10pt; font-family: arial, helvetica, sans-serif;\">22\/04\/2025<\/span><\/td>\n<td style=\"height: 24px; text-align: center;\"><a href=\"https:\/\/wp.ufpel.edu.br\/nuped\/files\/2025\/05\/Edital-CLHD-09-2025-Coordenadoria-de-Curso.pdf\"><img class=\"alignnone size-full wp-image-5522\" src=\"https:\/\/wp.ufpel.edu.br\/nuped\/files\/2025\/02\/icon-download.png\" alt=\"\" width=\"18\" height=\"18\" \/><\/a><\/td>\n<\/tr>\n<tr style=\"height: 24px; background-color: #f1f1f1;\">\n<td style=\"height: 24px;\"><span style=\"font-size: 10pt; font-family: arial, helvetica, sans-serif;\"><a href=\"https:\/\/wp.ufpel.edu.br\/nuped\/files\/2025\/04\/Edital_COORDENADOR___09_2025_29_assinado__1_.pdf\">Edital n\u00ba. 09\/2025 &#8211; Abertura<\/a><\/span><\/td>\n<td style=\"height: 24px; text-align: center;\"><span style=\"font-size: 10pt; font-family: arial, helvetica, sans-serif;\">22\/04\/2025<\/span><\/td>\n<td style=\"height: 24px; text-align: center;\"><a href=\"https:\/\/wp.ufpel.edu.br\/nuped\/files\/2025\/04\/Edital_COORDENADOR___09_2025_29_assinado__1_.pdf\"><img class=\"alignnone size-full wp-image-5522\" src=\"https:\/\/wp.ufpel.edu.br\/nuped\/files\/2025\/02\/icon-download.png\" alt=\"\" width=\"18\" height=\"18\" \/><\/a><\/td>\n<\/tr>\n<\/tbody>\n<\/table>\n<p><\/p>\n","protected":false},"excerpt":{"rendered":"<p>A Universidade Federal de Pelotas (UFPel), por meio da Coordena\u00e7\u00e3o Institucional da Universidade Aberta do Brasil (UAB), torna p\u00fablico o Edital CLHD 09\/2025, que trata da sele\u00e7\u00e3o de bolsista para a fun\u00e7\u00e3o de Coordenador(a) de Curso do Curso de Licenciatura em Hist\u00f3ria a Dist\u00e2ncia (CLHD). Este processo seletivo visa o provimento de 1 vaga destinada [&hellip;]<\/p>\n","protected":false},"author":1308,"featured_media":0,"parent":5554,"menu_order":0,"comment_status":"closed","ping_status":"closed","template":"","meta":{"footnotes":""},"class_list":["post-6154","page","type-page","status-publish","hentry"],"_links":{"self":[{"href":"https:\/\/wp.ufpel.edu.br\/nuped\/wp-json\/wp\/v2\/pages\/6154","targetHints":{"allow":["GET"]}}],"collection":[{"href":"https:\/\/wp.ufpel.edu.br\/nuped\/wp-json\/wp\/v2\/pages"}],"about":[{"href":"https:\/\/wp.ufpel.edu.br\/nuped\/wp-json\/wp\/v2\/types\/page"}],"author":[{"embeddable":true,"href":"https:\/\/wp.ufpel.edu.br\/nuped\/wp-json\/wp\/v2\/users\/1308"}],"replies":[{"embeddable":true,"href":"https:\/\/wp.ufpel.edu.br\/nuped\/wp-json\/wp\/v2\/comments?post=6154"}],"version-history":[{"count":4,"href":"https:\/\/wp.ufpel.edu.br\/nuped\/wp-json\/wp\/v2\/pages\/6154\/revisions"}],"predecessor-version":[{"id":6236,"href":"https:\/\/wp.ufpel.edu.br\/nuped\/wp-json\/wp\/v2\/pages\/6154\/revisions\/6236"}],"up":[{"embeddable":true,"href":"https:\/\/wp.ufpel.edu.br\/nuped\/wp-json\/wp\/v2\/pages\/5554"}],"wp:attachment":[{"href":"https:\/\/wp.ufpel.edu.br\/nuped\/wp-json\/wp\/v2\/media?parent=6154"}],"curies":[{"name":"wp","href":"https:\/\/api.w.org\/{rel}","templated":true}]}}