{"id":5998,"date":"2025-03-24T09:48:44","date_gmt":"2025-03-24T12:48:44","guid":{"rendered":"https:\/\/wp.ufpel.edu.br\/nuped\/?page_id=5998"},"modified":"2025-03-24T10:09:14","modified_gmt":"2025-03-24T13:09:14","slug":"agenda-do-estudio-de-gravacao-sala-319","status":"publish","type":"page","link":"https:\/\/wp.ufpel.edu.br\/nuped\/agenda-do-estudio-de-gravacao-sala-319\/","title":{"rendered":"Agendamento do est\u00fadio de grava\u00e7\u00e3o &#8211; Sala 319"},"content":{"rendered":"<p>O Est\u00fadio de Grava\u00e7\u00e3o do NUPED, localizado na Sala 319 do campus Anglo da Universidade Federal de Pelotas (UFPel), est\u00e1 dispon\u00edvel para a produ\u00e7\u00e3o de materiais audiovisuais, como grava\u00e7\u00f5es de \u00e1udio e v\u00eddeo, podcasts, videoaulas e outros projetos.<\/p>\n<p>Para garantir a disponibilidade do est\u00fadio na data e hor\u00e1rio desejados, \u00e9 necess\u00e1rio realizar o agendamento atrav\u00e9s do sistema de tickets da UFPel, dispon\u00edvel no seguinte endere\u00e7o:<\/p>\n<p><a href=\"http:\/\/atendimento.ufpel.edu.br\"> atendimento.ufpel.edu.br<\/a><\/p>\n<p>Solicitamos que sejam enviadas no ticket as seguintes informa\u00e7\u00f5es:<\/p>\n<ul>\n<li data-sourcepos=\"12:5-12:34\">Nome completo do solicitante<\/li>\n<li data-sourcepos=\"13:5-13:26\">Unidade\/Departamento<\/li>\n<li data-sourcepos=\"14:5-14:34\">Telefone e e-mail de contato<\/li>\n<li data-sourcepos=\"15:5-15:46\">Data e hor\u00e1rio desejados para a grava\u00e7\u00e3o<\/li>\n<li data-sourcepos=\"16:5-16:34\">Dura\u00e7\u00e3o estimada da grava\u00e7\u00e3o<\/li>\n<li data-sourcepos=\"17:5-17:61\">Descri\u00e7\u00e3o do projeto (tipo de grava\u00e7\u00e3o, objetivo, etc.)<\/li>\n<li data-sourcepos=\"18:5-18:79\">Necessidades espec\u00edficas (equipamentos adicionais, suporte t\u00e9cnico, etc.)<\/li>\n<li data-sourcepos=\"19:5-19:74\">Informe que a sala a ser agendada \u00e9 a Sala 319 (Est\u00fadio de Grava\u00e7\u00e3o)<\/li>\n<\/ul>\n<p>A equipe respons\u00e1vel analisar\u00e1 sua solicita\u00e7\u00e3o e entrar\u00e1 em contato para confirmar o agendamento ou solicitar informa\u00e7\u00f5es adicionais, se necess\u00e1rio.<\/p>\n<p>Abaixo est\u00e1 dispon\u00edvel a agenda da sala 319:<\/p>\n<p><iframe style=\"border: 0;\" src=\"https:\/\/calendar.google.com\/calendar\/embed?src=c_fbfd1524dd7cf685c14d7513109a6fde999756cf9ced901096b9bcec5eabc3dd%40group.calendar.google.com&amp;ctz=America%2FSao_Paulo\" width=\"800\" height=\"600\" frameborder=\"0\" scrolling=\"no\"><\/iframe><\/p>\n<p>&nbsp;<\/p>\n","protected":false},"excerpt":{"rendered":"<p>O Est\u00fadio de Grava\u00e7\u00e3o do NUPED, localizado na Sala 319 do campus Anglo da Universidade Federal de Pelotas (UFPel), est\u00e1 dispon\u00edvel para a produ\u00e7\u00e3o de materiais audiovisuais, como grava\u00e7\u00f5es de \u00e1udio e v\u00eddeo, podcasts, videoaulas e outros projetos. Para garantir a disponibilidade do est\u00fadio na data e hor\u00e1rio desejados, \u00e9 necess\u00e1rio realizar o agendamento atrav\u00e9s [&hellip;]<\/p>\n","protected":false},"author":1309,"featured_media":0,"parent":0,"menu_order":0,"comment_status":"closed","ping_status":"closed","template":"","meta":{"footnotes":""},"class_list":["post-5998","page","type-page","status-publish","hentry"],"_links":{"self":[{"href":"https:\/\/wp.ufpel.edu.br\/nuped\/wp-json\/wp\/v2\/pages\/5998","targetHints":{"allow":["GET"]}}],"collection":[{"href":"https:\/\/wp.ufpel.edu.br\/nuped\/wp-json\/wp\/v2\/pages"}],"about":[{"href":"https:\/\/wp.ufpel.edu.br\/nuped\/wp-json\/wp\/v2\/types\/page"}],"author":[{"embeddable":true,"href":"https:\/\/wp.ufpel.edu.br\/nuped\/wp-json\/wp\/v2\/users\/1309"}],"replies":[{"embeddable":true,"href":"https:\/\/wp.ufpel.edu.br\/nuped\/wp-json\/wp\/v2\/comments?post=5998"}],"version-history":[{"count":5,"href":"https:\/\/wp.ufpel.edu.br\/nuped\/wp-json\/wp\/v2\/pages\/5998\/revisions"}],"predecessor-version":[{"id":6006,"href":"https:\/\/wp.ufpel.edu.br\/nuped\/wp-json\/wp\/v2\/pages\/5998\/revisions\/6006"}],"wp:attachment":[{"href":"https:\/\/wp.ufpel.edu.br\/nuped\/wp-json\/wp\/v2\/media?parent=5998"}],"curies":[{"name":"wp","href":"https:\/\/api.w.org\/{rel}","templated":true}]}}