{"id":5780,"date":"2025-02-24T09:40:03","date_gmt":"2025-02-24T12:40:03","guid":{"rendered":"https:\/\/wp.ufpel.edu.br\/nuped\/?page_id=5780"},"modified":"2025-02-28T09:57:37","modified_gmt":"2025-02-28T12:57:37","slug":"kit-docente","status":"publish","type":"page","link":"https:\/\/wp.ufpel.edu.br\/nuped\/kit-docente\/","title":{"rendered":"Kit Docente"},"content":{"rendered":"<p><span style=\"font-family: arial, helvetica, sans-serif; font-size: 10pt;\">O Kit Docente, elaborado e produzido pelo NUPED, \u00e9 uma colet\u00e2nea de materiais desenvolvidos para auxiliar professores na cria\u00e7\u00e3o de conte\u00fados pedag\u00f3gicos eficazes para ambientes digitais e EAD. Encontre guias pr\u00e1ticos, dicas e ferramentas para aprimorar suas videoaulas, podcasts e outros recursos online.<\/span><\/p>\n<hr \/>\n<table style=\"width: 100%; border-collapse: collapse;\" border=\"0\">\n<tbody>\n<tr>\n<td style=\"width: 23.7127%;\"><img class=\"wp-image-5786 aligncenter\" src=\"https:\/\/wp.ufpel.edu.br\/nuped\/files\/2025\/02\/Capa-Acessibilidade-V1-283x400.png\" alt=\"\" width=\"200\" height=\"283\" srcset=\"https:\/\/wp.ufpel.edu.br\/nuped\/files\/2025\/02\/Capa-Acessibilidade-V1-283x400.png 283w, https:\/\/wp.ufpel.edu.br\/nuped\/files\/2025\/02\/Capa-Acessibilidade-V1-725x1024.png 725w, https:\/\/wp.ufpel.edu.br\/nuped\/files\/2025\/02\/Capa-Acessibilidade-V1-768x1085.png 768w, https:\/\/wp.ufpel.edu.br\/nuped\/files\/2025\/02\/Capa-Acessibilidade-V1-1087x1536.png 1087w, https:\/\/wp.ufpel.edu.br\/nuped\/files\/2025\/02\/Capa-Acessibilidade-V1-1450x2048.png 1450w\" sizes=\"(max-width: 200px) 100vw, 200px\" \/><\/td>\n<td style=\"width: 76.2147%; vertical-align: top;\">\n<table style=\"width: 100%; border-collapse: collapse;\" border=\"0\">\n<tbody>\n<tr style=\"height: 50px;\">\n<td style=\"width: 100%; height: 50px;\"><span style=\"font-family: arial, helvetica, sans-serif; color: #3366ff;\"><strong><a style=\"color: #3366ff;\" href=\"https:\/\/drive.google.com\/file\/d\/1oA0QqmVyd3Ww4zXIx21Gm-saFF3GWQnw\/view?usp=sharing\"><span style=\"font-size: 10pt;\">MANUAL DE ACESSIBILIDADE<\/span><\/a><\/strong><\/span><br \/>\n<span style=\"color: #999999; font-size: 10pt; font-family: arial, helvetica, sans-serif;\">1<sup>o<\/sup> Edi\u00e7\u00e3o<\/span><\/td>\n<\/tr>\n<tr style=\"height: 48px;\">\n<td style=\"width: 100%; height: 48px;\"><span style=\"font-size: 10pt; font-family: arial, helvetica, sans-serif;\"><strong>Organizadores:<\/strong><\/span><br \/>\n<span style=\"font-size: 10pt; font-family: arial, helvetica, sans-serif;\">Christiano Martino Otero Avila, Rosaura Esp\u00edrito Santo da Silva, Carla Denize Ott Felcher, Larissa Medianeira Bolzan<\/span><\/td>\n<\/tr>\n<tr style=\"height: 48px;\">\n<td style=\"width: 100%; height: 48px;\"><span style=\"font-size: 10pt; font-family: arial, helvetica, sans-serif;\"><strong>Autores:<\/strong><\/span><br \/>\n<span style=\"font-size: 10pt; font-family: arial, helvetica, sans-serif;\">Larissa Medianeira Bolzan, Jer\u00f4nimo Medina Madruga, Rodrigo Padilha Silveira<br \/>\n<\/span><\/td>\n<\/tr>\n<tr style=\"height: 48px;\">\n<td style=\"width: 100%; height: 48px;\"><span style=\"font-size: 10pt; font-family: arial, helvetica, sans-serif;\"><strong>Design Instrucional:<\/strong><\/span><br \/>\n<span style=\"font-size: 10pt; font-family: arial, helvetica, sans-serif;\">Fabiane Belletti da Silva, Fatima de Oliveira<br \/>\n<\/span><\/td>\n<\/tr>\n<tr style=\"height: 48px;\">\n<td style=\"width: 100%; height: 48px;\"><span style=\"font-size: 10pt; font-family: arial, helvetica, sans-serif;\"><strong>Design Gr\u00e1fico:<\/strong><\/span><br \/>\n<span style=\"font-size: 10pt; font-family: arial, helvetica, sans-serif;\">Tobias Mulling, Fabiane Belleti da Silva<\/span><\/td>\n<\/tr>\n<tr style=\"height: 48px;\">\n<td style=\"width: 100%; height: 48px;\"><span style=\"font-size: 10pt; font-family: arial, helvetica, sans-serif;\"><strong>Revis\u00e3o Lingu\u00edstica:<\/strong><\/span><br \/>\n<span style=\"font-size: 10pt; font-family: arial, helvetica, sans-serif;\">Jael S\u00e2nera<\/span><\/td>\n<\/tr>\n<tr style=\"height: 24px;\">\n<td style=\"width: 100%; height: 24px;\"><span style=\"font-size: 10pt; font-family: arial, helvetica, sans-serif;\"><strong>\u00daltima Revis\u00e3o:<\/strong> 24 de Fevereiro de 2025<\/span><\/td>\n<\/tr>\n<tr style=\"height: 40px;\">\n<td style=\"width: 100%; text-align: left; vertical-align: middle; height: 40px;\"><span style=\"font-size: 8pt; font-family: arial, helvetica, sans-serif;\"><img class=\"size-full wp-image-2887 alignleft\" src=\"https:\/\/wp.ufpel.edu.br\/nuped\/files\/2023\/06\/file_download_icon_151366.png\" alt=\"\" width=\"24\" height=\"24\" \/><a href=\"https:\/\/wp.ufpel.edu.br\/nuped\/files\/2025\/02\/Manual-de-Producao-Acessibilidade-V1.pdf\">DOWNLOAD<\/a><\/span><\/td>\n<\/tr>\n<\/tbody>\n<\/table>\n<\/td>\n<\/tr>\n<\/tbody>\n<tbody>\n<tr>\n<td style=\"width: 23.7127%;\"><img class=\"aligncenter wp-image-5792\" src=\"https:\/\/wp.ufpel.edu.br\/nuped\/files\/2025\/02\/Capa-Videoaulas-V1-283x400.png\" alt=\"\" width=\"200\" height=\"283\" srcset=\"https:\/\/wp.ufpel.edu.br\/nuped\/files\/2025\/02\/Capa-Videoaulas-V1-283x400.png 283w, https:\/\/wp.ufpel.edu.br\/nuped\/files\/2025\/02\/Capa-Videoaulas-V1-725x1024.png 725w, https:\/\/wp.ufpel.edu.br\/nuped\/files\/2025\/02\/Capa-Videoaulas-V1-768x1085.png 768w, https:\/\/wp.ufpel.edu.br\/nuped\/files\/2025\/02\/Capa-Videoaulas-V1-1087x1536.png 1087w, https:\/\/wp.ufpel.edu.br\/nuped\/files\/2025\/02\/Capa-Videoaulas-V1-1450x2048.png 1450w\" sizes=\"(max-width: 200px) 100vw, 200px\" \/><\/td>\n<td style=\"width: 76.2147%; vertical-align: top;\">\n<table style=\"width: 100%; border-collapse: collapse;\" border=\"0\">\n<tbody>\n<tr style=\"height: 50px;\">\n<td style=\"width: 100%; height: 50px;\"><span style=\"font-family: arial, helvetica, sans-serif; color: #3366ff;\"><strong><a style=\"color: #3366ff;\" href=\"https:\/\/drive.google.com\/file\/d\/1GTW-BO5X7bZYEuqezfCwNT6QzzqdvHTP\/view?usp=sharing\"><span style=\"font-size: 10pt;\">MANUAL DE VIDEOAULAS<\/span><\/a><\/strong><\/span><br \/>\n<span style=\"color: #999999; font-size: 10pt; font-family: arial, helvetica, sans-serif;\">1<sup>o<\/sup> Edi\u00e7\u00e3o<\/span><\/td>\n<\/tr>\n<tr style=\"height: 48px;\">\n<td style=\"width: 100%; height: 48px;\"><span style=\"font-size: 10pt; font-family: arial, helvetica, sans-serif;\"><strong>Organizadores:<\/strong><\/span><br \/>\n<span style=\"font-size: 10pt; font-family: arial, helvetica, sans-serif;\">Christiano Martino Otero Avila, Rosaura Esp\u00edrito Santo da Silva, Carla Denize Ott Felcher, Larissa Medianeira Bolzan<\/span><\/td>\n<\/tr>\n<tr style=\"height: 48px;\">\n<td style=\"width: 100%; height: 48px;\"><span style=\"font-size: 10pt; font-family: arial, helvetica, sans-serif;\"><strong>Autores:<\/strong><\/span><br \/>\n<span style=\"font-size: 10pt; font-family: arial, helvetica, sans-serif;\">Larissa Medianeira Bolzan, Jer\u00f4nimo Medina Madruga, Rodrigo Padilha Silveira<br \/>\n<\/span><\/td>\n<\/tr>\n<tr style=\"height: 48px;\">\n<td style=\"width: 100%; height: 48px;\"><span style=\"font-size: 10pt; font-family: arial, helvetica, sans-serif;\"><strong>Design Instrucional:<\/strong><\/span><br \/>\n<span style=\"font-size: 10pt; font-family: arial, helvetica, sans-serif;\">Fabiane Belletti da Silva, Fatima de Oliveira<br \/>\n<\/span><\/td>\n<\/tr>\n<tr style=\"height: 48px;\">\n<td style=\"width: 100%; height: 48px;\"><span style=\"font-size: 10pt; font-family: arial, helvetica, sans-serif;\"><strong>Design Gr\u00e1fico:<\/strong><\/span><br \/>\n<span style=\"font-size: 10pt; font-family: arial, helvetica, sans-serif;\">Tobias Mulling, Fabiane Belleti da Silva<\/span><\/td>\n<\/tr>\n<tr style=\"height: 48px;\">\n<td style=\"width: 100%; height: 48px;\"><span style=\"font-size: 10pt; font-family: arial, helvetica, sans-serif;\"><strong>Revis\u00e3o Lingu\u00edstica:<\/strong><\/span><br \/>\n<span style=\"font-size: 10pt; font-family: arial, helvetica, sans-serif;\">Jael S\u00e2nera<\/span><\/td>\n<\/tr>\n<tr style=\"height: 24px;\">\n<td style=\"width: 100%; height: 24px;\"><span style=\"font-size: 10pt; font-family: arial, helvetica, sans-serif;\"><strong>\u00daltima Revis\u00e3o:<\/strong> 24 de Fevereiro de 2025<\/span><\/td>\n<\/tr>\n<tr style=\"height: 40px;\">\n<td style=\"width: 100%; text-align: left; vertical-align: middle; height: 40px;\"><span style=\"font-size: 8pt; font-family: arial, helvetica, sans-serif;\"><img class=\"size-full wp-image-2887 alignleft\" src=\"https:\/\/wp.ufpel.edu.br\/nuped\/files\/2023\/06\/file_download_icon_151366.png\" alt=\"\" width=\"24\" height=\"24\" \/><a href=\"https:\/\/wp.ufpel.edu.br\/nuped\/files\/2025\/02\/Manual-de-Producao-Acessibilidade-V1.pdf\">DOWNLOAD<\/a><\/span><\/td>\n<\/tr>\n<\/tbody>\n<\/table>\n<\/td>\n<\/tr>\n<\/tbody>\n<tbody>\n<tr>\n<td style=\"width: 23.7127%;\"><img class=\"wp-image-5790 aligncenter\" src=\"https:\/\/wp.ufpel.edu.br\/nuped\/files\/2025\/02\/Capa-Podcasts-V1-283x400.png\" alt=\"\" width=\"200\" height=\"283\" srcset=\"https:\/\/wp.ufpel.edu.br\/nuped\/files\/2025\/02\/Capa-Podcasts-V1-283x400.png 283w, https:\/\/wp.ufpel.edu.br\/nuped\/files\/2025\/02\/Capa-Podcasts-V1-725x1024.png 725w, https:\/\/wp.ufpel.edu.br\/nuped\/files\/2025\/02\/Capa-Podcasts-V1-768x1085.png 768w, https:\/\/wp.ufpel.edu.br\/nuped\/files\/2025\/02\/Capa-Podcasts-V1-1087x1536.png 1087w, https:\/\/wp.ufpel.edu.br\/nuped\/files\/2025\/02\/Capa-Podcasts-V1-1450x2048.png 1450w\" sizes=\"(max-width: 200px) 100vw, 200px\" \/><\/td>\n<td style=\"width: 76.2147%; vertical-align: top;\">\n<table style=\"width: 100%; border-collapse: collapse;\" border=\"0\">\n<tbody>\n<tr style=\"height: 50px;\">\n<td style=\"width: 100%; height: 50px;\"><span style=\"font-family: arial, helvetica, sans-serif; color: #3366ff;\"><strong><a style=\"color: #3366ff;\" href=\"https:\/\/drive.google.com\/file\/d\/1177Sxm3BVamEeOCtVrdIfRPi81DDXibz\/view?usp=sharing\"><span style=\"font-size: 10pt;\">MANUAL DE PODCAST<\/span><\/a><\/strong><\/span><br \/>\n<span style=\"color: #999999; font-size: 10pt; font-family: arial, helvetica, sans-serif;\">1<sup>o<\/sup> Edi\u00e7\u00e3o<\/span><\/td>\n<\/tr>\n<tr style=\"height: 48px;\">\n<td style=\"width: 100%; height: 48px;\"><span style=\"font-size: 10pt; font-family: arial, helvetica, sans-serif;\"><strong>Organizadores:<\/strong><\/span><br \/>\n<span style=\"font-size: 10pt; font-family: arial, helvetica, sans-serif;\">Christiano Martino Otero Avila, Rosaura Esp\u00edrito Santo da Silva, Carla Denize Ott Felcher, Larissa Medianeira Bolzan<\/span><\/td>\n<\/tr>\n<tr style=\"height: 48px;\">\n<td style=\"width: 100%; height: 48px;\"><span style=\"font-size: 10pt; font-family: arial, helvetica, sans-serif;\"><strong>Autores:<\/strong><\/span><br \/>\n<span style=\"font-size: 10pt; font-family: arial, helvetica, sans-serif;\">Larissa Medianeira Bolzan, Jer\u00f4nimo Medina Madruga, Rodrigo Padilha Silveira<br \/>\n<\/span><\/td>\n<\/tr>\n<tr style=\"height: 48px;\">\n<td style=\"width: 100%; height: 48px;\"><span style=\"font-size: 10pt; font-family: arial, helvetica, sans-serif;\"><strong>Design Instrucional:<\/strong><\/span><br \/>\n<span style=\"font-size: 10pt; font-family: arial, helvetica, sans-serif;\">Fabiane Belletti da Silva, Fatima de Oliveira<br \/>\n<\/span><\/td>\n<\/tr>\n<tr style=\"height: 48px;\">\n<td style=\"width: 100%; height: 48px;\"><span style=\"font-size: 10pt; font-family: arial, helvetica, sans-serif;\"><strong>Design Gr\u00e1fico:<\/strong><\/span><br \/>\n<span style=\"font-size: 10pt; font-family: arial, helvetica, sans-serif;\">Tobias Mulling, Fabiane Belleti da Silva<\/span><\/td>\n<\/tr>\n<tr style=\"height: 48px;\">\n<td style=\"width: 100%; height: 48px;\"><span style=\"font-size: 10pt; font-family: arial, helvetica, sans-serif;\"><strong>Revis\u00e3o Lingu\u00edstica:<\/strong><\/span><br \/>\n<span style=\"font-size: 10pt; font-family: arial, helvetica, sans-serif;\">Jael S\u00e2nera<\/span><\/td>\n<\/tr>\n<tr style=\"height: 24px;\">\n<td style=\"width: 100%; height: 24px;\"><span style=\"font-size: 10pt; font-family: arial, helvetica, sans-serif;\"><strong>\u00daltima Revis\u00e3o:<\/strong> 24 de Fevereiro de 2025<\/span><\/td>\n<\/tr>\n<tr style=\"height: 40px;\">\n<td style=\"width: 100%; text-align: left; vertical-align: middle; height: 40px;\"><span style=\"font-size: 8pt; font-family: arial, helvetica, sans-serif;\"><img class=\"size-full wp-image-2887 alignleft\" src=\"https:\/\/wp.ufpel.edu.br\/nuped\/files\/2023\/06\/file_download_icon_151366.png\" alt=\"\" width=\"24\" height=\"24\" \/><a href=\"https:\/\/wp.ufpel.edu.br\/nuped\/files\/2025\/02\/Manual-de-Producao-Acessibilidade-V1.pdf\">DOWNLOAD<\/a><\/span><\/td>\n<\/tr>\n<\/tbody>\n<\/table>\n<\/td>\n<\/tr>\n<\/tbody>\n<\/table>\n<hr \/>\n<p>&nbsp;<\/p>\n","protected":false},"excerpt":{"rendered":"<p>O Kit Docente, elaborado e produzido pelo NUPED, \u00e9 uma colet\u00e2nea de materiais desenvolvidos para auxiliar professores na cria\u00e7\u00e3o de conte\u00fados pedag\u00f3gicos eficazes para ambientes digitais e EAD. Encontre guias pr\u00e1ticos, dicas e ferramentas para aprimorar suas videoaulas, podcasts e outros recursos online. MANUAL DE ACESSIBILIDADE 1o Edi\u00e7\u00e3o Organizadores: Christiano Martino Otero Avila, Rosaura Esp\u00edrito [&hellip;]<\/p>\n","protected":false},"author":1309,"featured_media":0,"parent":0,"menu_order":0,"comment_status":"closed","ping_status":"closed","template":"","meta":{"footnotes":""},"class_list":["post-5780","page","type-page","status-publish","hentry"],"_links":{"self":[{"href":"https:\/\/wp.ufpel.edu.br\/nuped\/wp-json\/wp\/v2\/pages\/5780","targetHints":{"allow":["GET"]}}],"collection":[{"href":"https:\/\/wp.ufpel.edu.br\/nuped\/wp-json\/wp\/v2\/pages"}],"about":[{"href":"https:\/\/wp.ufpel.edu.br\/nuped\/wp-json\/wp\/v2\/types\/page"}],"author":[{"embeddable":true,"href":"https:\/\/wp.ufpel.edu.br\/nuped\/wp-json\/wp\/v2\/users\/1309"}],"replies":[{"embeddable":true,"href":"https:\/\/wp.ufpel.edu.br\/nuped\/wp-json\/wp\/v2\/comments?post=5780"}],"version-history":[{"count":9,"href":"https:\/\/wp.ufpel.edu.br\/nuped\/wp-json\/wp\/v2\/pages\/5780\/revisions"}],"predecessor-version":[{"id":5840,"href":"https:\/\/wp.ufpel.edu.br\/nuped\/wp-json\/wp\/v2\/pages\/5780\/revisions\/5840"}],"wp:attachment":[{"href":"https:\/\/wp.ufpel.edu.br\/nuped\/wp-json\/wp\/v2\/media?parent=5780"}],"curies":[{"name":"wp","href":"https:\/\/api.w.org\/{rel}","templated":true}]}}