{"id":50,"date":"2021-07-09T19:20:49","date_gmt":"2021-07-09T22:20:49","guid":{"rendered":"https:\/\/wp.ufpel.edu.br\/nuped\/?page_id=50"},"modified":"2021-07-09T19:20:49","modified_gmt":"2021-07-09T22:20:49","slug":"tutoriais","status":"publish","type":"page","link":"https:\/\/wp.ufpel.edu.br\/nuped\/tutoriais\/","title":{"rendered":"Tutoriais"},"content":{"rendered":"<p style=\"text-align: left\"><strong>NATE (para docentes) <\/strong>\u2193<\/p>\n<p><iframe title=\"1) e-AULA | Acesso ao e-AULA e atualiza\u00e7\u00e3o do perfil\" width=\"500\" height=\"281\" src=\"https:\/\/www.youtube.com\/embed\/YRINVY_pspk?list=PLaSZ-fRauv3Z5MqQWKKA72IeXJAh7ijkR\" frameborder=\"0\" allow=\"accelerometer; autoplay; clipboard-write; encrypted-media; gyroscope; picture-in-picture; web-share\" referrerpolicy=\"strict-origin-when-cross-origin\" allowfullscreen><\/iframe><\/p>\n<p style=\"text-align: left\"><strong>NATE (para estudantes) <\/strong>\u2193<\/p>\n<p><iframe title=\"1) e-AULA | Acesso ao e-AULA e atualiza\u00e7\u00e3o do perfil\" width=\"500\" height=\"281\" src=\"https:\/\/www.youtube.com\/embed\/YRINVY_pspk?list=PLaSZ-fRauv3Z5MqQWKKA72IeXJAh7ijkR\" frameborder=\"0\" allow=\"accelerometer; autoplay; clipboard-write; encrypted-media; gyroscope; picture-in-picture; web-share\" referrerpolicy=\"strict-origin-when-cross-origin\" allowfullscreen><\/iframe><\/p>\n<p>&nbsp;<\/p>\n<p style=\"text-align: left\"><strong>2\u00aa Edi\u00e7\u00e3o \u2013 Oficina de Monitores e Tutores <\/strong>\u2193<\/p>\n<p><iframe title=\"Oficina de Capacita\u00e7\u00e3o de Monitores e Tutores-UAB: Nate, seus princ\u00edpios, servi\u00e7os e Netiqueta\" width=\"500\" height=\"281\" src=\"https:\/\/www.youtube.com\/embed\/uYvl_itM9rw?list=PLaSZ-fRauv3aNcl_7hYQorGIvwiHbPKts\" frameborder=\"0\" allow=\"accelerometer; autoplay; clipboard-write; encrypted-media; gyroscope; picture-in-picture; web-share\" referrerpolicy=\"strict-origin-when-cross-origin\" allowfullscreen><\/iframe><\/p>\n<p style=\"text-align: left\"><strong>Integra\u00e7\u00f5es Cobalto x e-Aula <\/strong>\u2193<\/p>\n<p><iframe title=\"Atualiza\u00e7\u00f5es: integra\u00e7\u00e3o Cobalto x e AULA\" width=\"500\" height=\"281\" src=\"https:\/\/www.youtube.com\/embed\/xiwgYRgpMCc?list=PLaSZ-fRauv3ZHnU2aQZ0iVmEIXO80-bJp\" frameborder=\"0\" allow=\"accelerometer; autoplay; clipboard-write; encrypted-media; gyroscope; picture-in-picture; web-share\" referrerpolicy=\"strict-origin-when-cross-origin\" allowfullscreen><\/iframe><\/p>\n","protected":false},"excerpt":{"rendered":"<p>NATE (para docentes) \u2193 NATE (para estudantes) \u2193 &nbsp; 2\u00aa Edi\u00e7\u00e3o \u2013 Oficina de Monitores e Tutores \u2193 Integra\u00e7\u00f5es Cobalto x e-Aula \u2193<\/p>\n","protected":false},"author":1165,"featured_media":0,"parent":0,"menu_order":0,"comment_status":"closed","ping_status":"closed","template":"","meta":{"footnotes":""},"class_list":["post-50","page","type-page","status-publish","hentry"],"_links":{"self":[{"href":"https:\/\/wp.ufpel.edu.br\/nuped\/wp-json\/wp\/v2\/pages\/50","targetHints":{"allow":["GET"]}}],"collection":[{"href":"https:\/\/wp.ufpel.edu.br\/nuped\/wp-json\/wp\/v2\/pages"}],"about":[{"href":"https:\/\/wp.ufpel.edu.br\/nuped\/wp-json\/wp\/v2\/types\/page"}],"author":[{"embeddable":true,"href":"https:\/\/wp.ufpel.edu.br\/nuped\/wp-json\/wp\/v2\/users\/1165"}],"replies":[{"embeddable":true,"href":"https:\/\/wp.ufpel.edu.br\/nuped\/wp-json\/wp\/v2\/comments?post=50"}],"version-history":[{"count":0,"href":"https:\/\/wp.ufpel.edu.br\/nuped\/wp-json\/wp\/v2\/pages\/50\/revisions"}],"wp:attachment":[{"href":"https:\/\/wp.ufpel.edu.br\/nuped\/wp-json\/wp\/v2\/media?parent=50"}],"curies":[{"name":"wp","href":"https:\/\/api.w.org\/{rel}","templated":true}]}}