{"id":2869,"date":"2023-06-26T10:45:25","date_gmt":"2023-06-26T13:45:25","guid":{"rendered":"https:\/\/wp.ufpel.edu.br\/nuped\/?page_id=2869"},"modified":"2023-06-26T10:45:25","modified_gmt":"2023-06-26T13:45:25","slug":"relatos-de-praticas-exitosas-no-ensino-remoto","status":"publish","type":"page","link":"https:\/\/wp.ufpel.edu.br\/nuped\/relatos-de-praticas-exitosas-no-ensino-remoto\/","title":{"rendered":"RELATOS DE PR\u00c1TICAS EXITOSAS NO ENSINO REMOTO"},"content":{"rendered":"<p><a href=\"https:\/\/wp.ufpel.edu.br\/nuped\/files\/2023\/06\/E-book-RELATOS-DE-PRATICAS-EXITOSAS-NO-ENSINO-REM.pdf\"><img class=\"aligncenter wp-image-2856 size-medium\" src=\"https:\/\/wp.ufpel.edu.br\/nuped\/files\/2023\/06\/livro-capa-284x400.jpg\" alt=\"\" width=\"284\" height=\"400\" srcset=\"https:\/\/wp.ufpel.edu.br\/nuped\/files\/2023\/06\/livro-capa-284x400.jpg 284w, https:\/\/wp.ufpel.edu.br\/nuped\/files\/2023\/06\/livro-capa.jpg 636w\" sizes=\"(max-width: 284px) 100vw, 284px\" \/><\/a><\/p>\n<p><strong>O Livro RELATOS DE PR\u00c1TICAS EXITOSAS NO ENSINO REMOTO <\/strong>foi uma iniciativa do N\u00facleo de Pol\u00edticas de Educa\u00e7\u00e3o a Dist\u00e2ncia (NUPED), da UFPel, e teve a inten\u00e7\u00e3o de apresentar experi\u00eancias vivenciadas durante a imers\u00e3o no ensino remoto, identificando as possibilidades e limites trazidos pelo Ensino Remoto Emergencial (ERE) e suas implica\u00e7\u00f5es no retorno \u00e0 presencialidade. Assim, o presente livro \u00e9 um compilado de 21 experi\u00eancias exitosas acerca dos processos de ensino, de aprendizagem e de avalia\u00e7\u00e3o que se deram ao longo do ERE (2020-2022).<\/p>\n<p>Nosso compilado de experi\u00eancias exitosas est\u00e1 dividido em quatro se\u00e7\u00f5es, sendo elas: <strong>M\u00e9todos Inovadores de Ensino por meio de TIC, <\/strong>com 9 experi\u00eancias; <strong>Avalia\u00e7\u00e3o mediada por TIC, <\/strong>apresentando 4 viv\u00eancias; <strong>Produ\u00e7\u00e3o de Objetos Virtual de Aprendizagem, <\/strong>mostrando 6 novas possibilidades e, por fim, a se\u00e7\u00e3o <strong>Experi\u00eancias de resgate e de perman\u00eancia de estudantes<\/strong>, formada por 2 sens\u00edveis relatos.<\/p>\n<p>Venha acessar nosso e-book: <a href=\"https:\/\/wp.ufpel.edu.br\/nuped\/files\/2023\/07\/Livro-NUPED.pdf\">E-book RELATOS DE PR\u00c1TICAS EXITOSAS NO ENSINO REM<\/a><\/p>\n","protected":false},"excerpt":{"rendered":"<p>O Livro RELATOS DE PR\u00c1TICAS EXITOSAS NO ENSINO REMOTO foi uma iniciativa do N\u00facleo de Pol\u00edticas de Educa\u00e7\u00e3o a Dist\u00e2ncia (NUPED), da UFPel, e teve a inten\u00e7\u00e3o de apresentar experi\u00eancias vivenciadas durante a imers\u00e3o no ensino remoto, identificando as possibilidades e limites trazidos pelo Ensino Remoto Emergencial (ERE) e suas implica\u00e7\u00f5es no retorno \u00e0 presencialidade. [&hellip;]<\/p>\n","protected":false},"author":1165,"featured_media":0,"parent":0,"menu_order":0,"comment_status":"closed","ping_status":"closed","template":"","meta":{"footnotes":""},"class_list":["post-2869","page","type-page","status-publish","hentry"],"_links":{"self":[{"href":"https:\/\/wp.ufpel.edu.br\/nuped\/wp-json\/wp\/v2\/pages\/2869","targetHints":{"allow":["GET"]}}],"collection":[{"href":"https:\/\/wp.ufpel.edu.br\/nuped\/wp-json\/wp\/v2\/pages"}],"about":[{"href":"https:\/\/wp.ufpel.edu.br\/nuped\/wp-json\/wp\/v2\/types\/page"}],"author":[{"embeddable":true,"href":"https:\/\/wp.ufpel.edu.br\/nuped\/wp-json\/wp\/v2\/users\/1165"}],"replies":[{"embeddable":true,"href":"https:\/\/wp.ufpel.edu.br\/nuped\/wp-json\/wp\/v2\/comments?post=2869"}],"version-history":[{"count":0,"href":"https:\/\/wp.ufpel.edu.br\/nuped\/wp-json\/wp\/v2\/pages\/2869\/revisions"}],"wp:attachment":[{"href":"https:\/\/wp.ufpel.edu.br\/nuped\/wp-json\/wp\/v2\/media?parent=2869"}],"curies":[{"name":"wp","href":"https:\/\/api.w.org\/{rel}","templated":true}]}}