{"id":1964,"date":"2021-11-26T14:49:13","date_gmt":"2021-11-26T17:49:13","guid":{"rendered":"https:\/\/wp.ufpel.edu.br\/nuped\/?page_id=1964"},"modified":"2021-11-26T14:49:13","modified_gmt":"2021-11-26T17:49:13","slug":"arroio-dos-ratos","status":"publish","type":"page","link":"https:\/\/wp.ufpel.edu.br\/nuped\/arroio-dos-ratos\/","title":{"rendered":"Arroio dos Ratos"},"content":{"rendered":"<p style=\"text-align: center\">\n<!-- iframe plugin v.6.0 wordpress.org\/plugins\/iframe\/ -->\n<iframe width=\"100%\" align=\"center\" height=\"600\" src=\"https:\/\/www.google.com\/maps\/d\/u\/0\/embed?mid=1-sPWOCBoly1J2FMhfV8t4lcEQ5FrDu5R&#038;ll=-31.407966099999975%2C-53.870366800000006&#038;z=8\" scrolling=\"yes\" class=\"iframe-class\" frameborder=\"0\"><\/iframe>\n<\/p>\n<p style=\"text-align: justify\">O Polo UAB de Arroio dos Ratos \u00e9 um espa\u00e7o f\u00edsico mantido pelo munic\u00edpio, localizado na Avenida Jo\u00e3o Pereira da Silva, 550 &#8211; Centro, que oferece infra-estrutura f\u00edsica, tecnol\u00f3gica e pedag\u00f3gica, que atende uma m\u00e9dia de 195 alunos.<br \/>\nNo munic\u00edpio, atualmente, est\u00e3o sendo ofertados 2 cursos de Gradua\u00e7\u00e3o pela UFPEL- Espanhol e Filosofia, dois cursos de Gradua\u00e7\u00e3o pela UFRGS &#8211; Pedagogia e Ci\u00eancias Sociais e o Curso de Geografia, oferecido pela UNIPAMPA.<br \/>\nConta, tamb\u00e9m, com 02 turmas de Especializa\u00e7\u00e3o: 01 em Matem\u00e1tica-UNIPAMPA e 01 de Filosofia-UFPEL.<br \/>\nA Equipe do Polo \u00e9 coordenada pelo Professor Gilmar Teixeira, contando com 03 tutoras presenciais, 01 assistente \u00e0 doc\u00eancia, 01 secret\u00e1ria, 01 auxiliar de servi\u00e7os gerais e 01 estagi\u00e1rio.<\/p>\n<p style=\"text-align: left\"><strong>Cidade\/Estado:<\/strong> Arroio dos Ratos, Rio Grande do Sul, Brasil<br \/>\n<strong>Endere\u00e7o:<\/strong> Av. Jo\u00e3o Pereira da Silva, S\/N<br \/>\n<strong>Telefone:<\/strong> (51) 36563087<br \/>\n<strong>Email:<\/strong> polouabar.rs@gmail.com<br \/>\n<b>Coordenadora:<\/b><span style=\"font-weight: 400\"> Prof. Gilmar de Oliveira Teixeira<\/span><\/p>\n<p><b>Redes Sociais:<\/b> <a href=\"https:\/\/www.facebook.com\/polouabarroiodosratosrs36563087\/\">Facebook<\/a><\/p>\n<p style=\"text-align: left\"><a href=\"https:\/\/institucional.ufpel.edu.br\/busca\/?p=arroio+dos+ratos&amp;cursos=on\"><b>Veja os cursos e atividades da UFPel desenvolvidas na cidade de Arroio dos Ratos<\/b><\/a><\/p>\n\n\t\t<style type=\"text\/css\">\n\t\t\t#gallery-1 {\n\t\t\t\tmargin: auto;\n\t\t\t}\n\t\t\t#gallery-1 .gallery-item {\n\t\t\t\tfloat: left;\n\t\t\t\tmargin-top: 10px;\n\t\t\t\ttext-align: center;\n\t\t\t\twidth: 33%;\n\t\t\t}\n\t\t\t#gallery-1 img {\n\t\t\t\tborder: 2px solid #cfcfcf;\n\t\t\t}\n\t\t\t#gallery-1 .gallery-caption {\n\t\t\t\tmargin-left: 0;\n\t\t\t}\n\t\t\t\/* see gallery_shortcode() in wp-includes\/media.php *\/\n\t\t<\/style>\n\t\t<div id='gallery-1' class='gallery galleryid-1964 gallery-columns-3 gallery-size-medium'><dl class='gallery-item'>\n\t\t\t<dt class='gallery-icon landscape'>\n\t\t\t\t<img width=\"400\" height=\"206\" src=\"https:\/\/wp.ufpel.edu.br\/nuped\/files\/2022\/05\/Fachada-Gilmar-Oliveira-Teixeira-400x206.png\" class=\"attachment-medium size-medium\" alt=\"\" srcset=\"https:\/\/wp.ufpel.edu.br\/nuped\/files\/2022\/05\/Fachada-Gilmar-Oliveira-Teixeira-400x206.png 400w, https:\/\/wp.ufpel.edu.br\/nuped\/files\/2022\/05\/Fachada-Gilmar-Oliveira-Teixeira-1024x526.png 1024w, https:\/\/wp.ufpel.edu.br\/nuped\/files\/2022\/05\/Fachada-Gilmar-Oliveira-Teixeira-768x395.png 768w, https:\/\/wp.ufpel.edu.br\/nuped\/files\/2022\/05\/Fachada-Gilmar-Oliveira-Teixeira-1536x790.png 1536w, https:\/\/wp.ufpel.edu.br\/nuped\/files\/2022\/05\/Fachada-Gilmar-Oliveira-Teixeira-2048x1053.png 2048w\" sizes=\"(max-width: 400px) 100vw, 400px\" \/>\n\t\t\t<\/dt><\/dl><dl class='gallery-item'>\n\t\t\t<dt class='gallery-icon portrait'>\n\t\t\t\t<img width=\"313\" height=\"400\" src=\"https:\/\/wp.ufpel.edu.br\/nuped\/files\/2022\/05\/WhatsApp-Image-2022-04-19-at-14.57.14-2-Gilmar-Oliveira-Teixeira-313x400.jpeg\" class=\"attachment-medium size-medium\" alt=\"\" srcset=\"https:\/\/wp.ufpel.edu.br\/nuped\/files\/2022\/05\/WhatsApp-Image-2022-04-19-at-14.57.14-2-Gilmar-Oliveira-Teixeira-313x400.jpeg 313w, https:\/\/wp.ufpel.edu.br\/nuped\/files\/2022\/05\/WhatsApp-Image-2022-04-19-at-14.57.14-2-Gilmar-Oliveira-Teixeira-801x1024.jpeg 801w, https:\/\/wp.ufpel.edu.br\/nuped\/files\/2022\/05\/WhatsApp-Image-2022-04-19-at-14.57.14-2-Gilmar-Oliveira-Teixeira-768x982.jpeg 768w, https:\/\/wp.ufpel.edu.br\/nuped\/files\/2022\/05\/WhatsApp-Image-2022-04-19-at-14.57.14-2-Gilmar-Oliveira-Teixeira-1201x1536.jpeg 1201w, https:\/\/wp.ufpel.edu.br\/nuped\/files\/2022\/05\/WhatsApp-Image-2022-04-19-at-14.57.14-2-Gilmar-Oliveira-Teixeira.jpeg 1251w\" sizes=\"(max-width: 313px) 100vw, 313px\" \/>\n\t\t\t<\/dt><\/dl><dl class='gallery-item'>\n\t\t\t<dt class='gallery-icon portrait'>\n\t\t\t\t<img width=\"300\" height=\"400\" src=\"https:\/\/wp.ufpel.edu.br\/nuped\/files\/2022\/05\/WhatsApp-Image-2022-04-19-at-14.56.47-1-Gilmar-Oliveira-Teixeira-300x400.jpeg\" class=\"attachment-medium size-medium\" alt=\"\" srcset=\"https:\/\/wp.ufpel.edu.br\/nuped\/files\/2022\/05\/WhatsApp-Image-2022-04-19-at-14.56.47-1-Gilmar-Oliveira-Teixeira-300x400.jpeg 300w, https:\/\/wp.ufpel.edu.br\/nuped\/files\/2022\/05\/WhatsApp-Image-2022-04-19-at-14.56.47-1-Gilmar-Oliveira-Teixeira-769x1024.jpeg 769w, https:\/\/wp.ufpel.edu.br\/nuped\/files\/2022\/05\/WhatsApp-Image-2022-04-19-at-14.56.47-1-Gilmar-Oliveira-Teixeira-768x1023.jpeg 768w, https:\/\/wp.ufpel.edu.br\/nuped\/files\/2022\/05\/WhatsApp-Image-2022-04-19-at-14.56.47-1-Gilmar-Oliveira-Teixeira-1153x1536.jpeg 1153w, https:\/\/wp.ufpel.edu.br\/nuped\/files\/2022\/05\/WhatsApp-Image-2022-04-19-at-14.56.47-1-Gilmar-Oliveira-Teixeira.jpeg 1201w\" sizes=\"(max-width: 300px) 100vw, 300px\" \/>\n\t\t\t<\/dt><\/dl><br style=\"clear: both\" \/>\n\t\t<\/div>\n\n<p>&nbsp;<\/p>\n","protected":false},"excerpt":{"rendered":"<p>O Polo UAB de Arroio dos Ratos \u00e9 um espa\u00e7o f\u00edsico mantido pelo munic\u00edpio, localizado na Avenida Jo\u00e3o Pereira da Silva, 550 &#8211; Centro, que oferece infra-estrutura f\u00edsica, tecnol\u00f3gica e pedag\u00f3gica, que atende uma m\u00e9dia de 195 alunos. No munic\u00edpio, atualmente, est\u00e3o sendo ofertados 2 cursos de Gradua\u00e7\u00e3o pela UFPEL- Espanhol e Filosofia, dois cursos [&hellip;]<\/p>\n","protected":false},"author":1165,"featured_media":0,"parent":0,"menu_order":0,"comment_status":"closed","ping_status":"closed","template":"","meta":{"footnotes":""},"class_list":["post-1964","page","type-page","status-publish","hentry"],"_links":{"self":[{"href":"https:\/\/wp.ufpel.edu.br\/nuped\/wp-json\/wp\/v2\/pages\/1964","targetHints":{"allow":["GET"]}}],"collection":[{"href":"https:\/\/wp.ufpel.edu.br\/nuped\/wp-json\/wp\/v2\/pages"}],"about":[{"href":"https:\/\/wp.ufpel.edu.br\/nuped\/wp-json\/wp\/v2\/types\/page"}],"author":[{"embeddable":true,"href":"https:\/\/wp.ufpel.edu.br\/nuped\/wp-json\/wp\/v2\/users\/1165"}],"replies":[{"embeddable":true,"href":"https:\/\/wp.ufpel.edu.br\/nuped\/wp-json\/wp\/v2\/comments?post=1964"}],"version-history":[{"count":0,"href":"https:\/\/wp.ufpel.edu.br\/nuped\/wp-json\/wp\/v2\/pages\/1964\/revisions"}],"wp:attachment":[{"href":"https:\/\/wp.ufpel.edu.br\/nuped\/wp-json\/wp\/v2\/media?parent=1964"}],"curies":[{"name":"wp","href":"https:\/\/api.w.org\/{rel}","templated":true}]}}