{"id":17,"date":"2021-07-09T19:17:47","date_gmt":"2021-07-09T22:17:47","guid":{"rendered":"https:\/\/wp.ufpel.edu.br\/nuped\/?page_id=17"},"modified":"2021-07-09T19:17:47","modified_gmt":"2021-07-09T22:17:47","slug":"principios-e-servicos-do-nuped","status":"publish","type":"page","link":"https:\/\/wp.ufpel.edu.br\/nuped\/principios-e-servicos-do-nuped\/","title":{"rendered":"Princ\u00edpios e Servi\u00e7os do NUPED"},"content":{"rendered":"<p>Primeiro veio \u00e0 necessidade de fortalecer a conex\u00e3o entre docentes e acad\u00eamicos, ent\u00e3o distantes e sem o contato da sala de aula. Depois capacitar todos no uso das plataformas e ferramentas digitais. A tarefa foi encontrar formas de romper barreiras e encurtar dist\u00e2ncias no processo de constru\u00e7\u00e3o do conhecimento cient\u00edfico e ensino-aprendizagem.<\/p>\n<p>Logo o NUPED soube quais os princ\u00edpios a serem seguido:<\/p>\n<p>1.ACOLHIMENTO E CUIDADO<br \/>\n2.INTERATIVIDADE E COOPERA\u00c7\u00c3O<br \/>\n3.APRENDIZAGEM SIGNIFICATIVA<br \/>\n4.REUSO DE CONTE\u00daDOS<br \/>\n5.AUTONOMIA<br \/>\n6.CRIATIVIDADE<\/p>\n<p>Mal despontava o fim do primeiro semestre \u2014 em modalidade remota, no calend\u00e1rio emergencial \u2014 e j\u00e1 come\u00e7avam a surgir os primeiros resultados, que n\u00e3o pararam mais:<\/p>\n<p><img class=\"\" src=\"https:\/\/wp.ufpel.edu.br\/nuped\/files\/2021\/08\/WhatsApp-Image-2021-08-28-at-09.34.52-400x195.jpeg\" width=\"956\" height=\"466\" \/><\/p>\n<p>Na imagem uma parte dos conte\u00fados produzidos pelo NUPED<\/p>\n<p>Um feito que merece ser explicado \u00e9 aquele que carregava a cara do NUPED. O logotipo, feito a diversas m\u00e3os, passou por uma discuss\u00e3o de toda a equipe e no fim conseguiu ilustrar e prenunciar a que veio este n\u00facleo<\/p>\n<p>O Logo do NUPED descreveu sua busca: a colabora\u00e7\u00e3o; a interatividade entre os espa\u00e7os digitais acad\u00eamicos; a contribui\u00e7\u00e3o das ferramentas digitais nos processos de ensino-aprendizagem e suas possibilidades de uso na valoriza\u00e7\u00e3o dos seres humanos que fazem parte e d\u00e3o sentido a tudo isto.<\/p>\n<p>Al\u00e9m de materiais foram feitas in\u00fameras reuni\u00f5es atrav\u00e9s do sistema de Webconf, Lives e oferecidos diversos cursos, oficinas e atendimentos:<\/p>\n<p><img class=\"\" src=\"https:\/\/wp.ufpel.edu.br\/nuped\/files\/2021\/08\/WhatsApp-Image-2021-08-28-at-09.36.40-400x195.jpeg\" width=\"880\" height=\"429\" \/><\/p>\n<p>Na imagem uma amostra de espa\u00e7os e atividades propostos e executados pelo NUPED.<\/p>\n<p>Ficamos sem aquele contato presencial, mas isso nunca comprometeu drasticamente o contato humano foram horas e mais horas de reuni\u00f5es, lives, atendimentos, cursos, conversas pelo Whatsapp.<\/p>\n","protected":false},"excerpt":{"rendered":"<p>Primeiro veio \u00e0 necessidade de fortalecer a conex\u00e3o entre docentes e acad\u00eamicos, ent\u00e3o distantes e sem o contato da sala de aula. Depois capacitar todos no uso das plataformas e ferramentas digitais. A tarefa foi encontrar formas de romper barreiras e encurtar dist\u00e2ncias no processo de constru\u00e7\u00e3o do conhecimento cient\u00edfico e ensino-aprendizagem. Logo o NUPED [&hellip;]<\/p>\n","protected":false},"author":1165,"featured_media":0,"parent":0,"menu_order":0,"comment_status":"closed","ping_status":"closed","template":"","meta":{"footnotes":""},"class_list":["post-17","page","type-page","status-publish","hentry"],"_links":{"self":[{"href":"https:\/\/wp.ufpel.edu.br\/nuped\/wp-json\/wp\/v2\/pages\/17","targetHints":{"allow":["GET"]}}],"collection":[{"href":"https:\/\/wp.ufpel.edu.br\/nuped\/wp-json\/wp\/v2\/pages"}],"about":[{"href":"https:\/\/wp.ufpel.edu.br\/nuped\/wp-json\/wp\/v2\/types\/page"}],"author":[{"embeddable":true,"href":"https:\/\/wp.ufpel.edu.br\/nuped\/wp-json\/wp\/v2\/users\/1165"}],"replies":[{"embeddable":true,"href":"https:\/\/wp.ufpel.edu.br\/nuped\/wp-json\/wp\/v2\/comments?post=17"}],"version-history":[{"count":0,"href":"https:\/\/wp.ufpel.edu.br\/nuped\/wp-json\/wp\/v2\/pages\/17\/revisions"}],"wp:attachment":[{"href":"https:\/\/wp.ufpel.edu.br\/nuped\/wp-json\/wp\/v2\/media?parent=17"}],"curies":[{"name":"wp","href":"https:\/\/api.w.org\/{rel}","templated":true}]}}