{"id":1619,"date":"2021-08-20T11:01:00","date_gmt":"2021-08-20T14:01:00","guid":{"rendered":"https:\/\/wp.ufpel.edu.br\/nuped\/?page_id=1619"},"modified":"2021-08-20T11:01:00","modified_gmt":"2021-08-20T14:01:00","slug":"cursos","status":"publish","type":"page","link":"https:\/\/wp.ufpel.edu.br\/nuped\/uab\/cursos\/","title":{"rendered":"Cursos"},"content":{"rendered":"<h1><span style=\"color: #000080\">Gradua\u00e7\u00e3o<\/span><\/h1>\n<p><span style=\"color: #000080\"><strong>Letras \u2013 Espanhol<\/strong><\/span><br \/>\nE-mail: javier.ufpel@gmail.com<br \/>\n<a href=\"https:\/\/wp.ufpel.edu.br\/espanholead\/\">https:\/\/wp.ufpel.edu.br\/espanholead\/<\/a><\/p>\n<p><span style=\"color: #000080\"><strong>Filosofia \u2013 Licenciatura<\/strong><\/span><br \/>\nE-mail: flaviafilosofiaufpel@gmail.com<br \/>\n<a href=\"https:\/\/wp.ufpel.edu.br\/filosofiaead\/\">https:\/\/wp.ufpel.edu.br\/filosofiaead\/<\/a><\/p>\n<p><span style=\"color: #000080\"><strong>Matem\u00e1tica \u2013 Licenciatura<\/strong><\/span><br \/>\nE-mail: silviaclmd@gmail.com<br \/>\n<a href=\"https:\/\/wp.ufpel.edu.br\/clmd\/\">https:\/\/wp.ufpel.edu.br\/clmd\/<\/a><\/p>\n<p><span style=\"color: #000080\"><strong>Hist\u00f3ria \u2013 Licenciatura<\/strong><\/span><br \/>\nE-mail: borgescerrado@yahoo.com.br<br \/>\n<a href=\"https:\/\/wp.ufpel.edu.br\/clhd\/\">https:\/\/wp.ufpel.edu.br\/clhd\/<\/a><\/p>\n<p>&nbsp;<\/p>\n<hr \/>\n<h1><span style=\"color: #000080\"><strong>Especializa\u00e7\u00e3o<\/strong><\/span><\/h1>\n<p><span style=\"color: #000080\"><strong>Ensino de Filosofia<\/strong><\/span><br \/>\nE-mail: juliano.ufpel@gmail.com<br \/>\n<a href=\"https:\/\/wp.ufpel.edu.br\/ed\/\">https:\/\/wp.ufpel.edu.br\/ed\/<\/a><\/p>\n<p><span style=\"color: #000080\"><strong>Educa\u00e7\u00e3o F\u00edsica Escolar<\/strong><\/span><br \/>\nE-mail: lfcveronez@gmail.com<br \/>\n<a href=\"https:\/\/wp.ufpel.edu.br\/esef\/especializacao-ead\/\">https:\/\/wp.ufpel.edu.br\/esef\/especializacao-ead\/<\/a><\/p>\n<p><span style=\"color: #000080\"><strong>Artes<\/strong><\/span><br \/>\nE-mail: arteseadufpel@gmail.com<br \/>\n<a href=\"https:\/\/wp.ufpel.edu.br\/artesead\/\">https:\/\/wp.ufpel.edu.br\/artesead\/<\/a><\/p>\n","protected":false},"excerpt":{"rendered":"<p>Gradua\u00e7\u00e3o Letras \u2013 Espanhol E-mail: javier.ufpel@gmail.com https:\/\/wp.ufpel.edu.br\/espanholead\/ Filosofia \u2013 Licenciatura E-mail: flaviafilosofiaufpel@gmail.com https:\/\/wp.ufpel.edu.br\/filosofiaead\/ Matem\u00e1tica \u2013 Licenciatura E-mail: silviaclmd@gmail.com https:\/\/wp.ufpel.edu.br\/clmd\/ Hist\u00f3ria \u2013 Licenciatura E-mail: borgescerrado@yahoo.com.br https:\/\/wp.ufpel.edu.br\/clhd\/ &nbsp; Especializa\u00e7\u00e3o Ensino de Filosofia E-mail: juliano.ufpel@gmail.com https:\/\/wp.ufpel.edu.br\/ed\/ Educa\u00e7\u00e3o F\u00edsica Escolar E-mail: lfcveronez@gmail.com https:\/\/wp.ufpel.edu.br\/esef\/especializacao-ead\/ Artes E-mail: arteseadufpel@gmail.com https:\/\/wp.ufpel.edu.br\/artesead\/<\/p>\n","protected":false},"author":1165,"featured_media":0,"parent":1531,"menu_order":0,"comment_status":"closed","ping_status":"closed","template":"","meta":{"footnotes":""},"class_list":["post-1619","page","type-page","status-publish","hentry"],"_links":{"self":[{"href":"https:\/\/wp.ufpel.edu.br\/nuped\/wp-json\/wp\/v2\/pages\/1619","targetHints":{"allow":["GET"]}}],"collection":[{"href":"https:\/\/wp.ufpel.edu.br\/nuped\/wp-json\/wp\/v2\/pages"}],"about":[{"href":"https:\/\/wp.ufpel.edu.br\/nuped\/wp-json\/wp\/v2\/types\/page"}],"author":[{"embeddable":true,"href":"https:\/\/wp.ufpel.edu.br\/nuped\/wp-json\/wp\/v2\/users\/1165"}],"replies":[{"embeddable":true,"href":"https:\/\/wp.ufpel.edu.br\/nuped\/wp-json\/wp\/v2\/comments?post=1619"}],"version-history":[{"count":0,"href":"https:\/\/wp.ufpel.edu.br\/nuped\/wp-json\/wp\/v2\/pages\/1619\/revisions"}],"up":[{"embeddable":true,"href":"https:\/\/wp.ufpel.edu.br\/nuped\/wp-json\/wp\/v2\/pages\/1531"}],"wp:attachment":[{"href":"https:\/\/wp.ufpel.edu.br\/nuped\/wp-json\/wp\/v2\/media?parent=1619"}],"curies":[{"name":"wp","href":"https:\/\/api.w.org\/{rel}","templated":true}]}}