{"id":2,"date":"2020-11-13T10:54:47","date_gmt":"2020-11-13T13:54:47","guid":{"rendered":"https:\/\/wp.ufpel.edu.br\/nupecibio\/?page_id=2"},"modified":"2020-12-10T12:05:38","modified_gmt":"2020-12-10T15:05:38","slug":"pagina-exemplo","status":"publish","type":"page","link":"https:\/\/wp.ufpel.edu.br\/nupecibio\/pagina-exemplo\/","title":{"rendered":""},"content":{"rendered":"\r\n<h1><strong>LENCIBIO<\/strong><\/h1>\r\n<p style=\"text-align: justify\">No Laborat\u00f3rio de Ensino de Ci\u00eancias e Biologia (LENCIBIO), do Instituto de Biologia atuam professores da \u00e1rea de ensino dos departamentos de Microbiologia e Parasitologia (DMP) e Bot\u00e2nica (DB) e tem como objetivo qualificar a forma\u00e7\u00e3o inicial e continuada de professores de Ci\u00eancias e Biologia e consequentemente a pr\u00e1tica pedag\u00f3gica na Educa\u00e7\u00e3o B\u00e1sica e Superior. Para tal, desenvolve a\u00e7\u00f5es de Ensino, Pesquisa e Extens\u00e3o nas tem\u00e1ticas relacionadas a Educa\u00e7\u00e3o, Ensino de Ci\u00eancias e Biologia, Forma\u00e7\u00e3o de Professores, Recursos Did\u00e1ticos, Educa\u00e7\u00e3o Inclusiva, entre outras emergentes, produzindo conhecimentos e pr\u00e1ticas que visam qualificar a<br \/>educa\u00e7\u00e3o e a forma\u00e7\u00e3o de professores em todos os n\u00edveis e modalidades.<br \/>Conta, em sua estrutura, com cinco n\u00facleos de pesquisa: N\u00facleo de Pesquisa em Forma\u00e7\u00e3o de Professores, N\u00facleo de Pesquisa em Recursos Did\u00e1ticos, N\u00facleo de Pesquisa em Ensino de Ci\u00eancias e Biologia, N\u00facleo de Pesquisa em Cogni\u00e7\u00e3o e Aprendizagem e N\u00facleo Interinstitucional Minuano de Estudos e Pesquisa em Inclus\u00e3o e Diversidade \u2013 GIMEPID<\/p>\r\n","protected":false},"excerpt":{"rendered":"<p>LENCIBIO No Laborat\u00f3rio de Ensino de Ci\u00eancias e Biologia (LENCIBIO), do Instituto de Biologia atuam professores da \u00e1rea de ensino dos departamentos de Microbiologia e Parasitologia (DMP) e Bot\u00e2nica (DB) e tem como objetivo qualificar a forma\u00e7\u00e3o inicial e continuada &hellip; <a href=\"https:\/\/wp.ufpel.edu.br\/nupecibio\/pagina-exemplo\/\">Continue lendo <span class=\"meta-nav\">&rarr;<\/span><\/a><\/p>\n","protected":false},"author":1101,"featured_media":0,"parent":0,"menu_order":0,"comment_status":"closed","ping_status":"closed","template":"","meta":{"footnotes":""},"class_list":["post-2","page","type-page","status-publish","hentry"],"_links":{"self":[{"href":"https:\/\/wp.ufpel.edu.br\/nupecibio\/wp-json\/wp\/v2\/pages\/2","targetHints":{"allow":["GET"]}}],"collection":[{"href":"https:\/\/wp.ufpel.edu.br\/nupecibio\/wp-json\/wp\/v2\/pages"}],"about":[{"href":"https:\/\/wp.ufpel.edu.br\/nupecibio\/wp-json\/wp\/v2\/types\/page"}],"author":[{"embeddable":true,"href":"https:\/\/wp.ufpel.edu.br\/nupecibio\/wp-json\/wp\/v2\/users\/1101"}],"replies":[{"embeddable":true,"href":"https:\/\/wp.ufpel.edu.br\/nupecibio\/wp-json\/wp\/v2\/comments?post=2"}],"version-history":[{"count":2,"href":"https:\/\/wp.ufpel.edu.br\/nupecibio\/wp-json\/wp\/v2\/pages\/2\/revisions"}],"predecessor-version":[{"id":85,"href":"https:\/\/wp.ufpel.edu.br\/nupecibio\/wp-json\/wp\/v2\/pages\/2\/revisions\/85"}],"wp:attachment":[{"href":"https:\/\/wp.ufpel.edu.br\/nupecibio\/wp-json\/wp\/v2\/media?parent=2"}],"curies":[{"name":"wp","href":"https:\/\/api.w.org\/{rel}","templated":true}]}}