{"id":14,"date":"2020-11-18T20:13:32","date_gmt":"2020-11-18T23:13:32","guid":{"rendered":"https:\/\/wp.ufpel.edu.br\/nupecibio\/?page_id=14"},"modified":"2020-12-10T11:41:50","modified_gmt":"2020-12-10T14:41:50","slug":"ensino","status":"publish","type":"page","link":"https:\/\/wp.ufpel.edu.br\/nupecibio\/ensino\/","title":{"rendered":"Ensino"},"content":{"rendered":"<p style=\"text-align: justify\"><strong>Projetos de Ensino:<\/strong><br \/>\n<strong>Recursos Did\u00e1ticos para o Ensino de Ci\u00eancias e Biologia<\/strong><br \/>\nEste projeto est\u00e1 vinculado \u00e0 disciplina de Did\u00e1tica do Ensino de Biologia II, objetivando a constru\u00e7\u00e3o e aplica\u00e7\u00e3o de metodologias, estrat\u00e9gias e recursos did\u00e1ticos inovadores e que\u00a0 promovam o protagonismo docente. Seu objetivo \u00e9 oportunizar aos alunos licenciandos, da disciplina de Did\u00e1tica do Ensino de biologia II, viv\u00eancias em estrat\u00e9gias e recursos did\u00e1ticos inovadores, tanto no estudo e constru\u00e7\u00e3o destes, quanto na aplica\u00e7\u00e3o, registro e an\u00e1lise de resultados. Al\u00e9m disso, apresenta como objetivo compreender os processos de ensinoaprendizagem nas diferentes \u00e1reas da Biologia; Organizar planejamento pedag\u00f3gico para desenvolvimento de unidades e projetos de ensino; Desenvolver estrat\u00e9gias e recursos did\u00e1ticos para o ensino, nas diferentes \u00e1reas da Biologia; Produzir jogos did\u00e1ticos, recursos adaptados, tecnologias de informa\u00e7\u00e3o e comunica\u00e7\u00e3o, entre outros; Vivenciar a aplica\u00e7\u00e3o de estrat\u00e9gias e<br \/>\nrecursos did\u00e1ticos; Estabelecer as rela\u00e7\u00f5es entre teoria e pr\u00e1tica; Fornecer elementos que qualifiquem a pr\u00e1tica a ser desenvolvida nos est\u00e1gios supervisionados e nas escolas onde ir\u00e3o se inserir; Oportunizar a constru\u00e7\u00e3o e adapta\u00e7\u00e3o de estrat\u00e9gias e recursos did\u00e1ticos adaptados aos alunos PCDs, TEA, AH\\S, como forma de garantir a inclus\u00e3o e o desenho universal da aprendizagem \u2013 DUA.<\/p>\n","protected":false},"excerpt":{"rendered":"<p>Projetos de Ensino: Recursos Did\u00e1ticos para o Ensino de Ci\u00eancias e Biologia Este projeto est\u00e1 vinculado \u00e0 disciplina de Did\u00e1tica do Ensino de Biologia II, objetivando a constru\u00e7\u00e3o e aplica\u00e7\u00e3o de metodologias, estrat\u00e9gias e recursos did\u00e1ticos inovadores e que\u00a0 promovam &hellip; <a href=\"https:\/\/wp.ufpel.edu.br\/nupecibio\/ensino\/\">Continue lendo <span class=\"meta-nav\">&rarr;<\/span><\/a><\/p>\n","protected":false},"author":1101,"featured_media":0,"parent":0,"menu_order":0,"comment_status":"closed","ping_status":"closed","template":"","meta":{"footnotes":""},"class_list":["post-14","page","type-page","status-publish","hentry"],"_links":{"self":[{"href":"https:\/\/wp.ufpel.edu.br\/nupecibio\/wp-json\/wp\/v2\/pages\/14","targetHints":{"allow":["GET"]}}],"collection":[{"href":"https:\/\/wp.ufpel.edu.br\/nupecibio\/wp-json\/wp\/v2\/pages"}],"about":[{"href":"https:\/\/wp.ufpel.edu.br\/nupecibio\/wp-json\/wp\/v2\/types\/page"}],"author":[{"embeddable":true,"href":"https:\/\/wp.ufpel.edu.br\/nupecibio\/wp-json\/wp\/v2\/users\/1101"}],"replies":[{"embeddable":true,"href":"https:\/\/wp.ufpel.edu.br\/nupecibio\/wp-json\/wp\/v2\/comments?post=14"}],"version-history":[{"count":3,"href":"https:\/\/wp.ufpel.edu.br\/nupecibio\/wp-json\/wp\/v2\/pages\/14\/revisions"}],"predecessor-version":[{"id":73,"href":"https:\/\/wp.ufpel.edu.br\/nupecibio\/wp-json\/wp\/v2\/pages\/14\/revisions\/73"}],"wp:attachment":[{"href":"https:\/\/wp.ufpel.edu.br\/nupecibio\/wp-json\/wp\/v2\/media?parent=14"}],"curies":[{"name":"wp","href":"https:\/\/api.w.org\/{rel}","templated":true}]}}