{"id":91,"date":"2018-05-29T13:29:40","date_gmt":"2018-05-29T16:29:40","guid":{"rendered":"https:\/\/wp.ufpel.edu.br\/nupat\/?page_id=91"},"modified":"2021-07-07T17:16:04","modified_gmt":"2021-07-07T20:16:04","slug":"apresentacao","status":"publish","type":"page","link":"https:\/\/wp.ufpel.edu.br\/nupat\/apresentacao\/","title":{"rendered":"Apresenta\u00e7\u00e3o"},"content":{"rendered":"<p>O <strong>N\u00facleo de Patrim\u00f4nio (NUPAT)<\/strong> tem como principais atribui\u00e7\u00f5es:<\/p>\n<ul>\n<li>Receber o material permanente;<\/li>\n<li>Manter os termos de responsabilidade dos bens permanentes;<\/li>\n<li>Inserir no sistema do Patrim\u00f4nio da Uni\u00e3o a avalia\u00e7\u00e3o e reavalia\u00e7\u00e3o dos bens m\u00f3veis e im\u00f3veis para efeito de aliena\u00e7\u00e3o, incorpora\u00e7\u00e3o, seguro e loca\u00e7\u00e3o;<\/li>\n<li>Realizar o invent\u00e1rio anual dos bens patrimoniais, realizando as baixas necess\u00e1rias;<br \/>\nRealizar registro, tombamento e incorpora\u00e7\u00e3o de bens ao patrim\u00f4nio da Uni\u00e3o;<\/li>\n<li>Registrar materiais permanentes;<\/li>\n<li>Manter atualizado o registro dos bens im\u00f3veis da UFPel junto ao sistema de patrim\u00f4nio;<\/li>\n<li>Realizar o controle da distribui\u00e7\u00e3o dos bens permanentes;<\/li>\n<li>Registrar e controlar os bens em comodato;<\/li>\n<li>Promover leil\u00e3o de bens fora de uso;<\/li>\n<li>Realizar inspe\u00e7\u00e3o e propor a aliena\u00e7\u00e3o dos bens permanentes inserv\u00edveis ou de recupera\u00e7\u00e3o antiecon\u00f4mica;<\/li>\n<li>Agenciar doa\u00e7\u00e3o a entidades P\u00fablicas ou Privadas, permitida para fins e uso de interesse social.<\/li>\n<\/ul>\n","protected":false},"excerpt":{"rendered":"<p>O N\u00facleo de Patrim\u00f4nio (NUPAT) tem como principais atribui\u00e7\u00f5es: Receber o material permanente; Manter os termos de responsabilidade dos bens permanentes; Inserir no sistema do Patrim\u00f4nio da Uni\u00e3o a avalia\u00e7\u00e3o e reavalia\u00e7\u00e3o dos bens m\u00f3veis e im\u00f3veis para efeito de aliena\u00e7\u00e3o, incorpora\u00e7\u00e3o, seguro e loca\u00e7\u00e3o; Realizar o invent\u00e1rio anual dos bens patrimoniais, realizando as baixas [&hellip;]<\/p>\n","protected":false},"author":844,"featured_media":0,"parent":0,"menu_order":0,"comment_status":"closed","ping_status":"closed","template":"","meta":{"footnotes":""},"class_list":["post-91","page","type-page","status-publish","hentry"],"_links":{"self":[{"href":"https:\/\/wp.ufpel.edu.br\/nupat\/wp-json\/wp\/v2\/pages\/91","targetHints":{"allow":["GET"]}}],"collection":[{"href":"https:\/\/wp.ufpel.edu.br\/nupat\/wp-json\/wp\/v2\/pages"}],"about":[{"href":"https:\/\/wp.ufpel.edu.br\/nupat\/wp-json\/wp\/v2\/types\/page"}],"author":[{"embeddable":true,"href":"https:\/\/wp.ufpel.edu.br\/nupat\/wp-json\/wp\/v2\/users\/844"}],"replies":[{"embeddable":true,"href":"https:\/\/wp.ufpel.edu.br\/nupat\/wp-json\/wp\/v2\/comments?post=91"}],"version-history":[{"count":74,"href":"https:\/\/wp.ufpel.edu.br\/nupat\/wp-json\/wp\/v2\/pages\/91\/revisions"}],"predecessor-version":[{"id":484,"href":"https:\/\/wp.ufpel.edu.br\/nupat\/wp-json\/wp\/v2\/pages\/91\/revisions\/484"}],"wp:attachment":[{"href":"https:\/\/wp.ufpel.edu.br\/nupat\/wp-json\/wp\/v2\/media?parent=91"}],"curies":[{"name":"wp","href":"https:\/\/api.w.org\/{rel}","templated":true}]}}