{"id":747,"date":"2024-11-07T10:51:15","date_gmt":"2024-11-07T13:51:15","guid":{"rendered":"https:\/\/wp.ufpel.edu.br\/nupat\/?page_id=747"},"modified":"2024-11-07T10:52:28","modified_gmt":"2024-11-07T13:52:28","slug":"descarte-de-aparelhos-de-raio-x","status":"publish","type":"page","link":"https:\/\/wp.ufpel.edu.br\/nupat\/descarte-de-aparelhos-de-raio-x\/","title":{"rendered":"DESCARTE DE APARELHOS DE RAIO &#8211; X"},"content":{"rendered":"<p>Aparelhos de Raios-X n\u00e3o cont\u00e9m material radioativo, portanto a norma da Comiss\u00e3o Nacional de Energia Nuclear ( CNEN) que disp\u00f5e sobre a ger\u00eancia de rejeitos radioativos n\u00e3o \u00e9 aplic\u00e1vel neste caso. Desta forma, o Centro de Desenvolvimento da Tecnologia Nuclear (CDTN) n\u00e3o recebe estes aparelhos.<\/p>\n<p>A desativa\u00e7\u00e3o do equipamento de Raios-X deve ser comunicada \u00e0 Vigil\u00e2ncia Sanit\u00e1ria competente, por escrito pelo respons\u00e1vel legal, com baixa de responsabilidade t\u00e9cnica pelo equipamento e com notifica\u00e7\u00e3o sobre o destino final a ser dado ao equipamento.<\/p>\n<p>O equipamento de Raios-X pode ser tratado como res\u00edduo s\u00f3lido comum e encaminhado para sucateamento (reciclagem dos componentes). Com exce\u00e7\u00e3o dos componentes do equipamento de Raios-X que estiverem em contato com o \u00f3leo isolante, estes devem ser tratados como res\u00edduos qu\u00edmicos perigosos de Classe I e serem encaminhados para aterro de res\u00edduos perigosos \u2013 Classe I.<\/p>\n<p>Salienta-se que os fios e cabos de alimenta\u00e7\u00e3o el\u00e9trica devem estar desconectados e que qualquer adesivo ou identifica\u00e7\u00e3o com s\u00edmbolo internacional da presen\u00e7a de radia\u00e7\u00e3o ionizante deve ser removido.<\/p>\n<p><strong>Para descartar aparelhos de Raios-X, fazer o seguinte:<\/strong><\/p>\n<p><strong>\u00a0<\/strong><\/p>\n<p style=\"padding-left: 40px;\">1.Remover qualquer indica\u00e7\u00e3o de radia\u00e7\u00e3o que houver no aparelho, como o s\u00edmbolo a seguir:<\/p>\n<p><img class=\"alignnone size-full wp-image-754\" src=\"https:\/\/wp.ufpel.edu.br\/nupat\/files\/2024\/11\/download.png\" alt=\"\" width=\"225\" height=\"225\" srcset=\"https:\/\/wp.ufpel.edu.br\/nupat\/files\/2024\/11\/download.png 225w, https:\/\/wp.ufpel.edu.br\/nupat\/files\/2024\/11\/download-200x200.png 200w\" sizes=\"(max-width: 225px) 100vw, 225px\" \/><\/p>\n<p>&nbsp;<\/p>\n<p style=\"padding-left: 40px;\">2.Retirar a ampola\/tubo de vidro do equipamento, acondicionar com seguran\u00e7a, para evitar que quebre, e encaminh\u00e1-la para reciclagem (\u00e9 semelhante a uma l\u00e2mpada) para aproveitamento de cada parte, ou descartar em aterro sanit\u00e1rio licenciado.<\/p>\n<p style=\"padding-left: 40px;\">3.Cortar o fio de energia el\u00e9trica do equipamento.<\/p>\n<p style=\"padding-left: 40px;\">4.Encaminhar a sucata met\u00e1lica (basicamente chumbo) para reciclagem.<\/p>\n<p style=\"padding-left: 40px;\"><strong>5.Se o equipamento tiver sido fabricado antes de 1981<\/strong>, pode ter ascarel no transformador. Por ser um produto muito perigoso, o ascarel deve ser drenado cuidadosamente, ser acondicionado em frasco herm\u00e9tico e destinado para incinera\u00e7\u00e3o em equipamento especialmente licenciado para fazer este servi\u00e7o.<\/p>\n<p>&nbsp;<\/p>\n<p>Aten\u00e7\u00e3o, n\u00e3o \u00e9 qualquer tipo de incinerador que pode incinerar ascarel! O empreendimento dever\u00e1 ter licen\u00e7a espec\u00edfica para incinerar esse produto.<\/p>\n<p>Na d\u00favida, solicite a ajuda da companhia de energia el\u00e9trica do seu estado para a drenagem do ascarel, porque eles costumam ter experi\u00eancia nisso. Quando foi proibido o uso do ascarel, as companhias de energia foram obrigadas a substituir todos os transformadores e tiveram que capacitar seus trabalhadores para o desmonte seguro. N\u00e3o deixe que o transformador cheio de ascarel v\u00e1 para a m\u00e3o dos sucateiros. Essa pr\u00e1tica reintroduz este veneno na cadeia produtiva e causa danos \u00e0 sa\u00fade dos trabalhadores e ao meio ambiente.<\/p>\n<h3><strong>Lembre-se<\/strong><\/h3>\n<p>Os aparelhos de Raios X n\u00e3o emitem radia\u00e7\u00e3o quando desligados. Eles s\u00e3o fontes de radia\u00e7\u00e3o somente quando conectados \u00e0 alimenta\u00e7\u00e3o el\u00e9trica e em posi\u00e7\u00e3o de opera\u00e7\u00e3o.<\/p>\n<p>O uso dos aparelhos de raios-x, tomografia computadorizada, raios-x odontol\u00f3gico e demais procedimentos relativos a exames com raios-x, inclusive diagn\u00f3stico, s\u00e3o regulados pela Ag\u00eancia Nacional de Vigil\u00e2ncia Sanit\u00e1ria, obedecendo os crit\u00e9rios de Prote\u00e7\u00e3o Radiol\u00f3gica, conforme Portaria 453\/98 da ANVISA, de 01 de junho de 1998. \u00a0Maiores informa\u00e7\u00f5es poder\u00e3o ser obtidas acessando o documento citado; ou entrando em contato com a ANVISA pelo telefone 0800-6429782 ou pelo site:<\/p>\n<p><a href=\"http:\/\/www.anvisa.gov.br\/institucional\/faleconosco\/FaleConosco.asp\">http:\/\/www.anvisa.gov.br\/institucional\/faleconosco\/FaleConosco.asp<\/a> .<\/p>\n<p>&nbsp;<\/p>\n<p>Fonte :\u00a0 <a href=\"https:\/\/www.gov.br\/cdtn\/pt-br\/seguranca-nuclear-e-radiologica\/servicos\/descarte-de-aparelhos-de-raios-x\">https:\/\/www.gov.br\/cdtn\/pt-br\/seguranca-nuclear-e-radiologica\/servicos\/descarte-de-aparelhos-de-raios-x<\/a><\/p>\n<p>&nbsp;<\/p>\n","protected":false},"excerpt":{"rendered":"<p>Aparelhos de Raios-X n\u00e3o cont\u00e9m material radioativo, portanto a norma da Comiss\u00e3o Nacional de Energia Nuclear ( CNEN) que disp\u00f5e sobre a ger\u00eancia de rejeitos radioativos n\u00e3o \u00e9 aplic\u00e1vel neste caso. Desta forma, o Centro de Desenvolvimento da Tecnologia Nuclear (CDTN) n\u00e3o recebe estes aparelhos. A desativa\u00e7\u00e3o do equipamento de Raios-X deve ser comunicada \u00e0 [&hellip;]<\/p>\n","protected":false},"author":844,"featured_media":0,"parent":0,"menu_order":0,"comment_status":"closed","ping_status":"closed","template":"","meta":{"footnotes":""},"class_list":["post-747","page","type-page","status-publish","hentry"],"_links":{"self":[{"href":"https:\/\/wp.ufpel.edu.br\/nupat\/wp-json\/wp\/v2\/pages\/747","targetHints":{"allow":["GET"]}}],"collection":[{"href":"https:\/\/wp.ufpel.edu.br\/nupat\/wp-json\/wp\/v2\/pages"}],"about":[{"href":"https:\/\/wp.ufpel.edu.br\/nupat\/wp-json\/wp\/v2\/types\/page"}],"author":[{"embeddable":true,"href":"https:\/\/wp.ufpel.edu.br\/nupat\/wp-json\/wp\/v2\/users\/844"}],"replies":[{"embeddable":true,"href":"https:\/\/wp.ufpel.edu.br\/nupat\/wp-json\/wp\/v2\/comments?post=747"}],"version-history":[{"count":6,"href":"https:\/\/wp.ufpel.edu.br\/nupat\/wp-json\/wp\/v2\/pages\/747\/revisions"}],"predecessor-version":[{"id":755,"href":"https:\/\/wp.ufpel.edu.br\/nupat\/wp-json\/wp\/v2\/pages\/747\/revisions\/755"}],"wp:attachment":[{"href":"https:\/\/wp.ufpel.edu.br\/nupat\/wp-json\/wp\/v2\/media?parent=747"}],"curies":[{"name":"wp","href":"https:\/\/api.w.org\/{rel}","templated":true}]}}