{"id":352,"date":"2019-12-03T17:58:33","date_gmt":"2019-12-03T20:58:33","guid":{"rendered":"https:\/\/wp.ufpel.edu.br\/nupat\/?page_id=352"},"modified":"2022-09-28T10:39:02","modified_gmt":"2022-09-28T13:39:02","slug":"inventario","status":"publish","type":"page","link":"https:\/\/wp.ufpel.edu.br\/nupat\/inventario\/","title":{"rendered":"Invent\u00e1rio"},"content":{"rendered":"<p><strong><strong class=\"collapseomatic \" id=\"id69d5fc2876046\" rel=\"-highlander\" tabindex=\"0\" title=\"Invent\u00e1rio 2022\"    >Invent\u00e1rio 2022<\/strong><div id=\"target-id69d5fc2876046\" class=\"collapseomatic_content \"><\/strong><\/p>\n<ul>\n<li><strong>Campanha Institucional:<\/strong><\/li>\n<\/ul>\n<p><iframe title=\"Invent\u00e1rio UFPel 2022\" width=\"500\" height=\"281\" src=\"https:\/\/www.youtube.com\/embed\/a811ZjUarRc?feature=oembed\" frameborder=\"0\" allow=\"accelerometer; autoplay; clipboard-write; encrypted-media; gyroscope; picture-in-picture; web-share\" referrerpolicy=\"strict-origin-when-cross-origin\" allowfullscreen><\/iframe><\/p>\n<blockquote class=\"wp-embedded-content\" data-secret=\"AKFjqPr6mW\"><p><a href=\"https:\/\/ccs2.ufpel.edu.br\/wp\/2022\/07\/21\/processo-de-inventario-comeca-na-ufpel\/\">Processo de Invent\u00e1rio come\u00e7a na UFPel<\/a><\/p><\/blockquote>\n<p><iframe class=\"wp-embedded-content\" sandbox=\"allow-scripts\" security=\"restricted\" style=\"position: absolute; clip: rect(1px, 1px, 1px, 1px);\" title=\"&#8220;Processo de Invent\u00e1rio come\u00e7a na UFPel&#8221; &#8212; Coordena\u00e7\u00e3o de Comunica\u00e7\u00e3o Social\" src=\"https:\/\/ccs2.ufpel.edu.br\/wp\/2022\/07\/21\/processo-de-inventario-comeca-na-ufpel\/embed\/#?secret=Uj9Xr2Tx9Y#?secret=AKFjqPr6mW\" data-secret=\"AKFjqPr6mW\" width=\"500\" height=\"282\" frameborder=\"0\" marginwidth=\"0\" marginheight=\"0\" scrolling=\"no\"><\/iframe><\/p>\n<ul>\n<li><strong>Agenda de treinamento das Subcomiss\u00f5es de Invent\u00e1rio 2022:<\/strong><\/li>\n<\/ul>\n<p><img class=\"alignnone size-medium wp-image-624\" src=\"https:\/\/wp.ufpel.edu.br\/nupat\/files\/2022\/07\/Agenda-Capacitacao1-1-400x184.png\" alt=\"\" width=\"400\" height=\"184\" srcset=\"https:\/\/wp.ufpel.edu.br\/nupat\/files\/2022\/07\/Agenda-Capacitacao1-1-400x184.png 400w, https:\/\/wp.ufpel.edu.br\/nupat\/files\/2022\/07\/Agenda-Capacitacao1-1.png 463w\" sizes=\"(max-width: 400px) 100vw, 400px\" \/><\/p>\n<p><img class=\"alignnone size-medium wp-image-625\" src=\"https:\/\/wp.ufpel.edu.br\/nupat\/files\/2022\/07\/Agenda-Capacitacao2-1-400x182.png\" alt=\"\" width=\"400\" height=\"182\" srcset=\"https:\/\/wp.ufpel.edu.br\/nupat\/files\/2022\/07\/Agenda-Capacitacao2-1-400x182.png 400w, https:\/\/wp.ufpel.edu.br\/nupat\/files\/2022\/07\/Agenda-Capacitacao2-1.png 476w\" sizes=\"(max-width: 400px) 100vw, 400px\" \/><\/p>\n<ul>\n<li><strong>Material reuni\u00e3o dia 19\/07\/2022\u00a0<\/strong><\/li>\n<\/ul>\n<ol>\n<li style=\"text-align: left;\"><a href=\"https:\/\/wp.ufpel.edu.br\/nupat\/files\/2022\/07\/apresentacao.inventario-1.pdf\" target=\"_blank\" rel=\"noopener\">Apresenta\u00e7\u00e3o<\/a><\/li>\n<\/ol>\n<p>&nbsp;<\/p>\n<ul>\n<li><strong>Material treinamento invent\u00e1rio<\/strong><\/li>\n<\/ul>\n<ol>\n<li><a href=\"https:\/\/wp.ufpel.edu.br\/nupat\/files\/2022\/08\/Copia-de-treinamento-inventario-2022.pptx.pdf\">Treinamento para o Invent\u00e1rio<\/a><\/li>\n<li><a href=\"https:\/\/wp.ufpel.edu.br\/nupat\/files\/2022\/08\/Cartaz_A4_Comunicado_Sala_Inventariada__1_.pdf\">Modelo de cartaz para salas inventariadas<\/a><\/li>\n<\/ol>\n<p>&nbsp;<\/p>\n<ul>\n<li><strong>Telefone para d\u00favidas sobre o invent\u00e1rio:<\/strong><\/li>\n<\/ul>\n<ol>\n<li>Contato telef\u00f4nico: (53)3284.3933<\/li>\n<li>Contato whatsapp: (53)99116.4307<\/li>\n<\/ol>\n<p>&nbsp;<\/p>\n<ul>\n<li><strong>Prorroga\u00e7\u00e3o de prazo realiza\u00e7\u00e3o invent\u00e1rio:<\/strong><\/li>\n<\/ul>\n<ol>\n<li><a href=\"https:\/\/wp.ufpel.edu.br\/nupat\/files\/2022\/09\/SEI_23110.035623_2022_75-2.pdf\" target=\"_blank\" rel=\"noopener\">Memorando-Circular n\u00ba 12\/2022\/NUPAT\/CMP\/PRA\/REITORIA<\/a><\/li>\n<\/ol>\n<p><strong><\/div><\/strong><\/p>\n<p><strong><strong class=\"collapseomatic \" id=\"id69d5fc28760a7\" rel=\"-highlander\" tabindex=\"0\" title=\"Invent\u00e1rio 2020\"    >Invent\u00e1rio 2020<\/strong><div id=\"target-id69d5fc28760a7\" class=\"collapseomatic_content \"><\/strong><\/p>\n<p>&nbsp;<\/p>\n<blockquote class=\"wp-embedded-content\" data-secret=\"kXmWk4yfCn\"><p><a href=\"https:\/\/ccs2.ufpel.edu.br\/wp\/2019\/12\/03\/inventario-de-2020-e-divulgado-para-diretores-e-pro-reitores\/\">Invent\u00e1rio de 2020 \u00e9 divulgado para diretores e pr\u00f3-reitores<\/a><\/p><\/blockquote>\n<p><iframe class=\"wp-embedded-content\" sandbox=\"allow-scripts\" security=\"restricted\" style=\"position: absolute; clip: rect(1px, 1px, 1px, 1px);\" title=\"&#8220;Invent\u00e1rio de 2020 \u00e9 divulgado para diretores e pr\u00f3-reitores&#8221; &#8212; Coordena\u00e7\u00e3o de Comunica\u00e7\u00e3o Social\" src=\"https:\/\/ccs2.ufpel.edu.br\/wp\/2019\/12\/03\/inventario-de-2020-e-divulgado-para-diretores-e-pro-reitores\/embed\/#?secret=KhQnUv6GnN#?secret=kXmWk4yfCn\" data-secret=\"kXmWk4yfCn\" width=\"500\" height=\"282\" frameborder=\"0\" marginwidth=\"0\" marginheight=\"0\" scrolling=\"no\"><\/iframe><\/p>\n<blockquote class=\"wp-embedded-content\" data-secret=\"CxpCKDka1v\"><p><a href=\"https:\/\/ccs2.ufpel.edu.br\/wp\/2019\/12\/10\/ufpel-tera-inventario-de-bens-moveis-em-2020\/\">UFPel ter\u00e1 Invent\u00e1rio de Bens M\u00f3veis em 2020<\/a><\/p><\/blockquote>\n<p><iframe class=\"wp-embedded-content\" sandbox=\"allow-scripts\" security=\"restricted\" style=\"position: absolute; clip: rect(1px, 1px, 1px, 1px);\" title=\"&#8220;UFPel ter\u00e1 Invent\u00e1rio de Bens M\u00f3veis em 2020&#8221; &#8212; Coordena\u00e7\u00e3o de Comunica\u00e7\u00e3o Social\" src=\"https:\/\/ccs2.ufpel.edu.br\/wp\/2019\/12\/10\/ufpel-tera-inventario-de-bens-moveis-em-2020\/embed\/#?secret=kyvCQXdMOd#?secret=CxpCKDka1v\" data-secret=\"CxpCKDka1v\" width=\"500\" height=\"282\" frameborder=\"0\" marginwidth=\"0\" marginheight=\"0\" scrolling=\"no\"><\/iframe><\/p>\n<p><strong><\/div><\/strong><\/p>\n","protected":false},"excerpt":{"rendered":"","protected":false},"author":844,"featured_media":0,"parent":0,"menu_order":0,"comment_status":"closed","ping_status":"closed","template":"","meta":{"footnotes":""},"class_list":["post-352","page","type-page","status-publish","hentry"],"_links":{"self":[{"href":"https:\/\/wp.ufpel.edu.br\/nupat\/wp-json\/wp\/v2\/pages\/352","targetHints":{"allow":["GET"]}}],"collection":[{"href":"https:\/\/wp.ufpel.edu.br\/nupat\/wp-json\/wp\/v2\/pages"}],"about":[{"href":"https:\/\/wp.ufpel.edu.br\/nupat\/wp-json\/wp\/v2\/types\/page"}],"author":[{"embeddable":true,"href":"https:\/\/wp.ufpel.edu.br\/nupat\/wp-json\/wp\/v2\/users\/844"}],"replies":[{"embeddable":true,"href":"https:\/\/wp.ufpel.edu.br\/nupat\/wp-json\/wp\/v2\/comments?post=352"}],"version-history":[{"count":20,"href":"https:\/\/wp.ufpel.edu.br\/nupat\/wp-json\/wp\/v2\/pages\/352\/revisions"}],"predecessor-version":[{"id":655,"href":"https:\/\/wp.ufpel.edu.br\/nupat\/wp-json\/wp\/v2\/pages\/352\/revisions\/655"}],"wp:attachment":[{"href":"https:\/\/wp.ufpel.edu.br\/nupat\/wp-json\/wp\/v2\/media?parent=352"}],"curies":[{"name":"wp","href":"https:\/\/api.w.org\/{rel}","templated":true}]}}