{"id":65,"date":"2013-09-30T02:24:24","date_gmt":"2013-09-30T05:24:24","guid":{"rendered":"https:\/\/wp.ufpel.edu.br\/numc\/?page_id=65"},"modified":"2013-10-19T16:55:05","modified_gmt":"2013-10-19T19:55:05","slug":"integrantes","status":"publish","type":"page","link":"https:\/\/wp.ufpel.edu.br\/numc\/integrantes\/","title":{"rendered":"Integrantes"},"content":{"rendered":"<h2>Carlos Walter Alves Soares<\/h2>\n<p><a href=\"https:\/\/wp.ufpel.edu.br\/numc\/files\/2013\/09\/carlos.png\"><img loading=\"lazy\" decoding=\"async\" class=\" wp-image-69 alignleft\" alt=\"carlos\" src=\"https:\/\/wp.ufpel.edu.br\/numc\/files\/2013\/09\/carlos.png\" width=\"199\" height=\"300\" \/><\/a>Natural de Porto Alegre, RS. Doutorando em Composi\u00e7\u00e3o musical na UFRGS; Bacharel (1999) e Mestre em Composi\u00e7\u00e3o Musical (2004) formado pela Universidade Federal do Rio Grande do Sul, sob a orienta\u00e7\u00e3o do Prof. Dr. Ant\u00f4nio Carlos Borges Cunha.<\/p>\n<p>\u00c9 Professor Assistente na Universidade Federal de Pelotas desde 2009. Trabalha nas disciplinas do curso de composi\u00e7\u00e3o musical.<\/p>\n<p>Como interprete, foi integrante da Camerata Consort de Viol\u00f5es; Grupo Unam\u00e9rica e Grupo Fandango. Atualmente integra o Trio For Laps, ao lado dos m\u00fasicos James Correa e Rog\u00e9rio Constante.<\/p>\n<p>Foram gravadas em CD as obras Serenata urbana e Guarija (2000) pelo grupo Unam\u00e9rica. Ars (2006) pelo Octeto de Flautas da EST e Calisto (2011), que comp\u00f5e o CD Piano presente, da pianista Joana Holanda. Em 2007 foi indicado ao Pr\u00eamio A\u00e7orianos de melhor compositor pela obra Ars.<\/p>\n<p>Foi Professor de M\u00fasica das Faculdades EST, S\u00e3o Leopoldo. Onde atuou nos Cursos de Bacharelado em Musicoterapia e Bacharelado em Teologia. Na mesma institui\u00e7\u00e3o, foi professor do curso T\u00e9cnico em M\u00fasica. Foi Coordenador do curso T\u00e9cnico em M\u00fasica entre 2007 e 2008.<\/p>\n<h2>James Correa<\/h2>\n<div id=\"dijit_layout_ContentPane_0\" title=\"\">\n<p><a href=\"https:\/\/wp.ufpel.edu.br\/numc\/files\/2013\/09\/james.png\"><img loading=\"lazy\" decoding=\"async\" class=\"size-medium wp-image-70 alignleft\" alt=\"james\" src=\"https:\/\/wp.ufpel.edu.br\/numc\/files\/2013\/09\/james-272x300.png\" width=\"272\" height=\"300\" srcset=\"https:\/\/wp.ufpel.edu.br\/numc\/files\/2013\/09\/james-272x300.png 272w, https:\/\/wp.ufpel.edu.br\/numc\/files\/2013\/09\/james.png 342w\" sizes=\"auto, (max-width: 272px) 100vw, 272px\" \/><\/a>\u00c9 Doutor em Composi\u00e7\u00e3o pela University at Buffalo, NY, USA; Mestre em composi\u00e7\u00e3o e Bacharel em viol\u00e3o pelo Departamento de M\u00fasica do Instituto de Artes da UFRGS. De 1996 \u00e0 2000, realizou estudos independentes em Computa\u00e7\u00e3o Musical e Sound Design nos Estados Unidos.<\/p>\n<p>Suas obras tem sido executadas na Argentina, Estados Unidos, Canad\u00e1, Europa e nos mais importantes eventos dedicados \u00e0 m\u00fasica contempor\u00e2nea no Brasil. Em 1999 James Correa foi um dos 20 compositores de todas as Am\u00e9ricas selecionados pelo grupo <em>North\/<\/em><em>South Consonance<\/em> para a temporada de 2000, onde sua obra <em>Serenata <\/em>teve sua estr\u00e9ia norte-americana em Nova York. No ano de 2001 foi um dos cinco compositores escolhidos para representar o Brasil no festival <em>Synt\u00e8se 2001<\/em> promovido <em>pelo Institut International Musique Electroacustique de Bourges<\/em>, Fran\u00e7a. Suas obras eletr\u00f4nicas <em>When I Drift into my Thoughts<\/em> (estreada em Bourges, Fran\u00e7a) e <em>Winter Etudes<\/em> (estreada em Montreal, Canad\u00e1) fazem parte da <em>Interven\u00e7\u00e3o Collective Jukebox 3.1<\/em>, obra que esteve em exposi\u00e7\u00e3o no Museu de Arte Contempor\u00e2nea de Strasburgo na Fran\u00e7a, em 2002 foi mostrada em Nova Iorque, em 2003 esteve em Genova e em Veneza no ano seguinte. Em 2003 realizou em parceria com o compositor Eduardo Reck Miranda, com o apoio do FUNPROARTE, o CD <em>Plural<\/em>. Em 2005 sua obra <em>Three Miniatures (after Ets Chaiym)<\/em> foi estreiada pelo <em>International Contemporary Ensemble <\/em>em Buffalo, NY; em abril de 2006 participou como compositor convidado do <em>XVIII Heidelberg New Music Festival <\/em>em Tiffin, Ohio, onde <em>Circles of Fire,<\/em> para piano e live electronics, obteve sua premiere norte-americana. Em 2007 comp\u00f4s a trilha para o document\u00e1rio <em>Olhares da Cidade<\/em> de Marcelo Gobatto e em abril sua pe\u00e7a <em>Fragment for an Elegy to J.L. Borges <\/em>escrita para o grupo holand\u00eas <em>Barton Workshop<\/em>, foi estreiada pelo grupo em Buffalo, NY, a colabora\u00e7\u00e3o resultou em uma encomenda de uma nova obra para 2008. Ainda este ano foi novamente compositor convidado do <em>Heidelberg New Music Festival <\/em>onde interpretou <em>A Persist\u00eancia da Mem\u00f3ria<\/em> para viol\u00e3o e <em>live electronics<\/em> e ministrou masterclass. \u00c9 membro da <em>International Computer Music Association, American Composers Forum, American Music Center <\/em>e<em> The Society for Electro-Acoustic Music in the United States.\u00a0<\/em><\/p>\n<h2>Joana Holanda<\/h2>\n<p><a href=\"https:\/\/wp.ufpel.edu.br\/numc\/files\/2013\/09\/joana.png\"><img loading=\"lazy\" decoding=\"async\" class=\"size-medium wp-image-71 alignleft\" alt=\"joana\" src=\"https:\/\/wp.ufpel.edu.br\/numc\/files\/2013\/09\/joana-300x199.png\" width=\"300\" height=\"199\" srcset=\"https:\/\/wp.ufpel.edu.br\/numc\/files\/2013\/09\/joana-300x199.png 300w, https:\/\/wp.ufpel.edu.br\/numc\/files\/2013\/09\/joana.png 401w\" sizes=\"auto, (max-width: 300px) 100vw, 300px\" \/><\/a>Possui gradua\u00e7\u00e3o em M\u00fasica pela Universidade Estadual de Campinas (1997), mestrado em Artes &#8211; University of Iowa (2000), nos Estados Unidos e doutorado em M\u00fasica pela Universidade Federal do Rio Grande do Sul (2006). Durante o doutorado realizou est\u00e1gio de pesquisa na City University, em Londres.<br \/>\nAtua como pianista e camerista no Brasil e no exterior. Em seu interesse pelo repert\u00f3rio de m\u00fasica contempor\u00e2nea, Joana tem estreado obras de compositores brasileiros. Participou como int\u00e9rprete de eventos como \u201c1\u00aa Semana de M\u00fasica Contempor\u00e2nea da UFRGS\u201d, 2\u00ba FIMC \u2013 Festival Internacional de M\u00fasica Contempor\u00e2nea da UFBA (Bahia) e do Festival Contempor\u00e2neo-RS (Rio Grande do Sul) e recentemente da mostra de M\u00fasica Contempor\u00e2nea Brasileira promovida pelo NuMC na Maison do Br\u00e9sil, na Fran\u00e7a (mar\u00e7o de 2010).<br \/>\nIntegra os Grupos de Pesquisa: GPPI &#8211; Grupo de Pesquisa em Pr\u00e1ticas Interpretativas da UFRGS e o NuMC- N\u00facleo de M\u00fasica Contempor\u00e2nea da UFPel, onde desenvolve pesquisa sobre o repert\u00f3rio brasileiro para piano preparado.<br \/>\nDurante 2008 e 2009 coordenou a s\u00e9rie de concertos Artistas Convidados do Conservat\u00f3rio de M\u00fasica da UFPel, e em 2009 foi Diretora de Produ\u00e7\u00e3o do VI festival Contempor\u00e2neo RS, que abrigou concertos nas cidades de Porto Alegre (RS) e Pelotas (RS).<\/p>\n<h2>Lucia Cervini<\/h2>\n<p><a href=\"https:\/\/wp.ufpel.edu.br\/numc\/files\/2013\/09\/lucia.png\"><img loading=\"lazy\" decoding=\"async\" class=\"size-full wp-image-73 alignleft\" alt=\"lucia\" src=\"https:\/\/wp.ufpel.edu.br\/numc\/files\/2013\/09\/lucia.png\" width=\"173\" height=\"208\" \/><\/a>Doutora em M\u00fasica pela UNICAMP\/Capes (conclu\u00eddo em 2008) sob orienta\u00e7\u00e3o do Prof. Dr. J\u00f4natas Manzolli e co-orienta\u00e7\u00e3o do Prof. Dr. Mikhail Malt, realizou Mestrado em M\u00fasica pela UNICAMP\/Fapesp e Bacharelado em piano pela UNESP.<br \/>\nEm 2006, realizou Est\u00e1gio de Doutorado (apoio CAPES) sob orienta\u00e7\u00e3o do Prof. Dr. Mikhail Malt junto ao IRCAM &#8211; <em>Institut de Coordenation Acoustique\/ Musique <\/em>(Paris\/FR) e orienta\u00e7\u00e3o da pianista Martine Joste no <em>Atelier R\u00e9pertoire et P\u00e9dagogie du Piano Contemporain<\/em> (Le Lilas\/FR).<\/p>\n<p>Recebeu orienta\u00e7\u00e3o dos pianistas Cl\u00e1udio Richerme, Beatriz Balzi, Mauricy Martin e Martine Joste (FR). Participou de <em>master clas<\/em><em>ses<\/em> com renomados pianistas, como Elzbieta Sternilicht (Alemanha), Gilberto Tinetti, F\u00e1bio Luz, Fernando Lopes, Yara Bernette, Marcelo Bratke, Arnaldo Cohen, Serguei Kovalenko (Ucr\u00e2nia), Ricardo Castro, Dominique My (FR) e G\u00e9rard Fr\u00e9my (FR), dentre outros.<br \/>\nFoi premiada em diversos concursos dentre os quais: <em>Jovens Solistas da Sinf\u00f4nica Jovem de Jundia\u00ed<\/em> &#8211; SP (1990); <em>Concurso Internacional <\/em>e<em> Pr\u00eamio \u201cHonorina Barra\u201d &#8211; <\/em>PR<em> <\/em>(1998); <em>Concurso Nacional Cidade de Ara\u00e7atuba<\/em> e Pr\u00eamio <em>Melhor Interpreta\u00e7\u00e3o de M\u00fasica Brasileira <\/em>(1998), <em>Concurso Nacional Henrique Niremberg &#8211; <\/em>RJ (1999), <em>Concurso Nacional Artlivre<\/em> -SP (1994 e 2000). Participou do <em>5<\/em><em>th<\/em><em> International Piano Duo Competition<\/em> em T\u00f3quio &#8211; Jap\u00e3o (2000) com a pianista Maria Helena Del Pozzo (duo Cervini \u2013 Del Pozzo).<\/p>\n<p>Gravou com o <em>duo<\/em>Cervali (junto da violoncelista Milene Aliverti) a 1a. faixa no <em>CD de Premia\u00e7\u00e3o do V Concurso Nacional de M\u00fasica de C\u00e2mara<\/em> \u2013 FASM\/ SP (1993), gravou recital ao vivo no programa Fl\u00e1vio de Oliveira para a R\u00e1dio da UFRGS \u2013 RS e o CD <em>Henrique Oswald: M\u00fasica de C\u00e2mara para violoncelo e piano<\/em> (parte integrante de sua Disserta\u00e7\u00e3o de Mestrado).<br \/>\nApresentou-se como solista nas orquestras: Sinf\u00f4nica Jovem de Jundia\u00ed, Sinf\u00f4nica de Americana e Orquestra de C\u00e2mara de Jundia\u00ed, sob reg\u00eancia de Mikhail Malt, Parcival Modolo e Cl\u00e1udia Feres. Coordenou com Mariko Ishii (JP), do <em>I <\/em>ao<em> IV<\/em> <em>Festival de M\u00fasica e Dan\u00e7a Brasil-Jap\u00e3o<\/em> &#8211; SP (2002 a 2004).<\/p>\n<p>Atualmente \u00e9 Professora Adjunta da Universidade Federal de Pelotas (UFPel\/RS) nas classes de Piano e Est\u00e9tica Musical e onde realiza atividades de pesquisa e interpreta\u00e7\u00e3o do repert\u00f3rio contempor\u00e2neo junto ao NuMC &#8211; <em>N\u00facleo de M\u00fasica Contempor\u00e2nea <\/em>da Universidade, do qual \u00e9 co-fundadora.<\/p>\n<h2>Luiz Guilherme Duro Goldberg<\/h2>\n<p><a href=\"https:\/\/wp.ufpel.edu.br\/numc\/files\/2013\/09\/lgg.png\"><img loading=\"lazy\" decoding=\"async\" class=\"size-full wp-image-72 alignleft\" alt=\"lgg\" src=\"https:\/\/wp.ufpel.edu.br\/numc\/files\/2013\/09\/lgg.png\" width=\"125\" height=\"195\" \/><\/a>Pianista ga\u00facho, natural de Rio Grande. Iniciou seus estudos com Marig\u00eania Ferreira e Diva Oliveira, concluindo seu curso b\u00e1sico com In\u00e1h Martensen. Graduou-se pela Universidade Federal de Pelotas, com posterior complementa\u00e7\u00e3o curricular na Universidade Federal do Rio Grande do Sul, onde estudou com Bruno Kiefer, Armando Albuquerque, entre outros.<\/p>\n<p>Desenvolve intensa pesquisa sobre Alberto Nepomuceno, compositor ao qual se dedicou tanto em seu Mestrado em M\u00fasica &#8211; Pr\u00e1ticas Interpretativas (As Valsas Humor\u00edsticas de Alberto Nepomuceno: uma edi\u00e7\u00e3o para performance, 2000) quanto no Doutorado em M\u00fasica \u2013 Musicologia (Um Garatuja entre Wotan e o Fauno: Alberto Nepomuceno e o Modernismo Musical no Brasil, 2008), cursados na Universidade Federal do Rio Grande do Sul.<\/p>\n<p>Deste compositor ainda publicou v\u00e1rias obras in\u00e9ditas, como a Sonata para piano e Valse-Impromptu, os Quartetos de Cordas nos. 1 e 3, Un Soneto del Dante, para canto, violino e piano, Valsas Humor\u00edsticas op.22, para piano e orquestra (\u00fanica obra para piano e orquestra de Nepomuceno), e Le Miracle de la Semence para bar\u00edtono e orquestra, entre outras.<br \/>\nComo pianista, tamb\u00e9m se dedica \u00e0 divulga\u00e7\u00e3o de compositores ga\u00fachos, principalmente, destacando-se obras de Clodomiro Caspary, Fl\u00e1vio Oliveira, Frederico Richter, Hubertus Hofmann, Esther Scliar, Armando Albuquerque.<\/p>\n<p>Desde 1992 desenvolve atividades did\u00e1ticas no Conservat\u00f3rio de M\u00fasica da Universidade Federal de Pelotas, lecionando nos cursos de Piano e Ci\u00eancias Musicais. Integra o N\u00facleo de M\u00fasica Contempor\u00e2nea (NuMC) dessa institui\u00e7\u00e3o.<\/p>\n<h2>Raul Costa d&#8217;Avila<\/h2>\n<p><a href=\"https:\/\/wp.ufpel.edu.br\/numc\/files\/2013\/09\/raul.png\"><img loading=\"lazy\" decoding=\"async\" class=\"size-full wp-image-74 alignleft\" alt=\"raul\" src=\"https:\/\/wp.ufpel.edu.br\/numc\/files\/2013\/09\/raul.png\" width=\"199\" height=\"300\" \/><\/a>Doutor em M\u00fasica (\u00c1rea de concentra\u00e7\u00e3o: Execu\u00e7\u00e3o Musical) pelo PPGMUS da Universidade Federal da Bahia. Natural de Ub\u00e1 (MG), iniciou os estudos de m\u00fasica e flauta sob orienta\u00e7\u00e3o de seu pai, Milton de Abreu d&#8217;Avila. Posteriormente ingressou no Conservat\u00f3rio Estadual de M\u00fasica Prof. Theodolindo Jos\u00e9 Soares , em Visconde do Rio Branco \/ MG. Fez cursos de aperfei\u00e7oamento com Expedito Vianna (UFMG), Artur Andr\u00e9s (UFMG), Odette Ernest Dias (FEA\/BH), Keith Underwood (USA), Marcos Kiehl (FMCG), Pierre- Yves Artaud (UnB), Ant\u00f4nio Carlos Carrasqueira (USP), Felix Renggli (FMCG\/UFRGS) e Lucas Robatto (UFBA). Como camerista foi aluno da Profa. Magdala Costa, recebendo o primeiro lugar nos Concursos de M\u00fasica de C\u00e2mara promovidos pela Escola de M\u00fasica da UFMG nos anos de 1987, 1988 e 1989.<\/p>\n<p>Vem participando de v\u00e1rios acontecimentos musicais, entre eles: III Encontro Estadual de Flautistas do RS (UFPel \/ 2010 &#8211; Coordenador); Cycle de Musique Contemporaine du Br\u00e9sil (Paris \/ 2010);VI Contempor\u00e2neo RS \/ Pelotas (2009); II Encontro Estadual de Flautistas do RS (UFSM &#8211; Nov. 2009); IX, VIII, VI, V, IV e III Festivais Internacionais de Flautistas\/Associa\u00e7\u00e3o Brasileira de Flautistas (Uberl\u00e2ndia \/2009 Maring\u00e1\/2008, entre outros. Autor do livro, &#8220;A Articula\u00e7\u00e3o na Flauta Transversal Moderna Uma abordagem hist\u00f3rica, suas transforma\u00e7\u00f5es, t\u00e9cnicas e utiliza\u00e7\u00e3o&#8221;, publicado pela Editora da UFPel, 2004. Autor da tese &#8220;Odette Ernest Dias: discursos sobre uma perspectiva pedag\u00f3gica da flauta&#8221;. Atualmente \u00e9 Secret\u00e1rio da Associa\u00e7\u00e3o Brasileira de Flautistas \/ ABRAF (2011\/2014).<\/p>\n<h2>Rog\u00e9rio Constante<\/h2>\n<p><a href=\"https:\/\/wp.ufpel.edu.br\/numc\/files\/2013\/09\/rogerio.png\"><img loading=\"lazy\" decoding=\"async\" class=\"size-full wp-image-75 alignleft\" alt=\"rogerio\" src=\"https:\/\/wp.ufpel.edu.br\/numc\/files\/2013\/09\/rogerio.png\" width=\"172\" height=\"277\" \/><\/a>Natural de Porto Alegre, RS. Bacharel em viol\u00e3o (1997); Mestre em composi\u00e7\u00e3o (2000), e Doutor em composi\u00e7\u00e3o (2006) pela Universidade Federal do Rio Grande do Sul, sob orienta\u00e7\u00e3o do Prof. Dr. Celso Loureiro Chaves.<\/p>\n<p>\u00c9 professor adjunto na Universidade Federal de Pelotas desde 2005, nas disciplinas de\u00a0 An\u00e1lise Musical e Composi\u00e7\u00e3o, chefia o Departamento de M\u00fasica da UFPel, \u00e9 co-fundador e integrante do NuMC\u00a0 \u2013 N\u00facleo de M\u00fasica Contempor\u00e2nea da UFPel.<br \/>\nComo int\u00e9rprete, foi integrante da <em>Camerata Consort<\/em> de viol\u00f5es, do <em>Octeto de Viol\u00f5es<\/em> da UFRGS e do quarteto instrumental <em>CortaJaca<\/em>, nos quais escreveu diversos arranjos.<\/p>\n<p>Teve obras apresentadas nos V, VI e VII <em>Encompor<\/em> (Encontro de compositores Latino-Americano, em Porto Alegre \u2013 RS), na XVII <em>Bienal de M\u00fasica Brasileira Contempor\u00e2nea<\/em>, no V e VI <em>Festival Contempor\u00e2neo \u2013 RS<\/em>. Teve sua obra Pampa I premiada no <em>2\u00ba Festival Internacional de M\u00fasica Contempor\u00e2nea<\/em> \u2013 UFBA.<\/p>\n<p>Foram gravadas em CD as obras\u00a0<em>Imagens Nordestinas<\/em>\u00a0(1994) pelo\u00a0Quarteto ComTrastos;\u00a0<em>Manuscrito Encontrado Numa Garrafa<\/em>\u00a0(1998) pelo Conjunto de C\u00e2mara de Porto Alegre;\u00a0<em>O Navio das Sombras<\/em>\u00a0(2000) por Luciane Cuervo; e\u00a0<em>Os ventos uivantes<\/em>\u00a0(1998) por Paulo Inda.<\/p>\n<h2>Thiago Colombo<\/h2>\n<p><a href=\"https:\/\/wp.ufpel.edu.br\/numc\/files\/2013\/09\/thiago.png\"><img loading=\"lazy\" decoding=\"async\" class=\"size-full wp-image-86 alignleft\" alt=\"thiago\" src=\"https:\/\/wp.ufpel.edu.br\/numc\/files\/2013\/09\/thiago.png\" width=\"244\" height=\"172\" \/><\/a>Thiago Colombo de Freitas \u00e9 professor do Conservat\u00f3rio de M\u00fasica da Universidade Federal de Pelotas e integrante do n\u00facleo de m\u00fasica contempor\u00e2nea (NuMC) da mesma institui\u00e7\u00e3o.<\/p>\n<p>\u00c9 bacharel e mestre em m\u00fasica pela Universidade Federal do Rio Grande do Sul. Entre 1994 e 2005, foi aluno particular do grande violonista argentino Eduardo Isaac. Participou de cursos com David Russel, Leo Brouwer, Eduardo Fernandez, Carlos Barbosa Lima, Abel Carlevaro, Eduardo Isaac, Hopkinson Smith, entre outros.<\/p>\n<p>Entre 1998 e 2005, foi premiado em concursos no Brasil (Porto Alegre, S\u00e3o Paulo, Niter\u00f3i, Rio de Janeiro e Belo Horizonte), Argentina (C\u00f3rdoba e Mar del Plata), Portugal (Trofa) e Espanha (C\u00e1ceres). Apresentou-se em salas importantes como o Teatro El Libertador (C\u00f3rdoba), Teatro municipal de Niter\u00f3i, Sala Carlos Vaz Ferreira (Montevid\u00e9u), Theatro S\u00e3o Pedro, entre outros.<\/p>\n<p>Estreou obras dos compositores: Fernando Mattos, Januibe Tejera, Daniel Wolff e Edino Krieger. Tem atuado como solista junto \u00e0 Orquestra Sinf\u00f4nica de Porto Alegre, Orquestra de C\u00e2mara do Theatro S\u00e3o Pedro, Orquestra de C\u00e2mara da ULBRA, Orquestra Sesi-Fundarte e Orquestra Sinf\u00f4nica da Universidade de Caxias do Sul. Fez diversas grava\u00e7\u00f5es para redes de r\u00e1dio e televis\u00e3o brasileiras.<\/p>\n<p>Em 1999, viajou \u00e0 R\u00fassia onde foi solista frente \u00e0 Orquestra Sinf\u00f4nica da Udmurtia. Nos \u00faltimos anos, tem trabalhado como concertista, professor e palestrante em v\u00e1rios festivais de m\u00fasica do Brasil, Argentina e Uruguai, promovidos por institui\u00e7\u00f5es credenciadas como Universidad de Montevideo, Universidad Aut\u00f3noma de Entre Rios, Universidad Nacional de Ros\u00e1rio, UFRGS, UFSM, UDESC, Associa\u00e7\u00e3o Pr\u00f3-M\u00fasica de Uberl\u00e2ndia, Escola de m\u00fasica de Teresina, Sesc, Sesi, entre outros.<\/p>\n<p>Em maio de 2003 lan\u00e7ou seu primeiro CD solo intitulado \u201cSonata\u201d atrav\u00e9s do Fumproarte. Este disco recebeu tr\u00eas pr\u00eamios \u201cA\u00e7orianos\u201d de m\u00fasica nas categorias revela\u00e7\u00e3o, melhor instrumentista erudito e melhor disco erudito do ano de 2003, sendo assim um recorde de premia\u00e7\u00f5es na \u00e1rea de m\u00fasica erudita. Participou do CD \u201cGuitarristas em Concierto\u201d, uma colet\u00e2nea de violonistas sul-americanos, lan\u00e7ada na Argentina por ocasi\u00e3o do II Festival Internacional de M\u00fasica Eduardo Fabini (Montevid\u00e9u-2003). Participa tamb\u00e9m do CD comemorativo do II Concurso Jos\u00e9 Lucena Vaz, certame realizado em Belo Horizonte, em 2003, onde obteve a primeira coloca\u00e7\u00e3o.<\/p>\n<p>Em outubro de 2006, sob os ausp\u00edcios do Fumproarte, lan\u00e7ou o CD \u201cReminisc\u00eancias\u201d. Este disco \u00e9 totalmente dedicado ao repert\u00f3rio latino-americano. Em 2008, desenvolveu junto \u00e0 atriz e professora Ta\u00eds Ferreira o espet\u00e1culo \u201cPlatero e Eu\u201d, com m\u00fasicas do compositor \u00edtalo-americano M\u00e1rio Castelnuovo-Tedesco sobre poemas do espanhol Juan Ramon Jim\u00e9nez. Este espet\u00e1culo fez duas temporadas em Porto Alegre, al\u00e9m de apresenta\u00e7\u00f5es pelo interior do estado patrocinadas pelo Sesc-RS, recebendo \u00f3timas cr\u00edticas.<\/p>\n<p>Integra o \u201cTREZEGRAUS\u201d, grupo de m\u00fasica instrumental brasileira que lan\u00e7ou seu \u00e1lbum de estr\u00e9ia em outubro de 2009. O grupo \u00e9 formado por: Aninha Freire (contrabaixo), James Liberato (guitarra), Luiz Jakka (percuss\u00e3o) e Thiago Colombo (viol\u00e3o).<\/p>\n<\/div>\n<p style=\"border-color: initial;margin-top: 10px;margin-right: 0px;margin-bottom: 0px;margin-left: 0px;border-width: 0px;border-style: none;padding: 0px\">Natural de Porto Alegre, RS. Doutorando em Composi\u00e7\u00e3o musical na UFRGS; Bacharel (1999) e Mestre em Composi\u00e7\u00e3o Musical (2004) formado pela Universidade Federal do Rio Grande do Sul, sob a orienta\u00e7\u00e3o do Prof. Dr. Ant\u00f4nio Carlos Borges Cunha.<\/p>\n<p style=\"border-color: initial;margin-top: 10px;margin-right: 0px;margin-bottom: 0px;margin-left: 0px;border-width: 0px;border-style: none;padding: 0px\">\u00c9 Professor Assistente na Universidade Federal de Pelotas desde 2009. Trabalha nas disciplinas do curso de composi\u00e7\u00e3o musical.<\/p>\n<p style=\"border-color: initial;margin-top: 10px;margin-right: 0px;margin-bottom: 0px;margin-left: 0px;border-width: 0px;border-style: none;padding: 0px\">Como interprete, foi integrante da Camerata Consort de Viol\u00f5es; Grupo Unam\u00e9rica e Grupo Fandango. \u00a0Atualmente integra o Trio For Laps, ao lado dos m\u00fasicos James Correa e Rog\u00e9rio Constante.<\/p>\n<p style=\"border-color: initial;margin-top: 10px;margin-right: 0px;margin-bottom: 0px;margin-left: 0px;border-width: 0px;border-style: none;padding: 0px\">Foram gravadas em CD as obras Serenata urbana e Guarija (2000) pelo grupo Unam\u00e9rica. Ars (2006) pelo Octeto de Flautas da EST e Calisto (2011), que comp\u00f5e o CD Piano presente, da pianista Joana Holanda. \u00a0Em 2007 foi indicado ao Pr\u00eamio A\u00e7orianos de melhor compositor pela obra Ars.<\/p>\n<p style=\"border-color: initial;margin-top: 10px;margin-right: 0px;margin-bottom: 0px;margin-left: 0px;border-width: 0px;border-style: none;padding: 0px\">Foi Professor de M\u00fasica das Faculdades EST, S\u00e3o Leopoldo. Onde atuou nos Cursos de Bacharelado em Musicoterapia e Bacharelado em Teologia. Na mesma institui\u00e7\u00e3o, foi professor do curso T\u00e9cnico em M\u00fasica. Foi Coordenador do curso T\u00e9cnico em M\u00fasica entre 2007 e 2008.<\/p>\n","protected":false},"excerpt":{"rendered":"<p>Carlos Walter Alves Soares Natural de Porto Alegre, RS. Doutorando em Composi\u00e7\u00e3o musical na UFRGS; Bacharel (1999) e Mestre em Composi\u00e7\u00e3o Musical (2004) formado pela Universidade Federal do Rio Grande do Sul, sob a orienta\u00e7\u00e3o do Prof. Dr. Ant\u00f4nio Carlos Borges Cunha. \u00c9 Professor Assistente na Universidade Federal de Pelotas desde 2009. Trabalha nas disciplinas &hellip; <\/p>\n<p><a class=\"more-link btn\" href=\"https:\/\/wp.ufpel.edu.br\/numc\/integrantes\/\">Continue lendo<\/a><\/p>\n","protected":false},"author":306,"featured_media":0,"parent":0,"menu_order":0,"comment_status":"closed","ping_status":"closed","template":"","meta":{"jetpack_post_was_ever_published":false,"footnotes":""},"class_list":["post-65","page","type-page","status-publish","hentry","nodate","item-wrap"],"jetpack_sharing_enabled":true,"jetpack_shortlink":"https:\/\/wp.me\/P3S5sD-13","_links":{"self":[{"href":"https:\/\/wp.ufpel.edu.br\/numc\/wp-json\/wp\/v2\/pages\/65","targetHints":{"allow":["GET"]}}],"collection":[{"href":"https:\/\/wp.ufpel.edu.br\/numc\/wp-json\/wp\/v2\/pages"}],"about":[{"href":"https:\/\/wp.ufpel.edu.br\/numc\/wp-json\/wp\/v2\/types\/page"}],"author":[{"embeddable":true,"href":"https:\/\/wp.ufpel.edu.br\/numc\/wp-json\/wp\/v2\/users\/306"}],"replies":[{"embeddable":true,"href":"https:\/\/wp.ufpel.edu.br\/numc\/wp-json\/wp\/v2\/comments?post=65"}],"version-history":[{"count":7,"href":"https:\/\/wp.ufpel.edu.br\/numc\/wp-json\/wp\/v2\/pages\/65\/revisions"}],"predecessor-version":[{"id":101,"href":"https:\/\/wp.ufpel.edu.br\/numc\/wp-json\/wp\/v2\/pages\/65\/revisions\/101"}],"wp:attachment":[{"href":"https:\/\/wp.ufpel.edu.br\/numc\/wp-json\/wp\/v2\/media?parent=65"}],"curies":[{"name":"wp","href":"https:\/\/api.w.org\/{rel}","templated":true}]}}