{"id":922,"date":"2021-07-09T14:43:16","date_gmt":"2021-07-09T17:43:16","guid":{"rendered":"https:\/\/wp.ufpel.edu.br\/numat\/?page_id=922"},"modified":"2026-04-24T11:14:27","modified_gmt":"2026-04-24T14:14:27","slug":"contatos","status":"publish","type":"page","link":"https:\/\/wp.ufpel.edu.br\/numat\/contatos\/","title":{"rendered":"Contatos"},"content":{"rendered":"<p><strong>N\u00facleo de Material (NUMAT) | Sala: 310A<\/strong><br \/>\nAndreia Xavier Farias (Chefe do N\u00facleo)<br \/>\nAna Paula Santos Gruppelli<br \/>\nCassia Knopp Timm<br \/>\nRosmari Schiller da Silva<br \/>\ne-mail: material@ufpel.edu.br | importacaoufpel@gmail.com<br \/>\nTelefone: +55 (53) 3284-3927\u00a0<em>(WhatsApp)<\/em><\/p>\n<ul>\n<li>Se\u00e7\u00e3o de Empenhos (SEMP)<br \/>\nJacqueline Roschildt Alves (Chefe da Se\u00e7\u00e3o)<br \/>\nLeonardo Fontelles da Silva Tavares<br \/>\nVinicius Cardoso Meirelles<br \/>\ne-mail: empenhos@ufpel.edu.BR<br \/>\nTelefone: +55 (53) 3284-3928\u00a0<em>(WhatsApp)<\/em><\/li>\n<li>Se\u00e7\u00e3o de Acompanhamento de Obriga\u00e7\u00f5es (SAO)<strong><br \/>\n<\/strong>S\u00e9rgio Lu\u00eds de Souza Oliveira (Chefe da Se\u00e7\u00e3o)<em><br \/>\ne-mail: notifica@ufpel.edu.br<br \/>\n<\/em>Telefone: +55 (53) 3284-3925 (WhatsApp)<\/li>\n<li>Unidade de Almoxarifado Central (UALMOX)<br \/>\nLaura Maria Pereira Matias (Chefe da Unidade)<br \/>\nDanuse Ribeiro Coelho<br \/>\nEduardo Bueno Beauvalet<br \/>\nIzalda Holz Xavier<br \/>\nWillian Moraes Pereira<br \/>\nAvenida Eliseu Maciel, s\/n, Campus Universit\u00e1rio, Pr\u00e9dio 50<br \/>\nCap\u00e3o do Le\u00e3o\/RS, CEP 96160-000<br \/>\ne-mail: almoxarifado@ufpel.edu.br \/ almox.ufpel@gmail.com<br \/>\nTelefone: +55 (53)\u00a03275-7173 | 3275-7550<br \/>\n<em>Hor\u00e1rio de atendimento do Almoxarifado \u00e0s Unidades da UFPel:<\/em><br \/>\n<em>Segunda a sexta \u2013 08h \u00e0s 12h e 13h \u00e0s 17h<br \/>\n<\/em><em>Hor\u00e1rio de Recebimento de Transportadoras:<br \/>\nSegunda a sexta \u2013 08h \u00e0s 11h e 13h \u00e0s 16h<\/em><\/li>\n<\/ul>\n","protected":false},"excerpt":{"rendered":"<p>N\u00facleo de Material (NUMAT) | Sala: 310A Andreia Xavier Farias (Chefe do N\u00facleo) Ana Paula Santos Gruppelli Cassia Knopp Timm Rosmari Schiller da Silva e-mail: material@ufpel.edu.br | importacaoufpel@gmail.com Telefone: +55 (53) 3284-3927\u00a0(WhatsApp) Se\u00e7\u00e3o de Empenhos (SEMP) Jacqueline Roschildt Alves (Chefe da Se\u00e7\u00e3o) Leonardo Fontelles da Silva Tavares Vinicius Cardoso Meirelles e-mail: empenhos@ufpel.edu.BR Telefone: +55 (53) [&hellip;]<\/p>\n","protected":false},"author":843,"featured_media":0,"parent":0,"menu_order":0,"comment_status":"closed","ping_status":"closed","template":"","meta":{"footnotes":""},"class_list":["post-922","page","type-page","status-publish","hentry"],"_links":{"self":[{"href":"https:\/\/wp.ufpel.edu.br\/numat\/wp-json\/wp\/v2\/pages\/922","targetHints":{"allow":["GET"]}}],"collection":[{"href":"https:\/\/wp.ufpel.edu.br\/numat\/wp-json\/wp\/v2\/pages"}],"about":[{"href":"https:\/\/wp.ufpel.edu.br\/numat\/wp-json\/wp\/v2\/types\/page"}],"author":[{"embeddable":true,"href":"https:\/\/wp.ufpel.edu.br\/numat\/wp-json\/wp\/v2\/users\/843"}],"replies":[{"embeddable":true,"href":"https:\/\/wp.ufpel.edu.br\/numat\/wp-json\/wp\/v2\/comments?post=922"}],"version-history":[{"count":3,"href":"https:\/\/wp.ufpel.edu.br\/numat\/wp-json\/wp\/v2\/pages\/922\/revisions"}],"predecessor-version":[{"id":1662,"href":"https:\/\/wp.ufpel.edu.br\/numat\/wp-json\/wp\/v2\/pages\/922\/revisions\/1662"}],"wp:attachment":[{"href":"https:\/\/wp.ufpel.edu.br\/numat\/wp-json\/wp\/v2\/media?parent=922"}],"curies":[{"name":"wp","href":"https:\/\/api.w.org\/{rel}","templated":true}]}}